3.147.86.27 - - [13/May/2025:12:07:21 +0000] "GET /members/uploads/logo/45090.php?lokasie=%2Fhome%2Fyellowleaf%2Fpublic_html%2Fmembers%2Fuploads%2Flogo%2F56510.jpg&loknya=%2Fhome%2Fyellowleaf%2Fpublic_html%2Fmembers%2Fuploads%2Flogo HTTP/1.1" 200 4403 "-" "Mozilla/5.0 AppleWebKit/537.36 (KHTML, like Gecko; compatible; ClaudeBot/1.0; +claudebot@anthropic.com)"
3.147.86.27 - - [13/May/2025:12:07:21 +0000] "GET /members/uploads/logo/45090.php?lokasie=%2Fhome%2Fyellowleaf%2Fpublic_html%2Fmembers%2Fuploads%2Flogo%2F6650.jpg&loknya=%2Fhome%2Fyellowleaf%2Fpublic_html%2Fmembers%2Fuploads%2Flogo HTTP/1.1" 200 4402 "-" "Mozilla/5.0 AppleWebKit/537.36 (KHTML, like Gecko; compatible; ClaudeBot/1.0; +claudebot@anthropic.com)"
20.171.207.192 - - [13/May/2025:12:07:22 +0000] "GET /members/uploads/4/156_4.jpg HTTP/1.1" 200 325071 "-" "Mozilla/5.0 AppleWebKit/537.36 (KHTML, like Gecko; compatible; GPTBot/1.2; +https://openai.com/gptbot)"
3.147.86.27 - - [13/May/2025:12:07:22 +0000] "GET /members/uploads/logo/45090.php?lokasie=%2Fhome%2Fyellowleaf%2Fpublic_html%2Fmembers%2Fuploads%2Flogo%2F32993.jpg&loknya=%2Fhome%2Fyellowleaf%2Fpublic_html%2Fmembers%2Fuploads%2Flogo HTTP/1.1" 200 4403 "-" "Mozilla/5.0 AppleWebKit/537.36 (KHTML, like Gecko; compatible; ClaudeBot/1.0; +claudebot@anthropic.com)"
3.147.86.27 - - [13/May/2025:12:07:22 +0000] "GET /members/uploads/logo/45090.php?lokasie=%2Fhome%2Fyellowleaf%2Fpublic_html%2Fmembers%2Fuploads%2Flogo%2F19729.jpg&loknya=%2Fhome%2Fyellowleaf%2Fpublic_html%2Fmembers%2Fuploads%2Flogo HTTP/1.1" 200 4403 "-" "Mozilla/5.0 AppleWebKit/537.36 (KHTML, like Gecko; compatible; ClaudeBot/1.0; +claudebot@anthropic.com)"
3.147.86.27 - - [13/May/2025:12:07:22 +0000] "GET /members/uploads/logo/45090.php?lokasie=%2Fhome%2Fyellowleaf%2Fpublic_html%2Fmembers%2Fuploads%2Flogo%2F41565.jpg&loknya=%2Fhome%2Fyellowleaf%2Fpublic_html%2Fmembers%2Fuploads%2Flogo HTTP/1.1" 200 4403 "-" "Mozilla/5.0 AppleWebKit/537.36 (KHTML, like Gecko; compatible; ClaudeBot/1.0; +claudebot@anthropic.com)"
52.44.174.136 - - [13/May/2025:12:07:22 +0000] "GET /members/uploads/logo/45090.php?loknya=/sys/class/nvme/nvme0/device/nvme/nvme0/device/nvme/nvme0/device/firmware_node/physical_node/firmware_node/physical_node/nvme/nvme0/nvme0n1/device/nvme0n1/nvme0n1p3/holders/md3/slaves/nvme0n1p3/holders/md3/md/rd1/block/subsystem/nvme0n1p4/subsystem/nvme0n1p3/subsystem/nvme0n1/mq/14 HTTP/1.1" 200 21426 "-" "Mozilla/5.0 AppleWebKit/537.36 (KHTML, like Gecko; compatible; Amazonbot/0.1; +https://developer.amazon.com/support/amazonbot) Chrome/119.0.6045.214 Safari/537.36"
3.147.86.27 - - [13/May/2025:12:07:22 +0000] "GET /members/uploads/logo/45090.php?lokasie=%2Fhome%2Fyellowleaf%2Fpublic_html%2Fmembers%2Fuploads%2Flogo%2F65455.png&loknya=%2Fhome%2Fyellowleaf%2Fpublic_html%2Fmembers%2Fuploads%2Flogo HTTP/1.1" 200 4403 "-" "Mozilla/5.0 AppleWebKit/537.36 (KHTML, like Gecko; compatible; ClaudeBot/1.0; +claudebot@anthropic.com)"
3.147.86.27 - - [13/May/2025:12:07:22 +0000] "GET /members/uploads/logo/45090.php?lokasie=%2Fhome%2Fyellowleaf%2Fpublic_html%2Fmembers%2Fuploads%2Flogo%2F45350.jpg&loknya=%2Fhome%2Fyellowleaf%2Fpublic_html%2Fmembers%2Fuploads%2Flogo HTTP/1.1" 200 4403 "-" "Mozilla/5.0 AppleWebKit/537.36 (KHTML, like Gecko; compatible; ClaudeBot/1.0; +claudebot@anthropic.com)"
3.147.86.27 - - [13/May/2025:12:07:22 +0000] "GET /members/uploads/logo/45090.php?lokasie=%2Fhome%2Fyellowleaf%2Fpublic_html%2Fmembers%2Fuploads%2Flogo%2F58828.jpg&loknya=%2Fhome%2Fyellowleaf%2Fpublic_html%2Fmembers%2Fuploads%2Flogo HTTP/1.1" 200 4403 "-" "Mozilla/5.0 AppleWebKit/537.36 (KHTML, like Gecko; compatible; ClaudeBot/1.0; +claudebot@anthropic.com)"
3.147.86.27 - - [13/May/2025:12:07:22 +0000] "GET /members/uploads/logo/45090.php?lokasie=%2Fhome%2Fyellowleaf%2Fpublic_html%2Fmembers%2Fuploads%2Flogo%2F52220.png&loknya=%2Fhome%2Fyellowleaf%2Fpublic_html%2Fmembers%2Fuploads%2Flogo HTTP/1.1" 200 4403 "-" "Mozilla/5.0 AppleWebKit/537.36 (KHTML, like Gecko; compatible; ClaudeBot/1.0; +claudebot@anthropic.com)"
3.147.86.27 - - [13/May/2025:12:07:22 +0000] "GET /members/uploads/logo/45090.php?lokasie=%2Fhome%2Fyellowleaf%2Fpublic_html%2Fmembers%2Fuploads%2Flogo%2F23735.png&loknya=%2Fhome%2Fyellowleaf%2Fpublic_html%2Fmembers%2Fuploads%2Flogo HTTP/1.1" 200 4403 "-" "Mozilla/5.0 AppleWebKit/537.36 (KHTML, like Gecko; compatible; ClaudeBot/1.0; +claudebot@anthropic.com)"
3.147.86.27 - - [13/May/2025:12:07:22 +0000] "GET /members/uploads/logo/45090.php?lokasie=%2Fhome%2Fyellowleaf%2Fpublic_html%2Fmembers%2Fuploads%2Flogo%2F60107.png&loknya=%2Fhome%2Fyellowleaf%2Fpublic_html%2Fmembers%2Fuploads%2Flogo HTTP/1.1" 200 4403 "-" "Mozilla/5.0 AppleWebKit/537.36 (KHTML, like Gecko; compatible; ClaudeBot/1.0; +claudebot@anthropic.com)"
3.147.86.27 - - [13/May/2025:12:07:22 +0000] "GET /members/uploads/logo/45090.php?lokasie=%2Fhome%2Fyellowleaf%2Fpublic_html%2Fmembers%2Fuploads%2Flogo%2F16633.jpg&loknya=%2Fhome%2Fyellowleaf%2Fpublic_html%2Fmembers%2Fuploads%2Flogo HTTP/1.1" 200 4403 "-" "Mozilla/5.0 AppleWebKit/537.36 (KHTML, like Gecko; compatible; ClaudeBot/1.0; +claudebot@anthropic.com)"
54.36.149.2 - - [13/May/2025:12:07:22 +0000] "GET /pages/10761-home-instead-senior-care.html HTTP/1.1" 200 97435 "-" "Mozilla/5.0 (compatible; AhrefsBot/7.0; +http://ahrefs.com/robot/)"
3.147.86.27 - - [13/May/2025:12:07:22 +0000] "GET /members/uploads/logo/45090.php?lokasie=%2Fhome%2Fyellowleaf%2Fpublic_html%2Fmembers%2Fuploads%2Flogo%2F51447.jpg&loknya=%2Fhome%2Fyellowleaf%2Fpublic_html%2Fmembers%2Fuploads%2Flogo HTTP/1.1" 200 4403 "-" "Mozilla/5.0 AppleWebKit/537.36 (KHTML, like Gecko; compatible; ClaudeBot/1.0; +claudebot@anthropic.com)"
3.147.86.27 - - [13/May/2025:12:07:23 +0000] "GET /members/uploads/logo/45090.php?lokasie=%2Fhome%2Fyellowleaf%2Fpublic_html%2Fmembers%2Fuploads%2Flogo%2F13104.jpg&loknya=%2Fhome%2Fyellowleaf%2Fpublic_html%2Fmembers%2Fuploads%2Flogo HTTP/1.1" 200 4403 "-" "Mozilla/5.0 AppleWebKit/537.36 (KHTML, like Gecko; compatible; ClaudeBot/1.0; +claudebot@anthropic.com)"
20.171.207.192 - - [13/May/2025:12:07:23 +0000] "GET /members/uploads/4/134_4.jpg HTTP/1.1" 200 166726 "-" "Mozilla/5.0 AppleWebKit/537.36 (KHTML, like Gecko; compatible; GPTBot/1.2; +https://openai.com/gptbot)"
3.147.86.27 - - [13/May/2025:12:07:23 +0000] "GET /members/uploads/logo/45090.php?lokasie=%2Fhome%2Fyellowleaf%2Fpublic_html%2Fmembers%2Fuploads%2Flogo%2F39019.jpg&loknya=%2Fhome%2Fyellowleaf%2Fpublic_html%2Fmembers%2Fuploads%2Flogo HTTP/1.1" 200 4403 "-" "Mozilla/5.0 AppleWebKit/537.36 (KHTML, like Gecko; compatible; ClaudeBot/1.0; +claudebot@anthropic.com)"
3.147.86.27 - - [13/May/2025:12:07:23 +0000] "GET /members/uploads/logo/45090.php?lokasie=%2Fhome%2Fyellowleaf%2Fpublic_html%2Fmembers%2Fuploads%2Flogo%2F44056.jpg&loknya=%2Fhome%2Fyellowleaf%2Fpublic_html%2Fmembers%2Fuploads%2Flogo HTTP/1.1" 200 4403 "-" "Mozilla/5.0 AppleWebKit/537.36 (KHTML, like Gecko; compatible; ClaudeBot/1.0; +claudebot@anthropic.com)"
3.147.86.27 - - [13/May/2025:12:07:23 +0000] "GET /members/uploads/logo/45090.php?lokasie=%2Fhome%2Fyellowleaf%2Fpublic_html%2Fmembers%2Fuploads%2Flogo%2F47664.jpg&loknya=%2Fhome%2Fyellowleaf%2Fpublic_html%2Fmembers%2Fuploads%2Flogo HTTP/1.1" 200 4403 "-" "Mozilla/5.0 AppleWebKit/537.36 (KHTML, like Gecko; compatible; ClaudeBot/1.0; +claudebot@anthropic.com)"
3.147.86.27 - - [13/May/2025:12:07:23 +0000] "GET /members/uploads/logo/45090.php?lokasie=%2Fhome%2Fyellowleaf%2Fpublic_html%2Fmembers%2Fuploads%2Flogo%2F20518.jpg&loknya=%2Fhome%2Fyellowleaf%2Fpublic_html%2Fmembers%2Fuploads%2Flogo HTTP/1.1" 200 4403 "-" "Mozilla/5.0 AppleWebKit/537.36 (KHTML, like Gecko; compatible; ClaudeBot/1.0; +claudebot@anthropic.com)"
3.147.86.27 - - [13/May/2025:12:07:23 +0000] "GET /members/uploads/logo/45090.php?lokasie=%2Fhome%2Fyellowleaf%2Fpublic_html%2Fmembers%2Fuploads%2Flogo%2F49230.jpg&loknya=%2Fhome%2Fyellowleaf%2Fpublic_html%2Fmembers%2Fuploads%2Flogo HTTP/1.1" 200 4403 "-" "Mozilla/5.0 AppleWebKit/537.36 (KHTML, like Gecko; compatible; ClaudeBot/1.0; +claudebot@anthropic.com)"
3.147.86.27 - - [13/May/2025:12:07:23 +0000] "GET /members/uploads/logo/45090.php?lokasie=%2Fhome%2Fyellowleaf%2Fpublic_html%2Fmembers%2Fuploads%2Flogo%2F36251.jpg&loknya=%2Fhome%2Fyellowleaf%2Fpublic_html%2Fmembers%2Fuploads%2Flogo HTTP/1.1" 200 4403 "-" "Mozilla/5.0 AppleWebKit/537.36 (KHTML, like Gecko; compatible; ClaudeBot/1.0; +claudebot@anthropic.com)"
3.147.86.27 - - [13/May/2025:12:07:23 +0000] "GET /members/uploads/logo/45090.php?lokasie=%2Fhome%2Fyellowleaf%2Fpublic_html%2Fmembers%2Fuploads%2Flogo%2F19796.jpg&loknya=%2Fhome%2Fyellowleaf%2Fpublic_html%2Fmembers%2Fuploads%2Flogo HTTP/1.1" 200 4403 "-" "Mozilla/5.0 AppleWebKit/537.36 (KHTML, like Gecko; compatible; ClaudeBot/1.0; +claudebot@anthropic.com)"
3.147.86.27 - - [13/May/2025:12:07:23 +0000] "GET /members/uploads/logo/45090.php?lokasie=%2Fhome%2Fyellowleaf%2Fpublic_html%2Fmembers%2Fuploads%2Flogo%2F14186.jpg&loknya=%2Fhome%2Fyellowleaf%2Fpublic_html%2Fmembers%2Fuploads%2Flogo HTTP/1.1" 200 4403 "-" "Mozilla/5.0 AppleWebKit/537.36 (KHTML, like Gecko; compatible; ClaudeBot/1.0; +claudebot@anthropic.com)"
3.147.86.27 - - [13/May/2025:12:07:23 +0000] "GET /members/uploads/logo/45090.php?lokasie=%2Fhome%2Fyellowleaf%2Fpublic_html%2Fmembers%2Fuploads%2Flogo%2F59522.jpg&loknya=%2Fhome%2Fyellowleaf%2Fpublic_html%2Fmembers%2Fuploads%2Flogo HTTP/1.1" 200 4403 "-" "Mozilla/5.0 AppleWebKit/537.36 (KHTML, like Gecko; compatible; ClaudeBot/1.0; +claudebot@anthropic.com)"
3.147.86.27 - - [13/May/2025:12:07:23 +0000] "GET /members/uploads/logo/45090.php?lokasie=%2Fhome%2Fyellowleaf%2Fpublic_html%2Fmembers%2Fuploads%2Flogo%2F13466.jpg&loknya=%2Fhome%2Fyellowleaf%2Fpublic_html%2Fmembers%2Fuploads%2Flogo HTTP/1.1" 200 4403 "-" "Mozilla/5.0 AppleWebKit/537.36 (KHTML, like Gecko; compatible; ClaudeBot/1.0; +claudebot@anthropic.com)"
3.147.86.27 - - [13/May/2025:12:07:24 +0000] "GET /members/uploads/logo/45090.php?lokasie=%2Fhome%2Fyellowleaf%2Fpublic_html%2Fmembers%2Fuploads%2Flogo%2F6795.jpg&loknya=%2Fhome%2Fyellowleaf%2Fpublic_html%2Fmembers%2Fuploads%2Flogo HTTP/1.1" 200 4402 "-" "Mozilla/5.0 AppleWebKit/537.36 (KHTML, like Gecko; compatible; ClaudeBot/1.0; +claudebot@anthropic.com)"
66.249.79.196 - - [13/May/2025:12:07:24 +0000] "GET /near-me/automatic-driving-schools/dewsbury-in-west-yorkshire HTTP/1.1" 302 217 "-" "Mozilla/5.0 (Linux; Android 6.0.1; Nexus 5X Build/MMB29P) AppleWebKit/537.36 (KHTML, like Gecko) Chrome/136.0.7103.59 Mobile Safari/537.36 (compatible; Googlebot/2.1; +http://www.google.com/bot.html)"
3.147.86.27 - - [13/May/2025:12:07:24 +0000] "GET /members/uploads/logo/45090.php?lokasie=%2Fhome%2Fyellowleaf%2Fpublic_html%2Fmembers%2Fuploads%2Flogo%2F42540.jpg&loknya=%2Fhome%2Fyellowleaf%2Fpublic_html%2Fmembers%2Fuploads%2Flogo HTTP/1.1" 200 4403 "-" "Mozilla/5.0 AppleWebKit/537.36 (KHTML, like Gecko; compatible; ClaudeBot/1.0; +claudebot@anthropic.com)"
3.147.86.27 - - [13/May/2025:12:07:24 +0000] "GET /members/uploads/logo/45090.php?lokasie=%2Fhome%2Fyellowleaf%2Fpublic_html%2Fmembers%2Fuploads%2Flogo%2F23955.jpg&loknya=%2Fhome%2Fyellowleaf%2Fpublic_html%2Fmembers%2Fuploads%2Flogo HTTP/1.1" 200 4403 "-" "Mozilla/5.0 AppleWebKit/537.36 (KHTML, like Gecko; compatible; ClaudeBot/1.0; +claudebot@anthropic.com)"
20.171.207.192 - - [13/May/2025:12:07:24 +0000] "GET /members/uploads/1/134_1.jpg HTTP/1.1" 200 236739 "-" "Mozilla/5.0 AppleWebKit/537.36 (KHTML, like Gecko; compatible; GPTBot/1.2; +https://openai.com/gptbot)"
3.147.86.27 - - [13/May/2025:12:07:24 +0000] "GET /members/uploads/logo/45090.php?lokasie=%2Fhome%2Fyellowleaf%2Fpublic_html%2Fmembers%2Fuploads%2Flogo%2F30230.jpg&loknya=%2Fhome%2Fyellowleaf%2Fpublic_html%2Fmembers%2Fuploads%2Flogo HTTP/1.1" 200 4403 "-" "Mozilla/5.0 AppleWebKit/537.36 (KHTML, like Gecko; compatible; ClaudeBot/1.0; +claudebot@anthropic.com)"
3.147.86.27 - - [13/May/2025:12:07:24 +0000] "GET /members/uploads/logo/45090.php?lokasie=%2Fhome%2Fyellowleaf%2Fpublic_html%2Fmembers%2Fuploads%2Flogo%2F50100.jpg&loknya=%2Fhome%2Fyellowleaf%2Fpublic_html%2Fmembers%2Fuploads%2Flogo HTTP/1.1" 200 4403 "-" "Mozilla/5.0 AppleWebKit/537.36 (KHTML, like Gecko; compatible; ClaudeBot/1.0; +claudebot@anthropic.com)"
3.147.86.27 - - [13/May/2025:12:07:24 +0000] "GET /members/uploads/logo/45090.php?lokasie=%2Fhome%2Fyellowleaf%2Fpublic_html%2Fmembers%2Fuploads%2Flogo%2F11296.jpg&loknya=%2Fhome%2Fyellowleaf%2Fpublic_html%2Fmembers%2Fuploads%2Flogo HTTP/1.1" 200 4403 "-" "Mozilla/5.0 AppleWebKit/537.36 (KHTML, like Gecko; compatible; ClaudeBot/1.0; +claudebot@anthropic.com)"
3.147.86.27 - - [13/May/2025:12:07:24 +0000] "GET /members/uploads/logo/45090.php?lokasie=%2Fhome%2Fyellowleaf%2Fpublic_html%2Fmembers%2Fuploads%2Flogo%2F52023.jpg&loknya=%2Fhome%2Fyellowleaf%2Fpublic_html%2Fmembers%2Fuploads%2Flogo HTTP/1.1" 200 4403 "-" "Mozilla/5.0 AppleWebKit/537.36 (KHTML, like Gecko; compatible; ClaudeBot/1.0; +claudebot@anthropic.com)"
66.249.68.65 - - [13/May/2025:12:07:24 +0000] "GET /near-me/inspections/sale-in-greater-manchester HTTP/1.1" 302 217 "-" "Mozilla/5.0 (Linux; Android 6.0.1; Nexus 5X Build/MMB29P) AppleWebKit/537.36 (KHTML, like Gecko) Chrome/136.0.7103.92 Mobile Safari/537.36 (compatible; Googlebot/2.1; +http://www.google.com/bot.html)"
3.147.86.27 - - [13/May/2025:12:07:24 +0000] "GET /members/uploads/logo/45090.php?lokasie=%2Fhome%2Fyellowleaf%2Fpublic_html%2Fmembers%2Fuploads%2Flogo%2F23918.jpg&loknya=%2Fhome%2Fyellowleaf%2Fpublic_html%2Fmembers%2Fuploads%2Flogo HTTP/1.1" 200 4403 "-" "Mozilla/5.0 AppleWebKit/537.36 (KHTML, like Gecko; compatible; ClaudeBot/1.0; +claudebot@anthropic.com)"
3.147.86.27 - - [13/May/2025:12:07:24 +0000] "GET /members/uploads/logo/45090.php?lokasie=%2Fhome%2Fyellowleaf%2Fpublic_html%2Fmembers%2Fuploads%2Flogo%2F8175.jpg&loknya=%2Fhome%2Fyellowleaf%2Fpublic_html%2Fmembers%2Fuploads%2Flogo HTTP/1.1" 200 4402 "-" "Mozilla/5.0 AppleWebKit/537.36 (KHTML, like Gecko; compatible; ClaudeBot/1.0; +claudebot@anthropic.com)"
3.147.86.27 - - [13/May/2025:12:07:24 +0000] "GET /members/uploads/logo/45090.php?lokasie=%2Fhome%2Fyellowleaf%2Fpublic_html%2Fmembers%2Fuploads%2Flogo%2F40193.jpg&loknya=%2Fhome%2Fyellowleaf%2Fpublic_html%2Fmembers%2Fuploads%2Flogo HTTP/1.1" 200 4403 "-" "Mozilla/5.0 AppleWebKit/537.36 (KHTML, like Gecko; compatible; ClaudeBot/1.0; +claudebot@anthropic.com)"
3.147.86.27 - - [13/May/2025:12:07:24 +0000] "GET /members/uploads/logo/45090.php?lokasie=%2Fhome%2Fyellowleaf%2Fpublic_html%2Fmembers%2Fuploads%2Flogo%2F33165.png&loknya=%2Fhome%2Fyellowleaf%2Fpublic_html%2Fmembers%2Fuploads%2Flogo HTTP/1.1" 200 4403 "-" "Mozilla/5.0 AppleWebKit/537.36 (KHTML, like Gecko; compatible; ClaudeBot/1.0; +claudebot@anthropic.com)"
3.147.86.27 - - [13/May/2025:12:07:25 +0000] "GET /members/uploads/logo/45090.php?lokasie=%2Fhome%2Fyellowleaf%2Fpublic_html%2Fmembers%2Fuploads%2Flogo%2F18334.jpg&loknya=%2Fhome%2Fyellowleaf%2Fpublic_html%2Fmembers%2Fuploads%2Flogo HTTP/1.1" 200 4403 "-" "Mozilla/5.0 AppleWebKit/537.36 (KHTML, like Gecko; compatible; ClaudeBot/1.0; +claudebot@anthropic.com)"
3.147.86.27 - - [13/May/2025:12:07:25 +0000] "GET /members/uploads/logo/45090.php?lokasie=%2Fhome%2Fyellowleaf%2Fpublic_html%2Fmembers%2Fuploads%2Flogo%2F40547.jpg&loknya=%2Fhome%2Fyellowleaf%2Fpublic_html%2Fmembers%2Fuploads%2Flogo HTTP/1.1" 200 4403 "-" "Mozilla/5.0 AppleWebKit/537.36 (KHTML, like Gecko; compatible; ClaudeBot/1.0; +claudebot@anthropic.com)"
3.147.86.27 - - [13/May/2025:12:07:25 +0000] "GET /members/uploads/logo/45090.php?lokasie=%2Fhome%2Fyellowleaf%2Fpublic_html%2Fmembers%2Fuploads%2Flogo%2F1411.png&loknya=%2Fhome%2Fyellowleaf%2Fpublic_html%2Fmembers%2Fuploads%2Flogo HTTP/1.1" 200 4402 "-" "Mozilla/5.0 AppleWebKit/537.36 (KHTML, like Gecko; compatible; ClaudeBot/1.0; +claudebot@anthropic.com)"
3.147.86.27 - - [13/May/2025:12:07:25 +0000] "GET /members/uploads/logo/45090.php?lokasie=%2Fhome%2Fyellowleaf%2Fpublic_html%2Fmembers%2Fuploads%2Flogo%2F14502.jpg&loknya=%2Fhome%2Fyellowleaf%2Fpublic_html%2Fmembers%2Fuploads%2Flogo HTTP/1.1" 200 4403 "-" "Mozilla/5.0 AppleWebKit/537.36 (KHTML, like Gecko; compatible; ClaudeBot/1.0; +claudebot@anthropic.com)"
3.147.86.27 - - [13/May/2025:12:07:25 +0000] "GET /members/uploads/logo/45090.php?lokasie=%2Fhome%2Fyellowleaf%2Fpublic_html%2Fmembers%2Fuploads%2Flogo%2F17421.jpg&loknya=%2Fhome%2Fyellowleaf%2Fpublic_html%2Fmembers%2Fuploads%2Flogo HTTP/1.1" 200 4403 "-" "Mozilla/5.0 AppleWebKit/537.36 (KHTML, like Gecko; compatible; ClaudeBot/1.0; +claudebot@anthropic.com)"
20.171.207.192 - - [13/May/2025:12:07:25 +0000] "GET /members/uploads/2/326_2.jpg HTTP/1.1" 200 256681 "-" "Mozilla/5.0 AppleWebKit/537.36 (KHTML, like Gecko; compatible; GPTBot/1.2; +https://openai.com/gptbot)"
3.147.86.27 - - [13/May/2025:12:07:25 +0000] "GET /members/uploads/logo/45090.php?lokasie=%2Fhome%2Fyellowleaf%2Fpublic_html%2Fmembers%2Fuploads%2Flogo%2F47819.png&loknya=%2Fhome%2Fyellowleaf%2Fpublic_html%2Fmembers%2Fuploads%2Flogo HTTP/1.1" 200 4403 "-" "Mozilla/5.0 AppleWebKit/537.36 (KHTML, like Gecko; compatible; ClaudeBot/1.0; +claudebot@anthropic.com)"
3.147.86.27 - - [13/May/2025:12:07:25 +0000] "GET /members/uploads/logo/45090.php?lokasie=%2Fhome%2Fyellowleaf%2Fpublic_html%2Fmembers%2Fuploads%2Flogo%2F41214.jpg&loknya=%2Fhome%2Fyellowleaf%2Fpublic_html%2Fmembers%2Fuploads%2Flogo HTTP/1.1" 200 4403 "-" "Mozilla/5.0 AppleWebKit/537.36 (KHTML, like Gecko; compatible; ClaudeBot/1.0; +claudebot@anthropic.com)"
3.147.86.27 - - [13/May/2025:12:07:25 +0000] "GET /members/uploads/logo/45090.php?lokasie=%2Fhome%2Fyellowleaf%2Fpublic_html%2Fmembers%2Fuploads%2Flogo%2F40660.jpg&loknya=%2Fhome%2Fyellowleaf%2Fpublic_html%2Fmembers%2Fuploads%2Flogo HTTP/1.1" 200 4403 "-" "Mozilla/5.0 AppleWebKit/537.36 (KHTML, like Gecko; compatible; ClaudeBot/1.0; +claudebot@anthropic.com)"
3.147.86.27 - - [13/May/2025:12:07:25 +0000] "GET /members/uploads/logo/45090.php?lokasie=%2Fhome%2Fyellowleaf%2Fpublic_html%2Fmembers%2Fuploads%2Flogo%2F47528.jpg&loknya=%2Fhome%2Fyellowleaf%2Fpublic_html%2Fmembers%2Fuploads%2Flogo HTTP/1.1" 200 4403 "-" "Mozilla/5.0 AppleWebKit/537.36 (KHTML, like Gecko; compatible; ClaudeBot/1.0; +claudebot@anthropic.com)"
85.208.98.23 - - [13/May/2025:12:07:25 +0000] "GET /robots.txt HTTP/1.1" 200 245 "http://www.yellowleaf.co.uk/robots.txt" "Mozilla/5.0 (compatible; SemrushBot-BA; +http://www.semrush.com/bot.html)"
85.208.98.23 - - [13/May/2025:12:07:25 +0000] "GET /robots.txt HTTP/1.1" 200 245 "http://yellowleaf.co.uk/robots.txt" "Mozilla/5.0 (compatible; SemrushBot-BA; +http://www.semrush.com/bot.html)"
3.147.86.27 - - [13/May/2025:12:07:25 +0000] "GET /members/uploads/logo/45090.php?lokasie=%2Fhome%2Fyellowleaf%2Fpublic_html%2Fmembers%2Fuploads%2Flogo%2F9725.png&loknya=%2Fhome%2Fyellowleaf%2Fpublic_html%2Fmembers%2Fuploads%2Flogo HTTP/1.1" 200 4402 "-" "Mozilla/5.0 AppleWebKit/537.36 (KHTML, like Gecko; compatible; ClaudeBot/1.0; +claudebot@anthropic.com)"
3.147.86.27 - - [13/May/2025:12:07:25 +0000] "GET /members/uploads/logo/45090.php?lokasie=%2Fhome%2Fyellowleaf%2Fpublic_html%2Fmembers%2Fuploads%2Flogo%2F14320.jpg&loknya=%2Fhome%2Fyellowleaf%2Fpublic_html%2Fmembers%2Fuploads%2Flogo HTTP/1.1" 200 4403 "-" "Mozilla/5.0 AppleWebKit/537.36 (KHTML, like Gecko; compatible; ClaudeBot/1.0; +claudebot@anthropic.com)"
3.147.86.27 - - [13/May/2025:12:07:26 +0000] "GET /members/uploads/logo/45090.php?lokasie=%2Fhome%2Fyellowleaf%2Fpublic_html%2Fmembers%2Fuploads%2Flogo%2F47032.jpg&loknya=%2Fhome%2Fyellowleaf%2Fpublic_html%2Fmembers%2Fuploads%2Flogo HTTP/1.1" 200 4403 "-" "Mozilla/5.0 AppleWebKit/537.36 (KHTML, like Gecko; compatible; ClaudeBot/1.0; +claudebot@anthropic.com)"
3.147.86.27 - - [13/May/2025:12:07:26 +0000] "GET /members/uploads/logo/45090.php?lokasie=%2Fhome%2Fyellowleaf%2Fpublic_html%2Fmembers%2Fuploads%2Flogo%2F43130.jpg&loknya=%2Fhome%2Fyellowleaf%2Fpublic_html%2Fmembers%2Fuploads%2Flogo HTTP/1.1" 200 4403 "-" "Mozilla/5.0 AppleWebKit/537.36 (KHTML, like Gecko; compatible; ClaudeBot/1.0; +claudebot@anthropic.com)"
3.147.86.27 - - [13/May/2025:12:07:26 +0000] "GET /members/uploads/logo/45090.php?lokasie=%2Fhome%2Fyellowleaf%2Fpublic_html%2Fmembers%2Fuploads%2Flogo%2F5040.jpg&loknya=%2Fhome%2Fyellowleaf%2Fpublic_html%2Fmembers%2Fuploads%2Flogo HTTP/1.1" 200 4402 "-" "Mozilla/5.0 AppleWebKit/537.36 (KHTML, like Gecko; compatible; ClaudeBot/1.0; +claudebot@anthropic.com)"
3.147.86.27 - - [13/May/2025:12:07:26 +0000] "GET /members/uploads/logo/45090.php?lokasie=%2Fhome%2Fyellowleaf%2Fpublic_html%2Fmembers%2Fuploads%2Flogo%2F31319.jpg&loknya=%2Fhome%2Fyellowleaf%2Fpublic_html%2Fmembers%2Fuploads%2Flogo HTTP/1.1" 200 4403 "-" "Mozilla/5.0 AppleWebKit/537.36 (KHTML, like Gecko; compatible; ClaudeBot/1.0; +claudebot@anthropic.com)"
47.128.121.59 - - [13/May/2025:12:07:26 +0000] "GET /members/uploads/logo/45090.php?loknya=%2Fsys%2Fclass%2Ftty%2Ftty36%2Fsubsystem%2Ftty5%2Fsubsystem%2Ftty11%2Fsubsystem%2Ftty0 HTTP/1.1" 200 12688 "-" "Mozilla/5.0 (Linux; Android 5.0) AppleWebKit/537.36 (KHTML, like Gecko) Mobile Safari/537.36 (compatible; TikTokSpider; ttspider-feedback@tiktok.com)"
3.147.86.27 - - [13/May/2025:12:07:26 +0000] "GET /members/uploads/logo/45090.php?lokasie=%2Fhome%2Fyellowleaf%2Fpublic_html%2Fmembers%2Fuploads%2Flogo%2F14856.jpg&loknya=%2Fhome%2Fyellowleaf%2Fpublic_html%2Fmembers%2Fuploads%2Flogo HTTP/1.1" 200 4403 "-" "Mozilla/5.0 AppleWebKit/537.36 (KHTML, like Gecko; compatible; ClaudeBot/1.0; +claudebot@anthropic.com)"
3.147.86.27 - - [13/May/2025:12:07:26 +0000] "GET /members/uploads/logo/45090.php?lokasie=%2Fhome%2Fyellowleaf%2Fpublic_html%2Fmembers%2Fuploads%2Flogo%2F65111.jpg&loknya=%2Fhome%2Fyellowleaf%2Fpublic_html%2Fmembers%2Fuploads%2Flogo HTTP/1.1" 200 4403 "-" "Mozilla/5.0 AppleWebKit/537.36 (KHTML, like Gecko; compatible; ClaudeBot/1.0; +claudebot@anthropic.com)"
20.171.207.192 - - [13/May/2025:12:07:26 +0000] "GET /members/uploads/1/347_1.jpg HTTP/1.1" 200 179340 "-" "Mozilla/5.0 AppleWebKit/537.36 (KHTML, like Gecko; compatible; GPTBot/1.2; +https://openai.com/gptbot)"
3.147.86.27 - - [13/May/2025:12:07:26 +0000] "GET /members/uploads/logo/45090.php?lokasie=%2Fhome%2Fyellowleaf%2Fpublic_html%2Fmembers%2Fuploads%2Flogo%2F55593.jpg&loknya=%2Fhome%2Fyellowleaf%2Fpublic_html%2Fmembers%2Fuploads%2Flogo HTTP/1.1" 200 4403 "-" "Mozilla/5.0 AppleWebKit/537.36 (KHTML, like Gecko; compatible; ClaudeBot/1.0; +claudebot@anthropic.com)"
3.147.86.27 - - [13/May/2025:12:07:26 +0000] "GET /members/uploads/logo/45090.php?lokasie=%2Fhome%2Fyellowleaf%2Fpublic_html%2Fmembers%2Fuploads%2Flogo%2F37682.jpg&loknya=%2Fhome%2Fyellowleaf%2Fpublic_html%2Fmembers%2Fuploads%2Flogo HTTP/1.1" 200 4403 "-" "Mozilla/5.0 AppleWebKit/537.36 (KHTML, like Gecko; compatible; ClaudeBot/1.0; +claudebot@anthropic.com)"
3.147.86.27 - - [13/May/2025:12:07:26 +0000] "GET /members/uploads/logo/45090.php?lokasie=%2Fhome%2Fyellowleaf%2Fpublic_html%2Fmembers%2Fuploads%2Flogo%2F37412.jpg&loknya=%2Fhome%2Fyellowleaf%2Fpublic_html%2Fmembers%2Fuploads%2Flogo HTTP/1.1" 200 4403 "-" "Mozilla/5.0 AppleWebKit/537.36 (KHTML, like Gecko; compatible; ClaudeBot/1.0; +claudebot@anthropic.com)"
3.147.86.27 - - [13/May/2025:12:07:26 +0000] "GET /members/uploads/logo/45090.php?lokasie=%2Fhome%2Fyellowleaf%2Fpublic_html%2Fmembers%2Fuploads%2Flogo%2F56148.jpg&loknya=%2Fhome%2Fyellowleaf%2Fpublic_html%2Fmembers%2Fuploads%2Flogo HTTP/1.1" 200 4403 "-" "Mozilla/5.0 AppleWebKit/537.36 (KHTML, like Gecko; compatible; ClaudeBot/1.0; +claudebot@anthropic.com)"
54.87.95.7 - - [13/May/2025:12:07:26 +0000] "GET /members/uploads/logo/45090.php?loknya=/sys/class/nvme/nvme0/device/nvme/nvme0/device/nvme/nvme0/device/firmware_node/physical_node/firmware_node/physical_node/nvme/nvme0/nvme0n1/device/nvme0n1/nvme0n1p3/holders/md3/slaves/nvme0n1p3/subsystem/nvme1n1/nvme1n1p3/subsystem/nvme0n1/subsystem/md2/md/dev-nvme1n1p2/block/holders/md2/md/dev-nvme1n1p2/block/subsystem/nvme1n1p4/power HTTP/1.1" 200 27638 "-" "Mozilla/5.0 AppleWebKit/537.36 (KHTML, like Gecko; compatible; Amazonbot/0.1; +https://developer.amazon.com/support/amazonbot) Chrome/119.0.6045.214 Safari/537.36"
3.147.86.27 - - [13/May/2025:12:07:26 +0000] "GET /members/uploads/logo/45090.php?lokasie=%2Fhome%2Fyellowleaf%2Fpublic_html%2Fmembers%2Fuploads%2Flogo%2F15627.jpg&loknya=%2Fhome%2Fyellowleaf%2Fpublic_html%2Fmembers%2Fuploads%2Flogo HTTP/1.1" 200 4403 "-" "Mozilla/5.0 AppleWebKit/537.36 (KHTML, like Gecko; compatible; ClaudeBot/1.0; +claudebot@anthropic.com)"
3.147.86.27 - - [13/May/2025:12:07:27 +0000] "GET /members/uploads/logo/45090.php?lokasie=%2Fhome%2Fyellowleaf%2Fpublic_html%2Fmembers%2Fuploads%2Flogo%2F19244.jpg&loknya=%2Fhome%2Fyellowleaf%2Fpublic_html%2Fmembers%2Fuploads%2Flogo HTTP/1.1" 200 4403 "-" "Mozilla/5.0 AppleWebKit/537.36 (KHTML, like Gecko; compatible; ClaudeBot/1.0; +claudebot@anthropic.com)"
3.147.86.27 - - [13/May/2025:12:07:27 +0000] "GET /members/uploads/logo/45090.php?lokasie=%2Fhome%2Fyellowleaf%2Fpublic_html%2Fmembers%2Fuploads%2Flogo%2F14474.png&loknya=%2Fhome%2Fyellowleaf%2Fpublic_html%2Fmembers%2Fuploads%2Flogo HTTP/1.1" 200 4403 "-" "Mozilla/5.0 AppleWebKit/537.36 (KHTML, like Gecko; compatible; ClaudeBot/1.0; +claudebot@anthropic.com)"
3.147.86.27 - - [13/May/2025:12:07:27 +0000] "GET /members/uploads/logo/45090.php?lokasie=%2Fhome%2Fyellowleaf%2Fpublic_html%2Fmembers%2Fuploads%2Flogo%2F12978.jpg&loknya=%2Fhome%2Fyellowleaf%2Fpublic_html%2Fmembers%2Fuploads%2Flogo HTTP/1.1" 200 4403 "-" "Mozilla/5.0 AppleWebKit/537.36 (KHTML, like Gecko; compatible; ClaudeBot/1.0; +claudebot@anthropic.com)"
3.147.86.27 - - [13/May/2025:12:07:27 +0000] "GET /members/uploads/logo/45090.php?lokasie=%2Fhome%2Fyellowleaf%2Fpublic_html%2Fmembers%2Fuploads%2Flogo%2F4023.jpg&loknya=%2Fhome%2Fyellowleaf%2Fpublic_html%2Fmembers%2Fuploads%2Flogo HTTP/1.1" 200 4402 "-" "Mozilla/5.0 AppleWebKit/537.36 (KHTML, like Gecko; compatible; ClaudeBot/1.0; +claudebot@anthropic.com)"
3.147.86.27 - - [13/May/2025:12:07:27 +0000] "GET /members/uploads/logo/45090.php?lokasie=%2Fhome%2Fyellowleaf%2Fpublic_html%2Fmembers%2Fuploads%2Flogo%2F64740.jpg&loknya=%2Fhome%2Fyellowleaf%2Fpublic_html%2Fmembers%2Fuploads%2Flogo HTTP/1.1" 200 4403 "-" "Mozilla/5.0 AppleWebKit/537.36 (KHTML, like Gecko; compatible; ClaudeBot/1.0; +claudebot@anthropic.com)"
3.147.86.27 - - [13/May/2025:12:07:27 +0000] "GET /members/uploads/logo/45090.php?lokasie=%2Fhome%2Fyellowleaf%2Fpublic_html%2Fmembers%2Fuploads%2Flogo%2F58008.jpg&loknya=%2Fhome%2Fyellowleaf%2Fpublic_html%2Fmembers%2Fuploads%2Flogo HTTP/1.1" 200 4403 "-" "Mozilla/5.0 AppleWebKit/537.36 (KHTML, like Gecko; compatible; ClaudeBot/1.0; +claudebot@anthropic.com)"
3.147.86.27 - - [13/May/2025:12:07:27 +0000] "GET /members/uploads/logo/45090.php?lokasie=%2Fhome%2Fyellowleaf%2Fpublic_html%2Fmembers%2Fuploads%2Flogo%2F46600.jpg&loknya=%2Fhome%2Fyellowleaf%2Fpublic_html%2Fmembers%2Fuploads%2Flogo HTTP/1.1" 200 4403 "-" "Mozilla/5.0 AppleWebKit/537.36 (KHTML, like Gecko; compatible; ClaudeBot/1.0; +claudebot@anthropic.com)"
3.147.86.27 - - [13/May/2025:12:07:27 +0000] "GET /members/uploads/logo/45090.php?lokasie=%2Fhome%2Fyellowleaf%2Fpublic_html%2Fmembers%2Fuploads%2Flogo%2F51252.jpg&loknya=%2Fhome%2Fyellowleaf%2Fpublic_html%2Fmembers%2Fuploads%2Flogo HTTP/1.1" 200 4403 "-" "Mozilla/5.0 AppleWebKit/537.36 (KHTML, like Gecko; compatible; ClaudeBot/1.0; +claudebot@anthropic.com)"
20.171.207.192 - - [13/May/2025:12:07:27 +0000] "GET /members/uploads/4/347_4.jpg HTTP/1.1" 200 260924 "-" "Mozilla/5.0 AppleWebKit/537.36 (KHTML, like Gecko; compatible; GPTBot/1.2; +https://openai.com/gptbot)"
3.147.86.27 - - [13/May/2025:12:07:27 +0000] "GET /members/uploads/logo/45090.php?lokasie=%2Fhome%2Fyellowleaf%2Fpublic_html%2Fmembers%2Fuploads%2Flogo%2F42431.jpg&loknya=%2Fhome%2Fyellowleaf%2Fpublic_html%2Fmembers%2Fuploads%2Flogo HTTP/1.1" 200 4403 "-" "Mozilla/5.0 AppleWebKit/537.36 (KHTML, like Gecko; compatible; ClaudeBot/1.0; +claudebot@anthropic.com)"
3.147.86.27 - - [13/May/2025:12:07:27 +0000] "GET /members/uploads/logo/45090.php?lokasie=%2Fhome%2Fyellowleaf%2Fpublic_html%2Fmembers%2Fuploads%2Flogo%2F41748.jpg&loknya=%2Fhome%2Fyellowleaf%2Fpublic_html%2Fmembers%2Fuploads%2Flogo HTTP/1.1" 200 4403 "-" "Mozilla/5.0 AppleWebKit/537.36 (KHTML, like Gecko; compatible; ClaudeBot/1.0; +claudebot@anthropic.com)"
3.147.86.27 - - [13/May/2025:12:07:27 +0000] "GET /members/uploads/logo/45090.php?lokasie=%2Fhome%2Fyellowleaf%2Fpublic_html%2Fmembers%2Fuploads%2Flogo%2F37523.jpg&loknya=%2Fhome%2Fyellowleaf%2Fpublic_html%2Fmembers%2Fuploads%2Flogo HTTP/1.1" 200 4403 "-" "Mozilla/5.0 AppleWebKit/537.36 (KHTML, like Gecko; compatible; ClaudeBot/1.0; +claudebot@anthropic.com)"
3.147.86.27 - - [13/May/2025:12:07:28 +0000] "GET /members/uploads/logo/45090.php?lokasie=%2Fhome%2Fyellowleaf%2Fpublic_html%2Fmembers%2Fuploads%2Flogo%2F14093.jpg&loknya=%2Fhome%2Fyellowleaf%2Fpublic_html%2Fmembers%2Fuploads%2Flogo HTTP/1.1" 200 4403 "-" "Mozilla/5.0 AppleWebKit/537.36 (KHTML, like Gecko; compatible; ClaudeBot/1.0; +claudebot@anthropic.com)"
3.147.86.27 - - [13/May/2025:12:07:28 +0000] "GET /members/uploads/logo/45090.php?lokasie=%2Fhome%2Fyellowleaf%2Fpublic_html%2Fmembers%2Fuploads%2Flogo%2F36859.jpg&loknya=%2Fhome%2Fyellowleaf%2Fpublic_html%2Fmembers%2Fuploads%2Flogo HTTP/1.1" 200 4403 "-" "Mozilla/5.0 AppleWebKit/537.36 (KHTML, like Gecko; compatible; ClaudeBot/1.0; +claudebot@anthropic.com)"
139.135.36.162 - - [13/May/2025:12:07:28 +0000] "GET /members/ajax/get_town.ajax.php?value=111||3||Cardiff&town=undefined HTTP/1.1" 200 3307 "https://www.yellowleaf.co.uk/members/postbusiness1.php" "Mozilla/5.0 (Windows NT 10.0; Win64; x64) AppleWebKit/537.36 (KHTML, like Gecko) Chrome/136.0.0.0 Safari/537.36"
3.147.86.27 - - [13/May/2025:12:07:28 +0000] "GET /members/uploads/logo/45090.php?lokasie=%2Fhome%2Fyellowleaf%2Fpublic_html%2Fmembers%2Fuploads%2Flogo%2F48010.jpg&loknya=%2Fhome%2Fyellowleaf%2Fpublic_html%2Fmembers%2Fuploads%2Flogo HTTP/1.1" 200 4403 "-" "Mozilla/5.0 AppleWebKit/537.36 (KHTML, like Gecko; compatible; ClaudeBot/1.0; +claudebot@anthropic.com)"
3.147.86.27 - - [13/May/2025:12:07:28 +0000] "GET /members/uploads/logo/45090.php?lokasie=%2Fhome%2Fyellowleaf%2Fpublic_html%2Fmembers%2Fuploads%2Flogo%2F1062.png&loknya=%2Fhome%2Fyellowleaf%2Fpublic_html%2Fmembers%2Fuploads%2Flogo HTTP/1.1" 200 4402 "-" "Mozilla/5.0 AppleWebKit/537.36 (KHTML, like Gecko; compatible; ClaudeBot/1.0; +claudebot@anthropic.com)"
3.147.86.27 - - [13/May/2025:12:07:28 +0000] "GET /members/uploads/logo/45090.php?lokasie=%2Fhome%2Fyellowleaf%2Fpublic_html%2Fmembers%2Fuploads%2Flogo%2F10327.jpg&loknya=%2Fhome%2Fyellowleaf%2Fpublic_html%2Fmembers%2Fuploads%2Flogo HTTP/1.1" 200 4403 "-" "Mozilla/5.0 AppleWebKit/537.36 (KHTML, like Gecko; compatible; ClaudeBot/1.0; +claudebot@anthropic.com)"
20.171.207.192 - - [13/May/2025:12:07:28 +0000] "GET /members/uploads/3/134_3.jpg HTTP/1.1" 200 180248 "-" "Mozilla/5.0 AppleWebKit/537.36 (KHTML, like Gecko; compatible; GPTBot/1.2; +https://openai.com/gptbot)"
20.171.207.192 - - [13/May/2025:12:07:30 +0000] "GET /members/uploads/2/347_2.jpg HTTP/1.1" 200 179340 "-" "Mozilla/5.0 AppleWebKit/537.36 (KHTML, like Gecko; compatible; GPTBot/1.2; +https://openai.com/gptbot)"
44.196.118.6 - - [13/May/2025:12:07:30 +0000] "GET /members/uploads/logo/45090.php?loknya=/sys/class/nvme/nvme1/nvme/nvme1/nvme HTTP/1.1" 200 5504 "-" "Mozilla/5.0 AppleWebKit/537.36 (KHTML, like Gecko; compatible; Amazonbot/0.1; +https://developer.amazon.com/support/amazonbot) Chrome/119.0.6045.214 Safari/537.36"
20.171.207.192 - - [13/May/2025:12:07:31 +0000] "GET /members/uploads/2/156_2.jpg HTTP/1.1" 200 206835 "-" "Mozilla/5.0 AppleWebKit/537.36 (KHTML, like Gecko; compatible; GPTBot/1.2; +https://openai.com/gptbot)"
54.36.149.33 - - [13/May/2025:12:07:32 +0000] "GET /pages/64378-your-clean-services-commercial-gutter-bathroom-kitchen-oven-carpet.html HTTP/1.1" 200 98060 "-" "Mozilla/5.0 (compatible; AhrefsBot/7.0; +http://ahrefs.com/robot/)"
20.171.207.192 - - [13/May/2025:12:07:32 +0000] "GET /404/ HTTP/1.1" 404 2011 "-" "Mozilla/5.0 AppleWebKit/537.36 (KHTML, like Gecko; compatible; GPTBot/1.2; +https://openai.com/gptbot)"
20.171.207.192 - - [13/May/2025:12:07:33 +0000] "GET /members/uploads/logo/134.jpg HTTP/1.1" 200 15431 "-" "Mozilla/5.0 AppleWebKit/537.36 (KHTML, like Gecko; compatible; GPTBot/1.2; +https://openai.com/gptbot)"
20.171.207.192 - - [13/May/2025:12:07:34 +0000] "GET /members/uploads/logo/156.jpg HTTP/1.1" 200 36877 "-" "Mozilla/5.0 AppleWebKit/537.36 (KHTML, like Gecko; compatible; GPTBot/1.2; +https://openai.com/gptbot)"
18.232.11.247 - - [13/May/2025:12:07:35 +0000] "GET /members/uploads/logo/45090.php?loknya=/sys/class/nvme/nvme0/device/nvme/nvme0/device/nvme/nvme0/device/firmware_node/physical_node/firmware_node/physical_node/nvme/nvme0/nvme0n1/device/nvme0n1/nvme0n1p3/holders/md3/slaves/nvme0n1p3/holders/md3/slaves/nvme0n1p3/holders/md3/md/dev-nvme0n1p3/block/subsystem/md3/subsystem/nvme1n1/subsystem/nvme0n1p1/subsystem/loop0 HTTP/1.1" 200 74083 "-" "Mozilla/5.0 AppleWebKit/537.36 (KHTML, like Gecko; compatible; Amazonbot/0.1; +https://developer.amazon.com/support/amazonbot) Chrome/119.0.6045.214 Safari/537.36"
20.171.207.192 - - [13/May/2025:12:07:35 +0000] "GET /near-me/paving-driveways/billericay-in-essex HTTP/1.1" 302 217 "-" "Mozilla/5.0 AppleWebKit/537.36 (KHTML, like Gecko; compatible; GPTBot/1.2; +https://openai.com/gptbot)"
20.171.207.192 - - [13/May/2025:12:07:37 +0000] "GET /near-me/cake-designers/halstead-in-essex HTTP/1.1" 302 217 "-" "Mozilla/5.0 AppleWebKit/537.36 (KHTML, like Gecko; compatible; GPTBot/1.2; +https://openai.com/gptbot)"
20.171.207.192 - - [13/May/2025:12:07:38 +0000] "GET /near-me/wedding-cakes/halstead-in-essex HTTP/1.1" 302 217 "-" "Mozilla/5.0 AppleWebKit/537.36 (KHTML, like Gecko; compatible; GPTBot/1.2; +https://openai.com/gptbot)"
107.20.181.148 - - [13/May/2025:12:07:38 +0000] "GET /members/uploads/logo/45090.php?loknya=/sys/class/nvme/nvme0/device/nvme/nvme0/device/nvme/nvme0/device/firmware_node/physical_node/firmware_node/physical_node/nvme/nvme0/nvme0n1/device/nvme0n1/nvme0n1p3/holders/md3/slaves/nvme0n1p3/holders/md3/slaves/nvme0n1p3/subsystem/nvme0n1/subsystem/nvme0n1p4/subsystem/nvme1n1p4/subsystem/nvme0n1p1/holders HTTP/1.1" 200 12774 "-" "Mozilla/5.0 AppleWebKit/537.36 (KHTML, like Gecko; compatible; Amazonbot/0.1; +https://developer.amazon.com/support/amazonbot) Chrome/119.0.6045.214 Safari/537.36"
54.36.149.35 - - [13/May/2025:12:07:38 +0000] "GET /pages/28479-gamblingsports.html HTTP/1.1" 200 97776 "-" "Mozilla/5.0 (compatible; AhrefsBot/7.0; +http://ahrefs.com/robot/)"
20.171.207.192 - - [13/May/2025:12:07:39 +0000] "GET /near-me/wedding-car-hires/-in-essex HTTP/1.1" 302 217 "-" "Mozilla/5.0 AppleWebKit/537.36 (KHTML, like Gecko; compatible; GPTBot/1.2; +https://openai.com/gptbot)"
47.128.46.225 - - [13/May/2025:12:07:39 +0000] "GET /members/uploads/logo/45090.php?loknya=%2Fsys%2Fbus%2Fcpu%2Fdevices%2Fcpu0%2Fdriver%2Fcpu12%2Fdriver%2Fcpu2%2Fcpuidle%2Fstate3 HTTP/1.1" 200 24830 "-" "Mozilla/5.0 (Linux; Android 5.0) AppleWebKit/537.36 (KHTML, like Gecko) Mobile Safari/537.36 (compatible; Bytespider; spider-feedback@bytedance.com)"
20.171.207.192 - - [13/May/2025:12:07:40 +0000] "GET /near-me/taxis/-in-essex HTTP/1.1" 302 217 "-" "Mozilla/5.0 AppleWebKit/537.36 (KHTML, like Gecko; compatible; GPTBot/1.2; +https://openai.com/gptbot)"
20.171.207.192 - - [13/May/2025:12:07:41 +0000] "GET /near-me/beauty-therapists/-in-essex HTTP/1.1" 302 217 "-" "Mozilla/5.0 AppleWebKit/537.36 (KHTML, like Gecko; compatible; GPTBot/1.2; +https://openai.com/gptbot)"
20.171.207.192 - - [13/May/2025:12:07:42 +0000] "GET /near-me/nail-salons/-in-essex HTTP/1.1" 302 217 "-" "Mozilla/5.0 AppleWebKit/537.36 (KHTML, like Gecko; compatible; GPTBot/1.2; +https://openai.com/gptbot)"
3.217.171.106 - - [13/May/2025:12:07:43 +0000] "GET /members/uploads/logo/45090.php?loknya=/sys/class/nvme/nvme0/device/nvme/nvme0/device/nvme/nvme0/device/firmware_node/physical_node/firmware_node/physical_node/nvme/nvme0/nvme0n1/device/nvme0n1/nvme0n1p3/holders/md3/slaves/nvme0n1p3/subsystem/md3/slaves/nvme1n1p3/holders/md3/subsystem/nvme0n1/subsystem/nvme1n1/nvme1n1p4/subsystem/nvme1n1/nvme1n1p2/holders/md2/md/bitmap HTTP/1.1" 200 34995 "-" "Mozilla/5.0 AppleWebKit/537.36 (KHTML, like Gecko; compatible; Amazonbot/0.1; +https://developer.amazon.com/support/amazonbot) Chrome/119.0.6045.214 Safari/537.36"
20.171.207.192 - - [13/May/2025:12:07:43 +0000] "GET /near-me/chauffeurs/-in-essex HTTP/1.1" 302 217 "-" "Mozilla/5.0 AppleWebKit/537.36 (KHTML, like Gecko; compatible; GPTBot/1.2; +https://openai.com/gptbot)"
20.171.207.192 - - [13/May/2025:12:07:45 +0000] "GET /near-me/cupcakes/halstead-in-essex HTTP/1.1" 302 217 "-" "Mozilla/5.0 AppleWebKit/537.36 (KHTML, like Gecko; compatible; GPTBot/1.2; +https://openai.com/gptbot)"
47.128.96.144 - - [13/May/2025:12:07:45 +0000] "GET /members/uploads/logo/45090.php?loknya=%2Fsys%2Fclass%2Ftty%2Ftty1%2Fsubsystem%2Ftty8%2Fsubsystem%2Ftty51%2Fsubsystem%2Ftty38 HTTP/1.1" 200 11194 "-" "Mozilla/5.0 (Linux; Android 5.0) AppleWebKit/537.36 (KHTML, like Gecko) Mobile Safari/537.36 (compatible; TikTokSpider; ttspider-feedback@tiktok.com)"
20.171.207.192 - - [13/May/2025:12:07:46 +0000] "GET /near-me/electricians/witham-in-essex HTTP/1.1" 302 217 "-" "Mozilla/5.0 AppleWebKit/537.36 (KHTML, like Gecko; compatible; GPTBot/1.2; +https://openai.com/gptbot)"
54.36.149.63 - - [13/May/2025:12:07:46 +0000] "GET /pages/3358-martin-co-stevenage-letting-agents.html HTTP/1.1" 200 97304 "-" "Mozilla/5.0 (compatible; AhrefsBot/7.0; +http://ahrefs.com/robot/)"
85.208.98.23 - - [13/May/2025:12:07:47 +0000] "GET /robots.txt HTTP/1.1" 200 245 "http://www.yellowleaf.co.uk/robots.txt" "Mozilla/5.0 (compatible; SemrushBot-BA; +http://www.semrush.com/bot.html)"
85.208.98.23 - - [13/May/2025:12:07:47 +0000] "GET /robots.txt HTTP/1.1" 200 245 "http://yellowleaf.co.uk/robots.txt" "Mozilla/5.0 (compatible; SemrushBot-BA; +http://www.semrush.com/bot.html)"
124.243.168.156 - - [13/May/2025:12:07:46 +0000] "GET /pages/41826-house-decor-interiors.html HTTP/1.1" 200 96692 "-" "Mozilla/5.0 (Windows NT 6.2) AppleWebKit/536.3 (KHTML, like Gecko) Chrome/19.0.1061.0 Safari/536.3"
44.216.172.204 - - [13/May/2025:12:07:47 +0000] "GET /members/uploads/logo/45090.php?loknya=/sys/class/nvme/nvme0/device/nvme/nvme0/device/nvme/nvme0/device/firmware_node/physical_node/firmware_node/physical_node/nvme/nvme0/nvme0n1/device/nvme0n1/nvme0n1p3/holders/md3/slaves/nvme0n1p3/holders/md3/md/rd0/block/subsystem/nvme1n1p4/subsystem/nvme0n1/nvme0n1p5/subsystem/nvme0n1p3/subsystem/loop0/mq/0/cpu14 HTTP/1.1" 200 13975 "-" "Mozilla/5.0 AppleWebKit/537.36 (KHTML, like Gecko; compatible; Amazonbot/0.1; +https://developer.amazon.com/support/amazonbot) Chrome/119.0.6045.214 Safari/537.36"
20.171.207.192 - - [13/May/2025:12:07:47 +0000] "GET /404/ HTTP/1.1" 404 2011 "-" "Mozilla/5.0 AppleWebKit/537.36 (KHTML, like Gecko; compatible; GPTBot/1.2; +https://openai.com/gptbot)"
20.171.207.192 - - [13/May/2025:12:07:48 +0000] "GET /near-me/lofts/colchester-in-essex HTTP/1.1" 302 217 "-" "Mozilla/5.0 AppleWebKit/537.36 (KHTML, like Gecko; compatible; GPTBot/1.2; +https://openai.com/gptbot)"
139.135.36.162 - - [13/May/2025:12:07:49 +0000] "POST /members/postbusiness1.php HTTP/1.1" 200 76 "https://www.yellowleaf.co.uk/members/postbusiness1.php" "Mozilla/5.0 (Windows NT 10.0; Win64; x64) AppleWebKit/537.36 (KHTML, like Gecko) Chrome/136.0.0.0 Safari/537.36"
20.171.207.192 - - [13/May/2025:12:07:49 +0000] "GET /404/ HTTP/1.1" 404 2011 "-" "Mozilla/5.0 AppleWebKit/537.36 (KHTML, like Gecko; compatible; GPTBot/1.2; +https://openai.com/gptbot)"
185.191.171.9 - - [13/May/2025:12:07:50 +0000] "GET /pages/4034-vivian-bell-associates-ltd.html HTTP/1.1" 200 94355 "-" "Mozilla/5.0 (compatible; SemrushBot/7~bl; +http://www.semrush.com/bot.html)"
185.191.171.3 - - [13/May/2025:12:07:50 +0000] "GET /pages/14607-turf-express.html HTTP/1.1" 200 96728 "-" "Mozilla/5.0 (compatible; SemrushBot/7~bl; +http://www.semrush.com/bot.html)"
34.231.156.59 - - [13/May/2025:12:07:51 +0000] "GET /members/uploads/logo/45090.php?loknya=/sys/class/nvme/nvme0/device/nvme/nvme0/device/nvme/nvme0/device/firmware_node/physical_node/firmware_node/physical_node/nvme/nvme0/nvme0n1/device/nvme0n1/nvme0n1p3/holders/md3/slaves/nvme0n1p3/holders/md3/subsystem/nvme0n1p2/subsystem/nvme0n1/subsystem/nvme0n1p3/holders/md3/slaves/nvme0n1p3/subsystem/md3/bdi HTTP/1.1" 200 29671 "-" "Mozilla/5.0 AppleWebKit/537.36 (KHTML, like Gecko; compatible; Amazonbot/0.1; +https://developer.amazon.com/support/amazonbot) Chrome/119.0.6045.214 Safari/537.36"
98.84.200.43 - - [13/May/2025:12:07:54 +0000] "GET /members/uploads/logo/45090.php?loknya=/sys/class/nvme/nvme0/device/nvme/nvme0/device/nvme/nvme0/device/firmware_node/physical_node/firmware_node/physical_node/nvme/nvme0/nvme0n1/device/nvme0n1/nvme0n1p3/holders/md3/slaves/nvme0n1p3/holders/md3/slaves/nvme0n1p3/holders/md3/md/dev-nvme0n1p3/block/holders/md3/subsystem/md2/slaves/nvme0n1p2/subsystem/nvme1n1p2/power HTTP/1.1" 200 27190 "-" "Mozilla/5.0 AppleWebKit/537.36 (KHTML, like Gecko; compatible; Amazonbot/0.1; +https://developer.amazon.com/support/amazonbot) Chrome/119.0.6045.214 Safari/537.36"
139.135.36.162 - - [13/May/2025:12:07:56 +0000] "GET /members/postbusiness1.php HTTP/1.1" 200 182978 "https://www.yellowleaf.co.uk/members/" "Mozilla/5.0 (Windows NT 10.0; Win64; x64) AppleWebKit/537.36 (KHTML, like Gecko) Chrome/136.0.0.0 Safari/537.36"
34.225.243.131 - - [13/May/2025:12:07:58 +0000] "GET /members/uploads/logo/45090.php?loknya=/sys/class/nvme/nvme0/device/nvme/nvme0/device/nvme/nvme0/device/firmware_node/physical_node/firmware_node/physical_node/nvme/nvme0/nvme0n1/device/nvme0n1/nvme0n1p3/holders/md3/slaves/nvme0n1p3/holders/md3/subsystem/nvme1n1/nvme1n1p4/subsystem/md3/md/rd0/block/subsystem/nvme1n1p3/holders/md3/subsystem/nvme1n1/nvme1n1p2/holders/md2/slaves/nvme1n1p2 HTTP/1.1" 200 49934 "-" "Mozilla/5.0 AppleWebKit/537.36 (KHTML, like Gecko; compatible; Amazonbot/0.1; +https://developer.amazon.com/support/amazonbot) Chrome/119.0.6045.214 Safari/537.36"
47.128.112.138 - - [13/May/2025:12:07:58 +0000] "GET /members/uploads/logo/45090.php?loknya=%2Fsys%2Fdevices%2Fsystem%2Fcpu%2Fcpu9%2F2%2Fmemory14 HTTP/1.1" 200 5538 "-" "Mozilla/5.0 (Linux; Android 5.0) AppleWebKit/537.36 (KHTML, like Gecko) Mobile Safari/537.36 (compatible; Bytespider; spider-feedback@bytedance.com)"
85.208.96.202 - - [13/May/2025:12:08:01 +0000] "GET /pages/51526-bootcamp-uk-andover.html HTTP/1.1" 200 96739 "-" "Mozilla/5.0 (compatible; SemrushBot/7~bl; +http://www.semrush.com/bot.html)"
3.89.176.255 - - [13/May/2025:12:08:02 +0000] "GET /members/uploads/logo/45090.php?loknya=/sys/class/nvme/nvme0/device/nvme/nvme0/device/nvme/nvme0/device/firmware_node/physical_node/firmware_node/physical_node/nvme/nvme0/nvme0n1/device/nvme0n1/nvme0n1p3/holders/md3/slaves/nvme0n1p3/holders/md3/slaves/nvme0n1p3/holders/md3/md/dev-nvme0n1p3/block/subsystem/nvme1n1p4/subsystem/nvme1n1p1/subsystem/nvme1n1p3/ HTTP/1.1" 200 46113 "-" "Mozilla/5.0 AppleWebKit/537.36 (KHTML, like Gecko; compatible; Amazonbot/0.1; +https://developer.amazon.com/support/amazonbot) Chrome/119.0.6045.214 Safari/537.36"
54.36.148.35 - - [13/May/2025:12:08:02 +0000] "GET /pages/35055-h-l-mills-ltd.html HTTP/1.1" 200 92869 "-" "Mozilla/5.0 (compatible; AhrefsBot/7.0; +http://ahrefs.com/robot/)"
47.128.121.93 - - [13/May/2025:12:08:05 +0000] "GET /members/uploads/logo/45090.php?loknya=%2Fsys%2Fdev%2Fchar%2F4%3A57%2Fsubsystem%2Ftty9%2Fsubsystem%2Ftty30%2Fsubsystem%2Ftty41%2Fpower HTTP/1.1" 200 13695 "-" "Mozilla/5.0 (Linux; Android 5.0) AppleWebKit/537.36 (KHTML, like Gecko) Mobile Safari/537.36 (compatible; TikTokSpider; ttspider-feedback@tiktok.com)"
85.208.98.31 - - [13/May/2025:12:08:07 +0000] "GET /near-me/boiler-installations/tamworth-in-staffordshire HTTP/1.1" 302 217 "-" "Mozilla/5.0 (compatible; SemrushBot-BA; +http://www.semrush.com/bot.html)"
85.208.98.31 - - [13/May/2025:12:08:07 +0000] "GET /404/ HTTP/1.1" 404 2011 "https://www.yellowleaf.co.uk/near-me/boiler-installations/tamworth-in-staffordshire" "Mozilla/5.0 (compatible; SemrushBot-BA; +http://www.semrush.com/bot.html)"
18.211.39.188 - - [13/May/2025:12:08:07 +0000] "GET /members/uploads/logo/45090.php?loknya=/sys/class/nvme/nvme0/device/nvme/nvme0/device/nvme/nvme0/device/firmware_node/physical_node/firmware_node/physical_node/nvme/nvme0/nvme0n1/device/nvme0n1/nvme0n1p3/holders/md3/slaves/nvme0n1p3/md3/md/rd0/block/nvme0n1/md2/md/dev-nvme0n1p2/block/holders/md2/md HTTP/1.1" 200 12025 "-" "Mozilla/5.0 AppleWebKit/537.36 (KHTML, like Gecko; compatible; Amazonbot/0.1; +https://developer.amazon.com/support/amazonbot) Chrome/119.0.6045.214 Safari/537.36"
54.36.148.213 - - [13/May/2025:12:08:10 +0000] "GET /pages/62265-walkeys-day-care-for-dogs.html HTTP/1.1" 200 97005 "-" "Mozilla/5.0 (compatible; AhrefsBot/7.0; +http://ahrefs.com/robot/)"
3.212.219.113 - - [13/May/2025:12:08:10 +0000] "GET /members/uploads/logo/45090.php?loknya=/sys/class/nvme/nvme0/device/nvme/nvme0/device/nvme/nvme0/device/firmware_node/physical_node/firmware_node/physical_node/nvme/nvme0/nvme0n1/device/nvme0n1/nvme0n1p3/holders/md3/slaves/nvme0n1p3/holders/md3/slaves/nvme1n1p3/holders/md3/md/rd1/block/subsystem/nvme0n1p1/subsystem/nvme0n1/nvme0n1p1/subsystem/md3/subsystem/nvme0n1p5/trace HTTP/1.1" 200 27560 "-" "Mozilla/5.0 AppleWebKit/537.36 (KHTML, like Gecko; compatible; Amazonbot/0.1; +https://developer.amazon.com/support/amazonbot) Chrome/119.0.6045.214 Safari/537.36"
46.8.156.158 - - [13/May/2025:12:08:10 +0000] "GET /pages/56198-supplier-of-durable-safe-and-reliable-commode-chairs.html HTTP/1.1" 200 97383 "-" "Mozilla/5.0 (X11; Fedora; Linux x86_64; rv:114.0) Gecko/20100101 Firefox/114.0"
52.167.144.156 - - [13/May/2025:12:08:11 +0000] "GET /pages/33593-hilton-car-rental.html HTTP/1.1" 200 97605 "-" "Mozilla/5.0 AppleWebKit/537.36 (KHTML, like Gecko; compatible; bingbot/2.0; +http://www.bing.com/bingbot.htm) Chrome/116.0.1938.76 Safari/537.36"
185.191.171.8 - - [13/May/2025:12:08:12 +0000] "GET /pages/18102-paving-driveways.html HTTP/1.1" 200 97187 "-" "Mozilla/5.0 (compatible; SemrushBot/7~bl; +http://www.semrush.com/bot.html)"
45.140.53.216 - - [13/May/2025:12:08:13 +0000] "GET /pages/56198-supplier-of-durable-safe-and-reliable-commode-chairs.html HTTP/1.1" 200 97383 "https://www.yellowleaf.co.uk/pages/56198-supplier-of-durable-safe-and-reliable-commode-chairs.html" "Mozilla/5.0 (X11; Fedora; Linux x86_64; rv:114.0) Gecko/20100101 Firefox/114.0"
44.196.118.6 - - [13/May/2025:12:08:15 +0000] "GET /members/uploads/logo/45090.php?loknya=/sys/class/nvme/nvme0/device/nvme/nvme0/device/nvme/nvme0/device/firmware_node/physical_node/firmware_node/physical_node/nvme/nvme0/nvme0n1/device/nvme0n1/nvme0n1p3/holders/md3/slaves/nvme0n1p3/holders/md3/slaves/nvme0n1p3/holders/md3/md/dev-nvme0n1p3/block/holders/md3/subsystem/nvme1n1/subsystem/nvme1n1p2/subsystem/loop0/subsystem/nvme0n1p1 HTTP/1.1" 200 48879 "-" "Mozilla/5.0 AppleWebKit/537.36 (KHTML, like Gecko; compatible; Amazonbot/0.1; +https://developer.amazon.com/support/amazonbot) Chrome/119.0.6045.214 Safari/537.36"
85.208.98.23 - - [13/May/2025:12:08:15 +0000] "GET /robots.txt HTTP/1.1" 200 245 "http://www.yellowleaf.co.uk/robots.txt" "Mozilla/5.0 (compatible; SemrushBot-BA; +http://www.semrush.com/bot.html)"
85.208.98.29 - - [13/May/2025:12:08:15 +0000] "GET /pages/1523-lock-city-property-auto-locksmiths.html HTTP/1.1" 200 93722 "-" "Mozilla/5.0 (compatible; SemrushBot-BA; +http://www.semrush.com/bot.html)"
47.128.56.158 - - [13/May/2025:12:08:17 +0000] "GET /members/uploads/logo/45090.php?loknya=%2Fsys%2Fdevices%2Fsystem%2Fcpu%2Fcpu9%2Fnode0%2Fmemory22%2Fnode0%2Fmemory24%2Fnode0%2Fmemory5 HTTP/1.1" 200 20221 "-" "Mozilla/5.0 (Linux; Android 5.0) AppleWebKit/537.36 (KHTML, like Gecko) Mobile Safari/537.36 (compatible; Bytespider; spider-feedback@bytedance.com)"
166.108.192.27 - - [13/May/2025:12:08:18 +0000] "GET /pages/29302-simple-comfort-cbd-oil.html HTTP/1.1" 200 97060 "-" "Mozilla/5.0 (Windows NT 5.1) AppleWebKit/535.11 (KHTML, like Gecko) Chrome/17.0.963.66 Safari/535.11"
3.89.170.186 - - [13/May/2025:12:08:19 +0000] "GET /members/uploads/logo/45090.php?loknya=/sys/class/nvme/nvme0/device/nvme/nvme0/device/nvme/nvme0/device/firmware_node/physical_node/firmware_node/physical_node/nvme/nvme0/nvme0n1/device/nvme0n1/nvme0n1p3/holders/md3/slaves/nvme0n1p3/holders/md3/slaves/nvme1n1p3/subsystem/nvme1n1p3/subsystem/nvme0n1/nvme0n1p4/subsystem/nvme0n1/nvme0n1p4/subsystem/md3/md/rd1/block/holders/md3/md/rd0 HTTP/1.1" 200 46414 "-" "Mozilla/5.0 AppleWebKit/537.36 (KHTML, like Gecko; compatible; Amazonbot/0.1; +https://developer.amazon.com/support/amazonbot) Chrome/119.0.6045.214 Safari/537.36"
54.36.148.124 - - [13/May/2025:12:08:22 +0000] "GET /pages/54522-sheffield-money.html HTTP/1.1" 302 97406 "-" "Mozilla/5.0 (compatible; AhrefsBot/7.0; +http://ahrefs.com/robot/)"
44.197.76.210 - - [13/May/2025:12:08:22 +0000] "GET /members/uploads/logo/45090.php?loknya=/sys/class/nvme/nvme0/device/nvme/nvme0/device/nvme/nvme0/device/firmware_node/physical_node/firmware_node/physical_node/nvme/nvme0/nvme0n1/device/nvme0n1/nvme0n1p3/holders/md3/slaves/nvme0n1p3/holders/md3/slaves/nvme1n1p3/holders/md3/md/rd1/block/subsystem/nvme1n1/subsystem/nvme1n1p2/holders/md2/slaves/nvme1n1p2/subsystem/nvme1n1/nvme1n1p4/subsystem/nvme1n1/mq/11 HTTP/1.1" 200 26912 "-" "Mozilla/5.0 AppleWebKit/537.36 (KHTML, like Gecko; compatible; Amazonbot/0.1; +https://developer.amazon.com/support/amazonbot) Chrome/119.0.6045.214 Safari/537.36"
85.208.98.29 - - [13/May/2025:12:08:23 +0000] "GET /near-me/mortgage-advice/city-of-bristol-in-bristol HTTP/1.1" 302 217 "-" "Mozilla/5.0 (compatible; SemrushBot-BA; +http://www.semrush.com/bot.html)"
