18.191.212.175 - - [13/May/2025:12:15:47 +0000] "GET /members/uploads/logo/45090.php?lokasie=%2Fhome%2Fyellowleaf%2Fpublic_html%2Fmembers%2Fuploads%2Flogo%2F1447.png&loknya=%2Fhome%2Fyellowleaf%2Fpublic_html%2Fmembers%2Fuploads%2Flogo HTTP/1.1" 200 4405 "-" "Mozilla/5.0 AppleWebKit/537.36 (KHTML, like Gecko; compatible; ClaudeBot/1.0; +claudebot@anthropic.com)"
18.191.212.175 - - [13/May/2025:12:15:47 +0000] "GET /members/uploads/logo/45090.php?lokasie=%2Fhome%2Fyellowleaf%2Fpublic_html%2Fmembers%2Fuploads%2Flogo%2F40145.jpg&loknya=%2Fhome%2Fyellowleaf%2Fpublic_html%2Fmembers%2Fuploads%2Flogo HTTP/1.1" 200 4406 "-" "Mozilla/5.0 AppleWebKit/537.36 (KHTML, like Gecko; compatible; ClaudeBot/1.0; +claudebot@anthropic.com)"
85.208.98.19 - - [13/May/2025:12:15:47 +0000] "GET /near-me/employment-lawyers/northampton-in-northamptonshire HTTP/1.1" 302 217 "-" "Mozilla/5.0 (compatible; SemrushBot-BA; +http://www.semrush.com/bot.html)"
18.191.212.175 - - [13/May/2025:12:15:47 +0000] "GET /members/uploads/logo/45090.php?lokasie=%2Fhome%2Fyellowleaf%2Fpublic_html%2Fmembers%2Fuploads%2Flogo%2F15938.jpg&loknya=%2Fhome%2Fyellowleaf%2Fpublic_html%2Fmembers%2Fuploads%2Flogo HTTP/1.1" 200 4406 "-" "Mozilla/5.0 AppleWebKit/537.36 (KHTML, like Gecko; compatible; ClaudeBot/1.0; +claudebot@anthropic.com)"
18.191.212.175 - - [13/May/2025:12:15:47 +0000] "GET /members/uploads/logo/45090.php?lokasie=%2Fhome%2Fyellowleaf%2Fpublic_html%2Fmembers%2Fuploads%2Flogo%2F19981.png&loknya=%2Fhome%2Fyellowleaf%2Fpublic_html%2Fmembers%2Fuploads%2Flogo HTTP/1.1" 200 4406 "-" "Mozilla/5.0 AppleWebKit/537.36 (KHTML, like Gecko; compatible; ClaudeBot/1.0; +claudebot@anthropic.com)"
18.191.212.175 - - [13/May/2025:12:15:48 +0000] "GET /members/uploads/logo/45090.php?lokasie=%2Fhome%2Fyellowleaf%2Fpublic_html%2Fmembers%2Fuploads%2Flogo%2F22458.jpg&loknya=%2Fhome%2Fyellowleaf%2Fpublic_html%2Fmembers%2Fuploads%2Flogo HTTP/1.1" 200 4406 "-" "Mozilla/5.0 AppleWebKit/537.36 (KHTML, like Gecko; compatible; ClaudeBot/1.0; +claudebot@anthropic.com)"
85.208.98.19 - - [13/May/2025:12:15:48 +0000] "GET /404/ HTTP/1.1" 404 2011 "https://yellowleaf.co.uk/near-me/employment-lawyers/northampton-in-northamptonshire" "Mozilla/5.0 (compatible; SemrushBot-BA; +http://www.semrush.com/bot.html)"
18.191.212.175 - - [13/May/2025:12:15:48 +0000] "GET /members/uploads/logo/45090.php?lokasie=%2Fhome%2Fyellowleaf%2Fpublic_html%2Fmembers%2Fuploads%2Flogo%2F30958.jpg&loknya=%2Fhome%2Fyellowleaf%2Fpublic_html%2Fmembers%2Fuploads%2Flogo HTTP/1.1" 200 4406 "-" "Mozilla/5.0 AppleWebKit/537.36 (KHTML, like Gecko; compatible; ClaudeBot/1.0; +claudebot@anthropic.com)"
18.191.212.175 - - [13/May/2025:12:15:48 +0000] "GET /members/uploads/logo/45090.php?lokasie=%2Fhome%2Fyellowleaf%2Fpublic_html%2Fmembers%2Fuploads%2Flogo%2F15573.jpg&loknya=%2Fhome%2Fyellowleaf%2Fpublic_html%2Fmembers%2Fuploads%2Flogo HTTP/1.1" 200 4406 "-" "Mozilla/5.0 AppleWebKit/537.36 (KHTML, like Gecko; compatible; ClaudeBot/1.0; +claudebot@anthropic.com)"
18.191.212.175 - - [13/May/2025:12:15:48 +0000] "GET /members/uploads/logo/45090.php?lokasie=%2Fhome%2Fyellowleaf%2Fpublic_html%2Fmembers%2Fuploads%2Flogo%2F26719.jpg&loknya=%2Fhome%2Fyellowleaf%2Fpublic_html%2Fmembers%2Fuploads%2Flogo HTTP/1.1" 200 4406 "-" "Mozilla/5.0 AppleWebKit/537.36 (KHTML, like Gecko; compatible; ClaudeBot/1.0; +claudebot@anthropic.com)"
18.191.212.175 - - [13/May/2025:12:15:48 +0000] "GET /members/uploads/logo/45090.php?lokasie=%2Fhome%2Fyellowleaf%2Fpublic_html%2Fmembers%2Fuploads%2Flogo%2F64848.jpg&loknya=%2Fhome%2Fyellowleaf%2Fpublic_html%2Fmembers%2Fuploads%2Flogo HTTP/1.1" 200 4406 "-" "Mozilla/5.0 AppleWebKit/537.36 (KHTML, like Gecko; compatible; ClaudeBot/1.0; +claudebot@anthropic.com)"
18.191.212.175 - - [13/May/2025:12:15:48 +0000] "GET /members/uploads/logo/45090.php?lokasie=%2Fhome%2Fyellowleaf%2Fpublic_html%2Fmembers%2Fuploads%2Flogo%2F19032.jpg&loknya=%2Fhome%2Fyellowleaf%2Fpublic_html%2Fmembers%2Fuploads%2Flogo HTTP/1.1" 200 4406 "-" "Mozilla/5.0 AppleWebKit/537.36 (KHTML, like Gecko; compatible; ClaudeBot/1.0; +claudebot@anthropic.com)"
18.191.212.175 - - [13/May/2025:12:15:48 +0000] "GET /members/uploads/logo/45090.php?lokasie=%2Fhome%2Fyellowleaf%2Fpublic_html%2Fmembers%2Fuploads%2Flogo%2F15628.jpg&loknya=%2Fhome%2Fyellowleaf%2Fpublic_html%2Fmembers%2Fuploads%2Flogo HTTP/1.1" 200 4406 "-" "Mozilla/5.0 AppleWebKit/537.36 (KHTML, like Gecko; compatible; ClaudeBot/1.0; +claudebot@anthropic.com)"
18.191.212.175 - - [13/May/2025:12:15:48 +0000] "GET /members/uploads/logo/45090.php?lokasie=%2Fhome%2Fyellowleaf%2Fpublic_html%2Fmembers%2Fuploads%2Flogo%2F14206.jpg&loknya=%2Fhome%2Fyellowleaf%2Fpublic_html%2Fmembers%2Fuploads%2Flogo HTTP/1.1" 200 4406 "-" "Mozilla/5.0 AppleWebKit/537.36 (KHTML, like Gecko; compatible; ClaudeBot/1.0; +claudebot@anthropic.com)"
18.191.212.175 - - [13/May/2025:12:15:48 +0000] "GET /members/uploads/logo/45090.php?lokasie=%2Fhome%2Fyellowleaf%2Fpublic_html%2Fmembers%2Fuploads%2Flogo%2F22821.jpg&loknya=%2Fhome%2Fyellowleaf%2Fpublic_html%2Fmembers%2Fuploads%2Flogo HTTP/1.1" 200 4406 "-" "Mozilla/5.0 AppleWebKit/537.36 (KHTML, like Gecko; compatible; ClaudeBot/1.0; +claudebot@anthropic.com)"
47.128.16.162 - - [13/May/2025:12:15:48 +0000] "GET /members/uploads/logo/45090.php?loknya=%2Fsys%2Fdev%2Fchar%2F4%3A39%2Fsubsystem%2Ftty52%2Fsubsystem%2Ftty35%2Fsubsystem%2Ftty38%2F HTTP/1.1" 200 11203 "-" "Mozilla/5.0 (Linux; Android 5.0) AppleWebKit/537.36 (KHTML, like Gecko) Mobile Safari/537.36 (compatible; TikTokSpider; ttspider-feedback@tiktok.com)"
18.191.212.175 - - [13/May/2025:12:15:48 +0000] "GET /members/uploads/logo/45090.php?lokasie=%2Fhome%2Fyellowleaf%2Fpublic_html%2Fmembers%2Fuploads%2Flogo%2F60429.jpg&loknya=%2Fhome%2Fyellowleaf%2Fpublic_html%2Fmembers%2Fuploads%2Flogo HTTP/1.1" 200 4406 "-" "Mozilla/5.0 AppleWebKit/537.36 (KHTML, like Gecko; compatible; ClaudeBot/1.0; +claudebot@anthropic.com)"
18.191.212.175 - - [13/May/2025:12:15:48 +0000] "GET /members/uploads/logo/45090.php?lokasie=%2Fhome%2Fyellowleaf%2Fpublic_html%2Fmembers%2Fuploads%2Flogo%2F1469.jpg&loknya=%2Fhome%2Fyellowleaf%2Fpublic_html%2Fmembers%2Fuploads%2Flogo HTTP/1.1" 200 4405 "-" "Mozilla/5.0 AppleWebKit/537.36 (KHTML, like Gecko; compatible; ClaudeBot/1.0; +claudebot@anthropic.com)"
18.191.212.175 - - [13/May/2025:12:15:49 +0000] "GET /members/uploads/logo/45090.php?lokasie=%2Fhome%2Fyellowleaf%2Fpublic_html%2Fmembers%2Fuploads%2Flogo%2F54953.jpg&loknya=%2Fhome%2Fyellowleaf%2Fpublic_html%2Fmembers%2Fuploads%2Flogo HTTP/1.1" 200 4406 "-" "Mozilla/5.0 AppleWebKit/537.36 (KHTML, like Gecko; compatible; ClaudeBot/1.0; +claudebot@anthropic.com)"
18.191.212.175 - - [13/May/2025:12:15:49 +0000] "GET /members/uploads/logo/45090.php?lokasie=%2Fhome%2Fyellowleaf%2Fpublic_html%2Fmembers%2Fuploads%2Flogo%2F45711.jpg&loknya=%2Fhome%2Fyellowleaf%2Fpublic_html%2Fmembers%2Fuploads%2Flogo HTTP/1.1" 200 4406 "-" "Mozilla/5.0 AppleWebKit/537.36 (KHTML, like Gecko; compatible; ClaudeBot/1.0; +claudebot@anthropic.com)"
18.191.212.175 - - [13/May/2025:12:15:49 +0000] "GET /members/uploads/logo/45090.php?lokasie=%2Fhome%2Fyellowleaf%2Fpublic_html%2Fmembers%2Fuploads%2Flogo%2F6806.png&loknya=%2Fhome%2Fyellowleaf%2Fpublic_html%2Fmembers%2Fuploads%2Flogo HTTP/1.1" 200 4405 "-" "Mozilla/5.0 AppleWebKit/537.36 (KHTML, like Gecko; compatible; ClaudeBot/1.0; +claudebot@anthropic.com)"
18.191.212.175 - - [13/May/2025:12:15:49 +0000] "GET /members/uploads/logo/45090.php?lokasie=%2Fhome%2Fyellowleaf%2Fpublic_html%2Fmembers%2Fuploads%2Flogo%2F43440.jpg&loknya=%2Fhome%2Fyellowleaf%2Fpublic_html%2Fmembers%2Fuploads%2Flogo HTTP/1.1" 200 4406 "-" "Mozilla/5.0 AppleWebKit/537.36 (KHTML, like Gecko; compatible; ClaudeBot/1.0; +claudebot@anthropic.com)"
47.128.44.196 - - [13/May/2025:12:15:49 +0000] "GET /members/uploads/logo/45090.php?loknya=%2Fsys%2Fbus%2Fcpu%2Fdevices%2Fcpu0%2Fdriver%2Fcpu13%2Fnode0%2Fcpu2%2Fnode0%2Fcpu8 HTTP/1.1" 200 25888 "-" "Mozilla/5.0 (Linux; Android 5.0) AppleWebKit/537.36 (KHTML, like Gecko) Mobile Safari/537.36 (compatible; Bytespider; spider-feedback@bytedance.com)"
18.191.212.175 - - [13/May/2025:12:15:49 +0000] "GET /members/uploads/logo/45090.php?lokasie=%2Fhome%2Fyellowleaf%2Fpublic_html%2Fmembers%2Fuploads%2Flogo%2F23968.jpg&loknya=%2Fhome%2Fyellowleaf%2Fpublic_html%2Fmembers%2Fuploads%2Flogo HTTP/1.1" 200 4406 "-" "Mozilla/5.0 AppleWebKit/537.36 (KHTML, like Gecko; compatible; ClaudeBot/1.0; +claudebot@anthropic.com)"
18.191.212.175 - - [13/May/2025:12:15:49 +0000] "GET /members/uploads/logo/45090.php?lokasie=%2Fhome%2Fyellowleaf%2Fpublic_html%2Fmembers%2Fuploads%2Flogo%2F38512.png&loknya=%2Fhome%2Fyellowleaf%2Fpublic_html%2Fmembers%2Fuploads%2Flogo HTTP/1.1" 200 4406 "-" "Mozilla/5.0 AppleWebKit/537.36 (KHTML, like Gecko; compatible; ClaudeBot/1.0; +claudebot@anthropic.com)"
18.191.212.175 - - [13/May/2025:12:15:49 +0000] "GET /members/uploads/logo/45090.php?lokasie=%2Fhome%2Fyellowleaf%2Fpublic_html%2Fmembers%2Fuploads%2Flogo%2F44329.jpg&loknya=%2Fhome%2Fyellowleaf%2Fpublic_html%2Fmembers%2Fuploads%2Flogo HTTP/1.1" 200 4406 "-" "Mozilla/5.0 AppleWebKit/537.36 (KHTML, like Gecko; compatible; ClaudeBot/1.0; +claudebot@anthropic.com)"
18.191.212.175 - - [13/May/2025:12:15:49 +0000] "GET /members/uploads/logo/45090.php?lokasie=%2Fhome%2Fyellowleaf%2Fpublic_html%2Fmembers%2Fuploads%2Flogo%2F18627.jpg&loknya=%2Fhome%2Fyellowleaf%2Fpublic_html%2Fmembers%2Fuploads%2Flogo HTTP/1.1" 200 4406 "-" "Mozilla/5.0 AppleWebKit/537.36 (KHTML, like Gecko; compatible; ClaudeBot/1.0; +claudebot@anthropic.com)"
18.191.212.175 - - [13/May/2025:12:15:49 +0000] "GET /members/uploads/logo/45090.php?lokasie=%2Fhome%2Fyellowleaf%2Fpublic_html%2Fmembers%2Fuploads%2Flogo%2F18722.jpg&loknya=%2Fhome%2Fyellowleaf%2Fpublic_html%2Fmembers%2Fuploads%2Flogo HTTP/1.1" 200 4406 "-" "Mozilla/5.0 AppleWebKit/537.36 (KHTML, like Gecko; compatible; ClaudeBot/1.0; +claudebot@anthropic.com)"
18.191.212.175 - - [13/May/2025:12:15:49 +0000] "GET /members/uploads/logo/45090.php?lokasie=%2Fhome%2Fyellowleaf%2Fpublic_html%2Fmembers%2Fuploads%2Flogo%2F38568.jpg&loknya=%2Fhome%2Fyellowleaf%2Fpublic_html%2Fmembers%2Fuploads%2Flogo HTTP/1.1" 200 4406 "-" "Mozilla/5.0 AppleWebKit/537.36 (KHTML, like Gecko; compatible; ClaudeBot/1.0; +claudebot@anthropic.com)"
18.191.212.175 - - [13/May/2025:12:15:49 +0000] "GET /members/uploads/logo/45090.php?lokasie=%2Fhome%2Fyellowleaf%2Fpublic_html%2Fmembers%2Fuploads%2Flogo%2F21179.jpg&loknya=%2Fhome%2Fyellowleaf%2Fpublic_html%2Fmembers%2Fuploads%2Flogo HTTP/1.1" 200 4406 "-" "Mozilla/5.0 AppleWebKit/537.36 (KHTML, like Gecko; compatible; ClaudeBot/1.0; +claudebot@anthropic.com)"
52.71.216.196 - - [13/May/2025:12:15:50 +0000] "GET /members/uploads/logo/45090.php?loknya=/sys/class/nvme/nvme0/device/nvme/nvme0/device/nvme/nvme0/device/firmware_node/physical_node/firmware_node/physical_node/nvme/nvme0/nvme0n1/device/nvme0n1/nvme0n1p3/holders/md3/slaves/nvme0n1p3/holders/md3/slaves/nvme1n1p3/holders/md3/md/rd1/block/subsystem/nvme0n1p3/subsystem/nvme1n1/nvme1n1p4/subsystem/md2/subsystem/md2/md/rd0/block/holders/md2/queue HTTP/1.1" 200 120575 "-" "Mozilla/5.0 AppleWebKit/537.36 (KHTML, like Gecko; compatible; Amazonbot/0.1; +https://developer.amazon.com/support/amazonbot) Chrome/119.0.6045.214 Safari/537.36"
111.119.193.109 - - [13/May/2025:12:15:52 +0000] "GET /pages/47939-minibus-hire-dunstable.html HTTP/1.1" 200 97651 "-" "Mozilla/5.0 (Windows; U; Windows NT 5.1; en-US) AppleWebKit/532.2 (KHTML, like Gecko) Chrome/4.0.222.12 Safari/532.2"
54.36.148.137 - - [13/May/2025:12:15:54 +0000] "GET /pages/14694-studio-11-photography.html HTTP/1.1" 200 98259 "-" "Mozilla/5.0 (compatible; AhrefsBot/7.0; +http://ahrefs.com/robot/)"
98.83.10.183 - - [13/May/2025:12:15:55 +0000] "GET /members/uploads/logo/45090.php?loknya=/sys/class/nvme/nvme0/device/nvme/nvme0/device/nvme/nvme0/device/firmware_node/physical_node/firmware_node/physical_node/nvme/nvme0/nvme0n1/device/nvme0n1/nvme0n1p3/holders/md3/slaves/nvme0n1p3/holders/md3/slaves/nvme0n1p3/subsystem/nvme0n1/subsystem/md2/subsystem/nvme0n1p5/subsystem/nvme0n1p4/trace HTTP/1.1" 200 24806 "-" "Mozilla/5.0 AppleWebKit/537.36 (KHTML, like Gecko; compatible; Amazonbot/0.1; +https://developer.amazon.com/support/amazonbot) Chrome/119.0.6045.214 Safari/537.36"
66.249.68.64 - - [13/May/2025:12:15:57 +0000] "GET /near-me/automotive-industries/cheadle-in-greater-manchester HTTP/1.1" 302 217 "-" "Mozilla/5.0 (Linux; Android 6.0.1; Nexus 5X Build/MMB29P) AppleWebKit/537.36 (KHTML, like Gecko) Chrome/136.0.7103.92 Mobile Safari/537.36 (compatible; Googlebot/2.1; +http://www.google.com/bot.html)"
52.71.218.25 - - [13/May/2025:12:15:58 +0000] "GET /members/uploads/logo/45090.php?loknya=/sys/class/nvme/nvme0/device/nvme/nvme0/device/nvme/nvme0/device/firmware_node/physical_node/firmware_node/physical_node/nvme/nvme0/nvme0n1/device/nvme0n1/nvme0n1p3/holders/md3/slaves/nvme0n1p3/holders/md3/md/rd0/block/subsystem/nvme1n1p4/subsystem/nvme0n1/nvme0n1p2/holders/md2/subsystem/nvme1n1p2/subsystem/nvme1n1p1/trace HTTP/1.1" 200 26600 "-" "Mozilla/5.0 AppleWebKit/537.36 (KHTML, like Gecko; compatible; Amazonbot/0.1; +https://developer.amazon.com/support/amazonbot) Chrome/119.0.6045.214 Safari/537.36"
185.191.171.12 - - [13/May/2025:12:15:59 +0000] "GET /pages/34601-mental-wellness-counselling.html HTTP/1.1" 200 92639 "-" "Mozilla/5.0 (compatible; SemrushBot/7~bl; +http://www.semrush.com/bot.html)"
54.36.148.33 - - [13/May/2025:12:15:59 +0000] "GET /pages/22636-danjos-skip-hire-ltd.html HTTP/1.1" 200 98769 "-" "Mozilla/5.0 (compatible; AhrefsBot/7.0; +http://ahrefs.com/robot/)"
43.134.77.29 - - [13/May/2025:12:16:00 +0000] "GET /near-me/the-injury-and-performance-clinic/knutsford-in-cheshire HTTP/1.1" 302 217 "https://google.com" "Mozilla/5.0 (Windows NT 10.0; Win64; x64) AppleWebKit/537.36 (KHTML, like Gecko) Chrome/104.0.0.0 Safari/537.36"
43.134.77.29 - - [13/May/2025:12:16:00 +0000] "GET /404/ HTTP/1.1" 404 2011 "https://google.com" "Mozilla/5.0 (Windows NT 10.0; Win64; x64) AppleWebKit/537.36 (KHTML, like Gecko) Chrome/104.0.0.0 Safari/537.36"
54.36.149.4 - - [13/May/2025:12:16:00 +0000] "GET /pages/28477-upledger-institute-uk.html HTTP/1.1" 302 92702 "-" "Mozilla/5.0 (compatible; AhrefsBot/7.0; +http://ahrefs.com/robot/)"
52.167.144.156 - - [13/May/2025:12:16:00 +0000] "GET /pages/9276-portman-dental-clinic.html HTTP/1.1" 302 93277 "-" "Mozilla/5.0 AppleWebKit/537.36 (KHTML, like Gecko; compatible; bingbot/2.0; +http://www.bing.com/bingbot.htm) Chrome/116.0.1938.76 Safari/537.36"
66.249.79.197 - - [13/May/2025:12:16:01 +0000] "GET /pages/8283-uk-sprinklers-ltd.html HTTP/1.1" 200 97362 "-" "Mozilla/5.0 (Linux; Android 6.0.1; Nexus 5X Build/MMB29P) AppleWebKit/537.36 (KHTML, like Gecko) Chrome/136.0.7103.92 Mobile Safari/537.36 (compatible; Googlebot/2.1; +http://www.google.com/bot.html)"
85.208.98.19 - - [13/May/2025:12:16:02 +0000] "GET /near-me/lawyers/gerrards-cross-in-buckinghamshire HTTP/1.1" 302 217 "-" "Mozilla/5.0 (compatible; SemrushBot-BA; +http://www.semrush.com/bot.html)"
85.208.98.19 - - [13/May/2025:12:16:02 +0000] "GET /404/ HTTP/1.1" 404 2011 "https://yellowleaf.co.uk/near-me/lawyers/gerrards-cross-in-buckinghamshire" "Mozilla/5.0 (compatible; SemrushBot-BA; +http://www.semrush.com/bot.html)"
54.209.100.30 - - [13/May/2025:12:16:02 +0000] "GET /members/uploads/logo/45090.php?loknya=/sys/class/nvme/nvme0/device/nvme/nvme0/device/nvme/nvme0/device/firmware_node/physical_node/firmware_node/physical_node/nvme/nvme0/nvme0n1/device/nvme0n1/nvme0n1p3/holders/md3/slaves/nvme0n1p3/holders/md3/slaves/nvme0n1p3/holders/md3/md/dev-nvme0n1p3/block/subsystem/nvme1n1p4/subsystem/nvme1n1p3/subsystem/md2/subsystem/nvme0n1p3/holders/md3 HTTP/1.1" 200 74628 "-" "Mozilla/5.0 AppleWebKit/537.36 (KHTML, like Gecko; compatible; Amazonbot/0.1; +https://developer.amazon.com/support/amazonbot) Chrome/119.0.6045.214 Safari/537.36"
54.36.148.194 - - [13/May/2025:12:16:03 +0000] "GET /pages/44194-game-newsy.html HTTP/1.1" 302 93654 "-" "Mozilla/5.0 (compatible; AhrefsBot/7.0; +http://ahrefs.com/robot/)"
52.204.253.129 - - [13/May/2025:12:16:07 +0000] "GET /pages/65461-field-falcon-gun-shop-field-sports.html HTTP/1.1" 200 93321 "-" "Mozilla/5.0 AppleWebKit/537.36 (KHTML, like Gecko; compatible; Amazonbot/0.1; +https://developer.amazon.com/support/amazonbot) Chrome/119.0.6045.214 Safari/537.36"
47.128.121.181 - - [13/May/2025:12:16:08 +0000] "GET /members/uploads/logo/45090.php?loknya=%2Fsys%2Fclass%2Ftty%2Ftty7%2Fsubsystem%2Ftty%2Fsubsystem%2Ftty7%2Fsubsystem%2Ftty33 HTTP/1.1" 200 11147 "-" "Mozilla/5.0 (Linux; Android 5.0) AppleWebKit/537.36 (KHTML, like Gecko) Mobile Safari/537.36 (compatible; TikTokSpider; ttspider-feedback@tiktok.com)"
47.128.49.251 - - [13/May/2025:12:16:08 +0000] "GET /members/uploads/logo/45090.php?loknya=%2Fsys%2Fclass%2Ftty%2Ftty37%2Fsubsystem%2Ftty37%2Fsubsystem%2Ftty27%2Fsubsystem%2Ftty11%2Fpower HTTP/1.1" 200 13782 "-" "Mozilla/5.0 (Linux; Android 5.0) AppleWebKit/537.36 (KHTML, like Gecko) Mobile Safari/537.36 (compatible; Bytespider; spider-feedback@bytedance.com)"
85.208.96.203 - - [13/May/2025:12:16:09 +0000] "GET /pages/52937-the-hot-tub-superstore.html HTTP/1.1" 200 96801 "-" "Mozilla/5.0 (compatible; SemrushBot/7~bl; +http://www.semrush.com/bot.html)"
66.249.79.135 - - [13/May/2025:12:16:10 +0000] "GET /near-me/power-of-attorneys/doncaster-in-south-yorkshire HTTP/1.1" 302 217 "-" "Mozilla/5.0 (Linux; Android 6.0.1; Nexus 5X Build/MMB29P) AppleWebKit/537.36 (KHTML, like Gecko) Chrome/136.0.7103.59 Mobile Safari/537.36 (compatible; Googlebot/2.1; +http://www.google.com/bot.html)"
52.70.209.13 - - [13/May/2025:12:16:10 +0000] "GET /members/uploads/logo/45090.php?lokasie=//lib64/aspell-0.60/none.amf&loknya=//lib64/aspell-0.60 HTTP/1.1" 200 4168 "-" "Mozilla/5.0 AppleWebKit/537.36 (KHTML, like Gecko; compatible; Amazonbot/0.1; +https://developer.amazon.com/support/amazonbot) Chrome/119.0.6045.214 Safari/537.36"
66.249.79.136 - - [13/May/2025:12:16:10 +0000] "GET /pages/54096-steen-building-services-aberdeen.html HTTP/1.1" 200 94921 "-" "Mozilla/5.0 (Linux; Android 6.0.1; Nexus 5X Build/MMB29P) AppleWebKit/537.36 (KHTML, like Gecko) Chrome/136.0.7103.59 Mobile Safari/537.36 (compatible; Googlebot/2.1; +http://www.google.com/bot.html)"
85.208.98.23 - - [13/May/2025:12:16:11 +0000] "GET /robots.txt HTTP/1.1" 200 245 "http://yellowleaf.co.uk/robots.txt" "Mozilla/5.0 (compatible; SemrushBot-BA; +http://www.semrush.com/bot.html)"
85.208.98.23 - - [13/May/2025:12:16:11 +0000] "GET /robots.txt HTTP/1.1" 200 245 "http://www.yellowleaf.co.uk/robots.txt" "Mozilla/5.0 (compatible; SemrushBot-BA; +http://www.semrush.com/bot.html)"
54.36.148.100 - - [13/May/2025:12:16:12 +0000] "GET /pages/39852-wythenshawe-locksmiths.html HTTP/1.1" 200 93022 "-" "Mozilla/5.0 (compatible; AhrefsBot/7.0; +http://ahrefs.com/robot/)"
3.220.70.171 - - [13/May/2025:12:16:15 +0000] "GET /members/uploads/logo/45090.php?lokasie=//etc/alternatives/python3-config&loknya=//etc/alternatives HTTP/1.1" 200 4336 "-" "Mozilla/5.0 AppleWebKit/537.36 (KHTML, like Gecko; compatible; Amazonbot/0.1; +https://developer.amazon.com/support/amazonbot) Chrome/119.0.6045.214 Safari/537.36"
66.249.79.196 - - [13/May/2025:12:16:18 +0000] "GET /pages/4686-jons-cakes.html HTTP/1.1" 200 98041 "-" "Mozilla/5.0 (Linux; Android 6.0.1; Nexus 5X Build/MMB29P) AppleWebKit/537.36 (KHTML, like Gecko) Chrome/136.0.7103.92 Mobile Safari/537.36 (compatible; Googlebot/2.1; +http://www.google.com/bot.html)"
40.77.167.235 - - [13/May/2025:12:16:18 +0000] "GET /pages/51269-polyroof-products-ltd.html HTTP/1.1" 200 94664 "-" "Mozilla/5.0 AppleWebKit/537.36 (KHTML, like Gecko; compatible; bingbot/2.0; +http://www.bing.com/bingbot.htm) Chrome/116.0.1938.76 Safari/537.36"
54.197.178.107 - - [13/May/2025:12:16:19 +0000] "GET /members/uploads/logo/45090.php?loknya=/sys/class/nvme/nvme0/device/nvme/nvme0/device/nvme/nvme0/device/nvme/nvme0/nvme0n1/device/nvme0n1/mq/5 HTTP/1.1" 200 13082 "-" "Mozilla/5.0 AppleWebKit/537.36 (KHTML, like Gecko; compatible; Amazonbot/0.1; +https://developer.amazon.com/support/amazonbot) Chrome/119.0.6045.214 Safari/537.36"
185.191.171.19 - - [13/May/2025:12:16:19 +0000] "GET /pages/36398-eclipse-windows-and-doors-ltd.html HTTP/1.1" 200 98207 "-" "Mozilla/5.0 (compatible; SemrushBot/7~bl; +http://www.semrush.com/bot.html)"
54.36.148.104 - - [13/May/2025:12:16:19 +0000] "GET /pages/30587-dream-floors-ltd.html HTTP/1.1" 200 92786 "-" "Mozilla/5.0 (compatible; AhrefsBot/7.0; +http://ahrefs.com/robot/)"
44.223.115.10 - - [13/May/2025:12:16:23 +0000] "GET /members/uploads/logo/45090.php?loknya=/sys/class/nvme/nvme0/device/nvme/nvme0/device/nvme/nvme0/device/nvme/nvme0/nvme0n1/device/nvme0n1/mq/10 HTTP/1.1" 200 13104 "-" "Mozilla/5.0 AppleWebKit/537.36 (KHTML, like Gecko; compatible; Amazonbot/0.1; +https://developer.amazon.com/support/amazonbot) Chrome/119.0.6045.214 Safari/537.36"
18.188.90.83 - - [13/May/2025:12:16:25 +0000] "GET /members/uploads/logo/45090.php?lokasie=%2Fhome%2Fyellowleaf%2Fpublic_html%2Fmembers%2Fuploads%2Flogo%2F47034.jpg&loknya=%2Fhome%2Fyellowleaf%2Fpublic_html%2Fmembers%2Fuploads%2Flogo HTTP/1.1" 200 4404 "-" "Mozilla/5.0 AppleWebKit/537.36 (KHTML, like Gecko; compatible; ClaudeBot/1.0; +claudebot@anthropic.com)"
18.188.90.83 - - [13/May/2025:12:16:25 +0000] "GET /members/uploads/logo/45090.php?lokasie=%2Fhome%2Fyellowleaf%2Fpublic_html%2Fmembers%2Fuploads%2Flogo%2F46786.jpg&loknya=%2Fhome%2Fyellowleaf%2Fpublic_html%2Fmembers%2Fuploads%2Flogo HTTP/1.1" 200 4404 "-" "Mozilla/5.0 AppleWebKit/537.36 (KHTML, like Gecko; compatible; ClaudeBot/1.0; +claudebot@anthropic.com)"
18.188.90.83 - - [13/May/2025:12:16:25 +0000] "GET /members/uploads/logo/45090.php?lokasie=%2Fhome%2Fyellowleaf%2Fpublic_html%2Fmembers%2Fuploads%2Flogo%2F11122.jpg&loknya=%2Fhome%2Fyellowleaf%2Fpublic_html%2Fmembers%2Fuploads%2Flogo HTTP/1.1" 200 4404 "-" "Mozilla/5.0 AppleWebKit/537.36 (KHTML, like Gecko; compatible; ClaudeBot/1.0; +claudebot@anthropic.com)"
18.188.90.83 - - [13/May/2025:12:16:25 +0000] "GET /members/uploads/logo/45090.php?lokasie=%2Fhome%2Fyellowleaf%2Fpublic_html%2Fmembers%2Fuploads%2Flogo%2F22023.jpg&loknya=%2Fhome%2Fyellowleaf%2Fpublic_html%2Fmembers%2Fuploads%2Flogo HTTP/1.1" 200 4404 "-" "Mozilla/5.0 AppleWebKit/537.36 (KHTML, like Gecko; compatible; ClaudeBot/1.0; +claudebot@anthropic.com)"
18.188.90.83 - - [13/May/2025:12:16:25 +0000] "GET /members/uploads/logo/45090.php?lokasie=%2Fhome%2Fyellowleaf%2Fpublic_html%2Fmembers%2Fuploads%2Flogo%2F30938.jpg&loknya=%2Fhome%2Fyellowleaf%2Fpublic_html%2Fmembers%2Fuploads%2Flogo HTTP/1.1" 200 4404 "-" "Mozilla/5.0 AppleWebKit/537.36 (KHTML, like Gecko; compatible; ClaudeBot/1.0; +claudebot@anthropic.com)"
18.188.90.83 - - [13/May/2025:12:16:26 +0000] "GET /members/uploads/logo/45090.php?lokasie=%2Fhome%2Fyellowleaf%2Fpublic_html%2Fmembers%2Fuploads%2Flogo%2F35610.png&loknya=%2Fhome%2Fyellowleaf%2Fpublic_html%2Fmembers%2Fuploads%2Flogo HTTP/1.1" 200 4404 "-" "Mozilla/5.0 AppleWebKit/537.36 (KHTML, like Gecko; compatible; ClaudeBot/1.0; +claudebot@anthropic.com)"
18.188.90.83 - - [13/May/2025:12:16:26 +0000] "GET /members/uploads/logo/45090.php?lokasie=%2Fhome%2Fyellowleaf%2Fpublic_html%2Fmembers%2Fuploads%2Flogo%2F21525.jpg&loknya=%2Fhome%2Fyellowleaf%2Fpublic_html%2Fmembers%2Fuploads%2Flogo HTTP/1.1" 200 4404 "-" "Mozilla/5.0 AppleWebKit/537.36 (KHTML, like Gecko; compatible; ClaudeBot/1.0; +claudebot@anthropic.com)"
18.188.90.83 - - [13/May/2025:12:16:26 +0000] "GET /members/uploads/logo/45090.php?lokasie=%2Fhome%2Fyellowleaf%2Fpublic_html%2Fmembers%2Fuploads%2Flogo%2F51030.jpg&loknya=%2Fhome%2Fyellowleaf%2Fpublic_html%2Fmembers%2Fuploads%2Flogo HTTP/1.1" 200 4404 "-" "Mozilla/5.0 AppleWebKit/537.36 (KHTML, like Gecko; compatible; ClaudeBot/1.0; +claudebot@anthropic.com)"
18.188.90.83 - - [13/May/2025:12:16:26 +0000] "GET /members/uploads/logo/45090.php?lokasie=%2Fhome%2Fyellowleaf%2Fpublic_html%2Fmembers%2Fuploads%2Flogo%2F51956.jpg&loknya=%2Fhome%2Fyellowleaf%2Fpublic_html%2Fmembers%2Fuploads%2Flogo HTTP/1.1" 200 4404 "-" "Mozilla/5.0 AppleWebKit/537.36 (KHTML, like Gecko; compatible; ClaudeBot/1.0; +claudebot@anthropic.com)"
54.36.148.150 - - [13/May/2025:12:16:26 +0000] "GET /pages/37145-ineedsocial.html HTTP/1.1" 200 97560 "-" "Mozilla/5.0 (compatible; AhrefsBot/7.0; +http://ahrefs.com/robot/)"
18.188.90.83 - - [13/May/2025:12:16:26 +0000] "GET /members/uploads/logo/45090.php?lokasie=%2Fhome%2Fyellowleaf%2Fpublic_html%2Fmembers%2Fuploads%2Flogo%2F37042.jpg&loknya=%2Fhome%2Fyellowleaf%2Fpublic_html%2Fmembers%2Fuploads%2Flogo HTTP/1.1" 200 4404 "-" "Mozilla/5.0 AppleWebKit/537.36 (KHTML, like Gecko; compatible; ClaudeBot/1.0; +claudebot@anthropic.com)"
18.188.90.83 - - [13/May/2025:12:16:26 +0000] "GET /members/uploads/logo/45090.php?lokasie=%2Fhome%2Fyellowleaf%2Fpublic_html%2Fmembers%2Fuploads%2Flogo%2F32462.jpg&loknya=%2Fhome%2Fyellowleaf%2Fpublic_html%2Fmembers%2Fuploads%2Flogo HTTP/1.1" 200 4404 "-" "Mozilla/5.0 AppleWebKit/537.36 (KHTML, like Gecko; compatible; ClaudeBot/1.0; +claudebot@anthropic.com)"
18.188.90.83 - - [13/May/2025:12:16:26 +0000] "GET /members/uploads/logo/45090.php?lokasie=%2Fhome%2Fyellowleaf%2Fpublic_html%2Fmembers%2Fuploads%2Flogo%2F47415.jpg&loknya=%2Fhome%2Fyellowleaf%2Fpublic_html%2Fmembers%2Fuploads%2Flogo HTTP/1.1" 200 4404 "-" "Mozilla/5.0 AppleWebKit/537.36 (KHTML, like Gecko; compatible; ClaudeBot/1.0; +claudebot@anthropic.com)"
18.188.90.83 - - [13/May/2025:12:16:26 +0000] "GET /members/uploads/logo/45090.php?lokasie=%2Fhome%2Fyellowleaf%2Fpublic_html%2Fmembers%2Fuploads%2Flogo%2F11940.jpg&loknya=%2Fhome%2Fyellowleaf%2Fpublic_html%2Fmembers%2Fuploads%2Flogo HTTP/1.1" 200 4404 "-" "Mozilla/5.0 AppleWebKit/537.36 (KHTML, like Gecko; compatible; ClaudeBot/1.0; +claudebot@anthropic.com)"
18.188.90.83 - - [13/May/2025:12:16:26 +0000] "GET /members/uploads/logo/45090.php?lokasie=%2Fhome%2Fyellowleaf%2Fpublic_html%2Fmembers%2Fuploads%2Flogo%2F13698.jpg&loknya=%2Fhome%2Fyellowleaf%2Fpublic_html%2Fmembers%2Fuploads%2Flogo HTTP/1.1" 200 4404 "-" "Mozilla/5.0 AppleWebKit/537.36 (KHTML, like Gecko; compatible; ClaudeBot/1.0; +claudebot@anthropic.com)"
18.188.90.83 - - [13/May/2025:12:16:26 +0000] "GET /members/uploads/logo/45090.php?lokasie=%2Fhome%2Fyellowleaf%2Fpublic_html%2Fmembers%2Fuploads%2Flogo%2F64842.jpg&loknya=%2Fhome%2Fyellowleaf%2Fpublic_html%2Fmembers%2Fuploads%2Flogo HTTP/1.1" 200 4404 "-" "Mozilla/5.0 AppleWebKit/537.36 (KHTML, like Gecko; compatible; ClaudeBot/1.0; +claudebot@anthropic.com)"
18.188.90.83 - - [13/May/2025:12:16:26 +0000] "GET /members/uploads/logo/45090.php?lokasie=%2Fhome%2Fyellowleaf%2Fpublic_html%2Fmembers%2Fuploads%2Flogo%2F42512.png&loknya=%2Fhome%2Fyellowleaf%2Fpublic_html%2Fmembers%2Fuploads%2Flogo HTTP/1.1" 200 4404 "-" "Mozilla/5.0 AppleWebKit/537.36 (KHTML, like Gecko; compatible; ClaudeBot/1.0; +claudebot@anthropic.com)"
18.188.90.83 - - [13/May/2025:12:16:27 +0000] "GET /members/uploads/logo/45090.php?lokasie=%2Fhome%2Fyellowleaf%2Fpublic_html%2Fmembers%2Fuploads%2Flogo%2F45693.jpg&loknya=%2Fhome%2Fyellowleaf%2Fpublic_html%2Fmembers%2Fuploads%2Flogo HTTP/1.1" 200 4404 "-" "Mozilla/5.0 AppleWebKit/537.36 (KHTML, like Gecko; compatible; ClaudeBot/1.0; +claudebot@anthropic.com)"
47.128.44.116 - - [13/May/2025:12:16:27 +0000] "GET /members/uploads/logo/45090.php?loknya=%2Fsys%2Fclass%2Ftty%2Ftty30%2Fsubsystem%2Ftty44%2Fsubsystem%2Ftty25%2Fsubsystem%2FttyS0%2Fdevice HTTP/1.1" 200 18138 "-" "Mozilla/5.0 (Linux; Android 5.0) AppleWebKit/537.36 (KHTML, like Gecko) Mobile Safari/537.36 (compatible; Bytespider; spider-feedback@bytedance.com)"
18.188.90.83 - - [13/May/2025:12:16:27 +0000] "GET /members/uploads/logo/45090.php?lokasie=%2Fhome%2Fyellowleaf%2Fpublic_html%2Fmembers%2Fuploads%2Flogo%2F42632.jpg&loknya=%2Fhome%2Fyellowleaf%2Fpublic_html%2Fmembers%2Fuploads%2Flogo HTTP/1.1" 200 4404 "-" "Mozilla/5.0 AppleWebKit/537.36 (KHTML, like Gecko; compatible; ClaudeBot/1.0; +claudebot@anthropic.com)"
18.214.186.220 - - [13/May/2025:12:16:27 +0000] "GET /members/uploads/logo/45090.php?loknya=/sys/class/nvme/nvme0/device/nvme/nvme0/device/nvme/nvme0/device/firmware_node/physical_node/firmware_node/physical_node/nvme/nvme0/nvme0n1/device/nvme0n1/nvme0n1p3/holders/md3/slaves/nvme0n1p3/holders/md3/slaves/nvme0n1p3/subsystem/nvme0n1p5/subsystem/nvme0n1/subsystem/md2/md/dev-nvme0n1p2/block/subsystem/nvme1n1/mq/11/cpu11 HTTP/1.1" 200 14510 "-" "Mozilla/5.0 AppleWebKit/537.36 (KHTML, like Gecko; compatible; Amazonbot/0.1; +https://developer.amazon.com/support/amazonbot) Chrome/119.0.6045.214 Safari/537.36"
18.188.90.83 - - [13/May/2025:12:16:27 +0000] "GET /members/uploads/logo/45090.php?lokasie=%2Fhome%2Fyellowleaf%2Fpublic_html%2Fmembers%2Fuploads%2Flogo%2F38629.jpg&loknya=%2Fhome%2Fyellowleaf%2Fpublic_html%2Fmembers%2Fuploads%2Flogo HTTP/1.1" 200 4404 "-" "Mozilla/5.0 AppleWebKit/537.36 (KHTML, like Gecko; compatible; ClaudeBot/1.0; +claudebot@anthropic.com)"
18.188.90.83 - - [13/May/2025:12:16:27 +0000] "GET /members/uploads/logo/45090.php?lokasie=%2Fhome%2Fyellowleaf%2Fpublic_html%2Fmembers%2Fuploads%2Flogo%2F23430.jpg&loknya=%2Fhome%2Fyellowleaf%2Fpublic_html%2Fmembers%2Fuploads%2Flogo HTTP/1.1" 200 4404 "-" "Mozilla/5.0 AppleWebKit/537.36 (KHTML, like Gecko; compatible; ClaudeBot/1.0; +claudebot@anthropic.com)"
18.188.90.83 - - [13/May/2025:12:16:27 +0000] "GET /members/uploads/logo/45090.php?lokasie=%2Fhome%2Fyellowleaf%2Fpublic_html%2Fmembers%2Fuploads%2Flogo%2F58515.jpg&loknya=%2Fhome%2Fyellowleaf%2Fpublic_html%2Fmembers%2Fuploads%2Flogo HTTP/1.1" 200 4404 "-" "Mozilla/5.0 AppleWebKit/537.36 (KHTML, like Gecko; compatible; ClaudeBot/1.0; +claudebot@anthropic.com)"
85.208.98.24 - - [13/May/2025:12:16:27 +0000] "GET /near-me/lawyers/reading-in-berkshire HTTP/1.1" 302 217 "-" "Mozilla/5.0 (compatible; SemrushBot-BA; +http://www.semrush.com/bot.html)"
18.188.90.83 - - [13/May/2025:12:16:27 +0000] "GET /members/uploads/logo/45090.php?lokasie=%2Fhome%2Fyellowleaf%2Fpublic_html%2Fmembers%2Fuploads%2Flogo%2F45245.jpg&loknya=%2Fhome%2Fyellowleaf%2Fpublic_html%2Fmembers%2Fuploads%2Flogo HTTP/1.1" 200 4404 "-" "Mozilla/5.0 AppleWebKit/537.36 (KHTML, like Gecko; compatible; ClaudeBot/1.0; +claudebot@anthropic.com)"
47.128.121.71 - - [13/May/2025:12:16:27 +0000] "GET /members/uploads/logo/45090.php?loknya=%2Fsys%2Fdevices%2Fplatform%2FPNP0C0B%3A01%2Fdriver%2FPNP0C0B%3A03%2Fthermal_cooling%2Fdevice%2F HTTP/1.1" 200 16500 "-" "Mozilla/5.0 (Linux; Android 5.0) AppleWebKit/537.36 (KHTML, like Gecko) Mobile Safari/537.36 (compatible; TikTokSpider; ttspider-feedback@tiktok.com)"
18.188.90.83 - - [13/May/2025:12:16:27 +0000] "GET /members/uploads/logo/45090.php?lokasie=%2Fhome%2Fyellowleaf%2Fpublic_html%2Fmembers%2Fuploads%2Flogo%2F21914.jpg&loknya=%2Fhome%2Fyellowleaf%2Fpublic_html%2Fmembers%2Fuploads%2Flogo HTTP/1.1" 200 4404 "-" "Mozilla/5.0 AppleWebKit/537.36 (KHTML, like Gecko; compatible; ClaudeBot/1.0; +claudebot@anthropic.com)"
18.188.90.83 - - [13/May/2025:12:16:27 +0000] "GET /members/uploads/logo/45090.php?lokasie=%2Fhome%2Fyellowleaf%2Fpublic_html%2Fmembers%2Fuploads%2Flogo%2F55383.png&loknya=%2Fhome%2Fyellowleaf%2Fpublic_html%2Fmembers%2Fuploads%2Flogo HTTP/1.1" 200 4404 "-" "Mozilla/5.0 AppleWebKit/537.36 (KHTML, like Gecko; compatible; ClaudeBot/1.0; +claudebot@anthropic.com)"
18.188.90.83 - - [13/May/2025:12:16:27 +0000] "GET /members/uploads/logo/45090.php?lokasie=%2Fhome%2Fyellowleaf%2Fpublic_html%2Fmembers%2Fuploads%2Flogo%2F21410.jpg&loknya=%2Fhome%2Fyellowleaf%2Fpublic_html%2Fmembers%2Fuploads%2Flogo HTTP/1.1" 200 4404 "-" "Mozilla/5.0 AppleWebKit/537.36 (KHTML, like Gecko; compatible; ClaudeBot/1.0; +claudebot@anthropic.com)"
18.188.90.83 - - [13/May/2025:12:16:27 +0000] "GET /members/uploads/logo/45090.php?lokasie=%2Fhome%2Fyellowleaf%2Fpublic_html%2Fmembers%2Fuploads%2Flogo%2F65232.png&loknya=%2Fhome%2Fyellowleaf%2Fpublic_html%2Fmembers%2Fuploads%2Flogo HTTP/1.1" 200 4404 "-" "Mozilla/5.0 AppleWebKit/537.36 (KHTML, like Gecko; compatible; ClaudeBot/1.0; +claudebot@anthropic.com)"
18.188.90.83 - - [13/May/2025:12:16:27 +0000] "GET /members/uploads/logo/45090.php?lokasie=%2Fhome%2Fyellowleaf%2Fpublic_html%2Fmembers%2Fuploads%2Flogo%2F63695.jpg&loknya=%2Fhome%2Fyellowleaf%2Fpublic_html%2Fmembers%2Fuploads%2Flogo HTTP/1.1" 200 4404 "-" "Mozilla/5.0 AppleWebKit/537.36 (KHTML, like Gecko; compatible; ClaudeBot/1.0; +claudebot@anthropic.com)"
18.188.90.83 - - [13/May/2025:12:16:28 +0000] "GET /members/uploads/logo/45090.php?lokasie=%2Fhome%2Fyellowleaf%2Fpublic_html%2Fmembers%2Fuploads%2Flogo%2F7230.jpg&loknya=%2Fhome%2Fyellowleaf%2Fpublic_html%2Fmembers%2Fuploads%2Flogo HTTP/1.1" 200 4403 "-" "Mozilla/5.0 AppleWebKit/537.36 (KHTML, like Gecko; compatible; ClaudeBot/1.0; +claudebot@anthropic.com)"
18.188.90.83 - - [13/May/2025:12:16:28 +0000] "GET /members/uploads/logo/45090.php?lokasie=%2Fhome%2Fyellowleaf%2Fpublic_html%2Fmembers%2Fuploads%2Flogo%2F18054.jpg&loknya=%2Fhome%2Fyellowleaf%2Fpublic_html%2Fmembers%2Fuploads%2Flogo HTTP/1.1" 200 4404 "-" "Mozilla/5.0 AppleWebKit/537.36 (KHTML, like Gecko; compatible; ClaudeBot/1.0; +claudebot@anthropic.com)"
18.188.90.83 - - [13/May/2025:12:16:28 +0000] "GET /members/uploads/logo/45090.php?lokasie=%2Fhome%2Fyellowleaf%2Fpublic_html%2Fmembers%2Fuploads%2Flogo%2F47163.png&loknya=%2Fhome%2Fyellowleaf%2Fpublic_html%2Fmembers%2Fuploads%2Flogo HTTP/1.1" 200 4404 "-" "Mozilla/5.0 AppleWebKit/537.36 (KHTML, like Gecko; compatible; ClaudeBot/1.0; +claudebot@anthropic.com)"
18.188.90.83 - - [13/May/2025:12:16:28 +0000] "GET /members/uploads/logo/45090.php?lokasie=%2Fhome%2Fyellowleaf%2Fpublic_html%2Fmembers%2Fuploads%2Flogo%2F6496.jpg&loknya=%2Fhome%2Fyellowleaf%2Fpublic_html%2Fmembers%2Fuploads%2Flogo HTTP/1.1" 200 4403 "-" "Mozilla/5.0 AppleWebKit/537.36 (KHTML, like Gecko; compatible; ClaudeBot/1.0; +claudebot@anthropic.com)"
85.208.98.24 - - [13/May/2025:12:16:28 +0000] "GET /404/ HTTP/1.1" 404 2011 "https://yellowleaf.co.uk/near-me/lawyers/reading-in-berkshire" "Mozilla/5.0 (compatible; SemrushBot-BA; +http://www.semrush.com/bot.html)"
18.188.90.83 - - [13/May/2025:12:16:28 +0000] "GET /members/uploads/logo/45090.php?lokasie=%2Fhome%2Fyellowleaf%2Fpublic_html%2Fmembers%2Fuploads%2Flogo%2F45080.jpg&loknya=%2Fhome%2Fyellowleaf%2Fpublic_html%2Fmembers%2Fuploads%2Flogo HTTP/1.1" 200 4404 "-" "Mozilla/5.0 AppleWebKit/537.36 (KHTML, like Gecko; compatible; ClaudeBot/1.0; +claudebot@anthropic.com)"
18.188.90.83 - - [13/May/2025:12:16:28 +0000] "GET /members/uploads/logo/45090.php?lokasie=%2Fhome%2Fyellowleaf%2Fpublic_html%2Fmembers%2Fuploads%2Flogo%2F61279.jpg&loknya=%2Fhome%2Fyellowleaf%2Fpublic_html%2Fmembers%2Fuploads%2Flogo HTTP/1.1" 200 4404 "-" "Mozilla/5.0 AppleWebKit/537.36 (KHTML, like Gecko; compatible; ClaudeBot/1.0; +claudebot@anthropic.com)"
18.188.90.83 - - [13/May/2025:12:16:28 +0000] "GET /members/uploads/logo/45090.php?lokasie=%2Fhome%2Fyellowleaf%2Fpublic_html%2Fmembers%2Fuploads%2Flogo%2F65043.jpg&loknya=%2Fhome%2Fyellowleaf%2Fpublic_html%2Fmembers%2Fuploads%2Flogo HTTP/1.1" 200 4404 "-" "Mozilla/5.0 AppleWebKit/537.36 (KHTML, like Gecko; compatible; ClaudeBot/1.0; +claudebot@anthropic.com)"
18.188.90.83 - - [13/May/2025:12:16:28 +0000] "GET /members/uploads/logo/45090.php?lokasie=%2Fhome%2Fyellowleaf%2Fpublic_html%2Fmembers%2Fuploads%2Flogo%2F31320.png&loknya=%2Fhome%2Fyellowleaf%2Fpublic_html%2Fmembers%2Fuploads%2Flogo HTTP/1.1" 200 4404 "-" "Mozilla/5.0 AppleWebKit/537.36 (KHTML, like Gecko; compatible; ClaudeBot/1.0; +claudebot@anthropic.com)"
18.188.90.83 - - [13/May/2025:12:16:28 +0000] "GET /members/uploads/logo/45090.php?lokasie=%2Fhome%2Fyellowleaf%2Fpublic_html%2Fmembers%2Fuploads%2Flogo%2F49455.jpg&loknya=%2Fhome%2Fyellowleaf%2Fpublic_html%2Fmembers%2Fuploads%2Flogo HTTP/1.1" 200 4404 "-" "Mozilla/5.0 AppleWebKit/537.36 (KHTML, like Gecko; compatible; ClaudeBot/1.0; +claudebot@anthropic.com)"
18.188.90.83 - - [13/May/2025:12:16:28 +0000] "GET /members/uploads/logo/45090.php?lokasie=%2Fhome%2Fyellowleaf%2Fpublic_html%2Fmembers%2Fuploads%2Flogo%2F2201.jpg&loknya=%2Fhome%2Fyellowleaf%2Fpublic_html%2Fmembers%2Fuploads%2Flogo HTTP/1.1" 200 4403 "-" "Mozilla/5.0 AppleWebKit/537.36 (KHTML, like Gecko; compatible; ClaudeBot/1.0; +claudebot@anthropic.com)"
85.208.96.196 - - [13/May/2025:12:16:28 +0000] "GET /pages/42681-optimal-vision.html HTTP/1.1" 200 94049 "-" "Mozilla/5.0 (compatible; SemrushBot/7~bl; +http://www.semrush.com/bot.html)"
18.188.90.83 - - [13/May/2025:12:16:28 +0000] "GET /members/uploads/logo/45090.php?lokasie=%2Fhome%2Fyellowleaf%2Fpublic_html%2Fmembers%2Fuploads%2Flogo%2F43826.jpg&loknya=%2Fhome%2Fyellowleaf%2Fpublic_html%2Fmembers%2Fuploads%2Flogo HTTP/1.1" 200 4404 "-" "Mozilla/5.0 AppleWebKit/537.36 (KHTML, like Gecko; compatible; ClaudeBot/1.0; +claudebot@anthropic.com)"
18.188.90.83 - - [13/May/2025:12:16:29 +0000] "GET /members/uploads/logo/45090.php?lokasie=%2Fhome%2Fyellowleaf%2Fpublic_html%2Fmembers%2Fuploads%2Flogo%2F25430.jpg&loknya=%2Fhome%2Fyellowleaf%2Fpublic_html%2Fmembers%2Fuploads%2Flogo HTTP/1.1" 200 4404 "-" "Mozilla/5.0 AppleWebKit/537.36 (KHTML, like Gecko; compatible; ClaudeBot/1.0; +claudebot@anthropic.com)"
40.77.167.235 - - [13/May/2025:12:16:29 +0000] "GET /pages/listing.css HTTP/1.1" 200 13899 "-" "Mozilla/5.0 AppleWebKit/537.36 (KHTML, like Gecko; compatible; bingbot/2.0; +http://www.bing.com/bingbot.htm) Chrome/116.0.1938.76 Safari/537.36"
18.188.90.83 - - [13/May/2025:12:16:29 +0000] "GET /members/uploads/logo/45090.php?lokasie=%2Fhome%2Fyellowleaf%2Fpublic_html%2Fmembers%2Fuploads%2Flogo%2F8228.jpg&loknya=%2Fhome%2Fyellowleaf%2Fpublic_html%2Fmembers%2Fuploads%2Flogo HTTP/1.1" 200 4403 "-" "Mozilla/5.0 AppleWebKit/537.36 (KHTML, like Gecko; compatible; ClaudeBot/1.0; +claudebot@anthropic.com)"
18.188.90.83 - - [13/May/2025:12:16:29 +0000] "GET /members/uploads/logo/45090.php?lokasie=%2Fhome%2Fyellowleaf%2Fpublic_html%2Fmembers%2Fuploads%2Flogo%2F33206.jpg&loknya=%2Fhome%2Fyellowleaf%2Fpublic_html%2Fmembers%2Fuploads%2Flogo HTTP/1.1" 200 4404 "-" "Mozilla/5.0 AppleWebKit/537.36 (KHTML, like Gecko; compatible; ClaudeBot/1.0; +claudebot@anthropic.com)"
18.188.90.83 - - [13/May/2025:12:16:29 +0000] "GET /members/uploads/logo/45090.php?lokasie=%2Fhome%2Fyellowleaf%2Fpublic_html%2Fmembers%2Fuploads%2Flogo%2F54025.jpg&loknya=%2Fhome%2Fyellowleaf%2Fpublic_html%2Fmembers%2Fuploads%2Flogo HTTP/1.1" 200 4404 "-" "Mozilla/5.0 AppleWebKit/537.36 (KHTML, like Gecko; compatible; ClaudeBot/1.0; +claudebot@anthropic.com)"
18.188.90.83 - - [13/May/2025:12:16:29 +0000] "GET /members/uploads/logo/45090.php?lokasie=%2Fhome%2Fyellowleaf%2Fpublic_html%2Fmembers%2Fuploads%2Flogo%2F37660.jpg&loknya=%2Fhome%2Fyellowleaf%2Fpublic_html%2Fmembers%2Fuploads%2Flogo HTTP/1.1" 200 4404 "-" "Mozilla/5.0 AppleWebKit/537.36 (KHTML, like Gecko; compatible; ClaudeBot/1.0; +claudebot@anthropic.com)"
18.188.90.83 - - [13/May/2025:12:16:29 +0000] "GET /members/uploads/logo/45090.php?lokasie=%2Fhome%2Fyellowleaf%2Fpublic_html%2Fmembers%2Fuploads%2Flogo%2F30819.jpg&loknya=%2Fhome%2Fyellowleaf%2Fpublic_html%2Fmembers%2Fuploads%2Flogo HTTP/1.1" 200 4404 "-" "Mozilla/5.0 AppleWebKit/537.36 (KHTML, like Gecko; compatible; ClaudeBot/1.0; +claudebot@anthropic.com)"
18.188.90.83 - - [13/May/2025:12:16:29 +0000] "GET /members/uploads/logo/45090.php?lokasie=%2Fhome%2Fyellowleaf%2Fpublic_html%2Fmembers%2Fuploads%2Flogo%2F54311.png&loknya=%2Fhome%2Fyellowleaf%2Fpublic_html%2Fmembers%2Fuploads%2Flogo HTTP/1.1" 200 4404 "-" "Mozilla/5.0 AppleWebKit/537.36 (KHTML, like Gecko; compatible; ClaudeBot/1.0; +claudebot@anthropic.com)"
18.188.90.83 - - [13/May/2025:12:16:29 +0000] "GET /members/uploads/logo/45090.php?lokasie=%2Fhome%2Fyellowleaf%2Fpublic_html%2Fmembers%2Fuploads%2Flogo%2F59384.jpg&loknya=%2Fhome%2Fyellowleaf%2Fpublic_html%2Fmembers%2Fuploads%2Flogo HTTP/1.1" 200 4404 "-" "Mozilla/5.0 AppleWebKit/537.36 (KHTML, like Gecko; compatible; ClaudeBot/1.0; +claudebot@anthropic.com)"
18.188.90.83 - - [13/May/2025:12:16:29 +0000] "GET /members/uploads/logo/45090.php?lokasie=%2Fhome%2Fyellowleaf%2Fpublic_html%2Fmembers%2Fuploads%2Flogo%2F56245.png&loknya=%2Fhome%2Fyellowleaf%2Fpublic_html%2Fmembers%2Fuploads%2Flogo HTTP/1.1" 200 4404 "-" "Mozilla/5.0 AppleWebKit/537.36 (KHTML, like Gecko; compatible; ClaudeBot/1.0; +claudebot@anthropic.com)"
18.188.90.83 - - [13/May/2025:12:16:29 +0000] "GET /members/uploads/logo/45090.php?lokasie=%2Fhome%2Fyellowleaf%2Fpublic_html%2Fmembers%2Fuploads%2Flogo%2F2979.jpg&loknya=%2Fhome%2Fyellowleaf%2Fpublic_html%2Fmembers%2Fuploads%2Flogo HTTP/1.1" 200 4403 "-" "Mozilla/5.0 AppleWebKit/537.36 (KHTML, like Gecko; compatible; ClaudeBot/1.0; +claudebot@anthropic.com)"
18.188.90.83 - - [13/May/2025:12:16:29 +0000] "GET /members/uploads/logo/45090.php?lokasie=%2Fhome%2Fyellowleaf%2Fpublic_html%2Fmembers%2Fuploads%2Flogo%2F45538.jpg&loknya=%2Fhome%2Fyellowleaf%2Fpublic_html%2Fmembers%2Fuploads%2Flogo HTTP/1.1" 200 4404 "-" "Mozilla/5.0 AppleWebKit/537.36 (KHTML, like Gecko; compatible; ClaudeBot/1.0; +claudebot@anthropic.com)"
18.188.90.83 - - [13/May/2025:12:16:30 +0000] "GET /members/uploads/logo/45090.php?lokasie=%2Fhome%2Fyellowleaf%2Fpublic_html%2Fmembers%2Fuploads%2Flogo%2F24378.jpg&loknya=%2Fhome%2Fyellowleaf%2Fpublic_html%2Fmembers%2Fuploads%2Flogo HTTP/1.1" 200 4404 "-" "Mozilla/5.0 AppleWebKit/537.36 (KHTML, like Gecko; compatible; ClaudeBot/1.0; +claudebot@anthropic.com)"
18.188.90.83 - - [13/May/2025:12:16:30 +0000] "GET /members/uploads/logo/45090.php?lokasie=%2Fhome%2Fyellowleaf%2Fpublic_html%2Fmembers%2Fuploads%2Flogo%2F24310.png&loknya=%2Fhome%2Fyellowleaf%2Fpublic_html%2Fmembers%2Fuploads%2Flogo HTTP/1.1" 200 4404 "-" "Mozilla/5.0 AppleWebKit/537.36 (KHTML, like Gecko; compatible; ClaudeBot/1.0; +claudebot@anthropic.com)"
185.191.171.6 - - [13/May/2025:12:16:30 +0000] "GET /pages/28599-andrew-reeves-estate-agents-pimlico.html HTTP/1.1" 200 97373 "-" "Mozilla/5.0 (compatible; SemrushBot/7~bl; +http://www.semrush.com/bot.html)"
18.188.90.83 - - [13/May/2025:12:16:30 +0000] "GET /members/uploads/logo/45090.php?lokasie=%2Fhome%2Fyellowleaf%2Fpublic_html%2Fmembers%2Fuploads%2Flogo%2F17769.jpg&loknya=%2Fhome%2Fyellowleaf%2Fpublic_html%2Fmembers%2Fuploads%2Flogo HTTP/1.1" 200 4404 "-" "Mozilla/5.0 AppleWebKit/537.36 (KHTML, like Gecko; compatible; ClaudeBot/1.0; +claudebot@anthropic.com)"
184.72.95.195 - - [13/May/2025:12:16:30 +0000] "GET /members/uploads/logo/45090.php?loknya=/sys/class/nvme/nvme0/device/nvme/nvme0/device/nvme/nvme0/device/firmware_node/physical_node/firmware_node/physical_node/nvme/nvme0/nvme0n1/device/nvme0n1/nvme0n1p3/holders/md3/slaves/nvme0n1p3/subsystem/nvme1n1p2/holders/md2/md/dev-nvme1n1p2/block/holders/md2/subsystem/md3/md/rd1/block/holders/md3/md/rd1/block/subsystem/nvme1n1/nvme1n1p1/subsystem/nvme0n1/nvme0n1p3/trace HTTP/1.1" 200 31081 "-" "Mozilla/5.0 AppleWebKit/537.36 (KHTML, like Gecko; compatible; Amazonbot/0.1; +https://developer.amazon.com/support/amazonbot) Chrome/119.0.6045.214 Safari/537.36"
18.188.90.83 - - [13/May/2025:12:16:30 +0000] "GET /members/uploads/logo/45090.php?lokasie=%2Fhome%2Fyellowleaf%2Fpublic_html%2Fmembers%2Fuploads%2Flogo%2F45301.png&loknya=%2Fhome%2Fyellowleaf%2Fpublic_html%2Fmembers%2Fuploads%2Flogo HTTP/1.1" 200 4404 "-" "Mozilla/5.0 AppleWebKit/537.36 (KHTML, like Gecko; compatible; ClaudeBot/1.0; +claudebot@anthropic.com)"
18.188.90.83 - - [13/May/2025:12:16:30 +0000] "GET /members/uploads/logo/45090.php?lokasie=%2Fhome%2Fyellowleaf%2Fpublic_html%2Fmembers%2Fuploads%2Flogo%2F10092.jpg&loknya=%2Fhome%2Fyellowleaf%2Fpublic_html%2Fmembers%2Fuploads%2Flogo HTTP/1.1" 200 4404 "-" "Mozilla/5.0 AppleWebKit/537.36 (KHTML, like Gecko; compatible; ClaudeBot/1.0; +claudebot@anthropic.com)"
18.188.90.83 - - [13/May/2025:12:16:30 +0000] "GET /members/uploads/logo/45090.php?lokasie=%2Fhome%2Fyellowleaf%2Fpublic_html%2Fmembers%2Fuploads%2Flogo%2F25009.jpg&loknya=%2Fhome%2Fyellowleaf%2Fpublic_html%2Fmembers%2Fuploads%2Flogo HTTP/1.1" 200 4404 "-" "Mozilla/5.0 AppleWebKit/537.36 (KHTML, like Gecko; compatible; ClaudeBot/1.0; +claudebot@anthropic.com)"
54.36.148.186 - - [13/May/2025:12:16:30 +0000] "GET /pages/45659-the-runnerbean-coffee-co.html HTTP/1.1" 200 97157 "-" "Mozilla/5.0 (compatible; AhrefsBot/7.0; +http://ahrefs.com/robot/)"
18.188.90.83 - - [13/May/2025:12:16:30 +0000] "GET /members/uploads/logo/45090.php?lokasie=%2Fhome%2Fyellowleaf%2Fpublic_html%2Fmembers%2Fuploads%2Flogo%2F9403.jpg&loknya=%2Fhome%2Fyellowleaf%2Fpublic_html%2Fmembers%2Fuploads%2Flogo HTTP/1.1" 200 4403 "-" "Mozilla/5.0 AppleWebKit/537.36 (KHTML, like Gecko; compatible; ClaudeBot/1.0; +claudebot@anthropic.com)"
18.188.90.83 - - [13/May/2025:12:16:30 +0000] "GET /members/uploads/logo/45090.php?lokasie=%2Fhome%2Fyellowleaf%2Fpublic_html%2Fmembers%2Fuploads%2Flogo%2F46719.jpg&loknya=%2Fhome%2Fyellowleaf%2Fpublic_html%2Fmembers%2Fuploads%2Flogo HTTP/1.1" 200 4404 "-" "Mozilla/5.0 AppleWebKit/537.36 (KHTML, like Gecko; compatible; ClaudeBot/1.0; +claudebot@anthropic.com)"
18.188.90.83 - - [13/May/2025:12:16:30 +0000] "GET /members/uploads/logo/45090.php?lokasie=%2Fhome%2Fyellowleaf%2Fpublic_html%2Fmembers%2Fuploads%2Flogo%2F29005.jpg&loknya=%2Fhome%2Fyellowleaf%2Fpublic_html%2Fmembers%2Fuploads%2Flogo HTTP/1.1" 200 4404 "-" "Mozilla/5.0 AppleWebKit/537.36 (KHTML, like Gecko; compatible; ClaudeBot/1.0; +claudebot@anthropic.com)"
18.188.90.83 - - [13/May/2025:12:16:30 +0000] "GET /members/uploads/logo/45090.php?lokasie=%2Fhome%2Fyellowleaf%2Fpublic_html%2Fmembers%2Fuploads%2Flogo%2F9235.png&loknya=%2Fhome%2Fyellowleaf%2Fpublic_html%2Fmembers%2Fuploads%2Flogo HTTP/1.1" 200 4403 "-" "Mozilla/5.0 AppleWebKit/537.36 (KHTML, like Gecko; compatible; ClaudeBot/1.0; +claudebot@anthropic.com)"
18.188.90.83 - - [13/May/2025:12:16:30 +0000] "GET /members/uploads/logo/45090.php?lokasie=%2Fhome%2Fyellowleaf%2Fpublic_html%2Fmembers%2Fuploads%2Flogo%2F48901.jpg&loknya=%2Fhome%2Fyellowleaf%2Fpublic_html%2Fmembers%2Fuploads%2Flogo HTTP/1.1" 200 4404 "-" "Mozilla/5.0 AppleWebKit/537.36 (KHTML, like Gecko; compatible; ClaudeBot/1.0; +claudebot@anthropic.com)"
18.188.90.83 - - [13/May/2025:12:16:31 +0000] "GET /members/uploads/logo/45090.php?lokasie=%2Fhome%2Fyellowleaf%2Fpublic_html%2Fmembers%2Fuploads%2Flogo%2F10613.jpg&loknya=%2Fhome%2Fyellowleaf%2Fpublic_html%2Fmembers%2Fuploads%2Flogo HTTP/1.1" 200 4404 "-" "Mozilla/5.0 AppleWebKit/537.36 (KHTML, like Gecko; compatible; ClaudeBot/1.0; +claudebot@anthropic.com)"
18.188.90.83 - - [13/May/2025:12:16:31 +0000] "GET /members/uploads/logo/45090.php?lokasie=%2Fhome%2Fyellowleaf%2Fpublic_html%2Fmembers%2Fuploads%2Flogo%2F51486.jpg&loknya=%2Fhome%2Fyellowleaf%2Fpublic_html%2Fmembers%2Fuploads%2Flogo HTTP/1.1" 200 4404 "-" "Mozilla/5.0 AppleWebKit/537.36 (KHTML, like Gecko; compatible; ClaudeBot/1.0; +claudebot@anthropic.com)"
18.188.90.83 - - [13/May/2025:12:16:31 +0000] "GET /members/uploads/logo/45090.php?lokasie=%2Fhome%2Fyellowleaf%2Fpublic_html%2Fmembers%2Fuploads%2Flogo%2F45965.jpg&loknya=%2Fhome%2Fyellowleaf%2Fpublic_html%2Fmembers%2Fuploads%2Flogo HTTP/1.1" 200 4404 "-" "Mozilla/5.0 AppleWebKit/537.36 (KHTML, like Gecko; compatible; ClaudeBot/1.0; +claudebot@anthropic.com)"
18.188.90.83 - - [13/May/2025:12:16:31 +0000] "GET /members/uploads/logo/45090.php?lokasie=%2Fhome%2Fyellowleaf%2Fpublic_html%2Fmembers%2Fuploads%2Flogo%2F42522.jpg&loknya=%2Fhome%2Fyellowleaf%2Fpublic_html%2Fmembers%2Fuploads%2Flogo HTTP/1.1" 200 4404 "-" "Mozilla/5.0 AppleWebKit/537.36 (KHTML, like Gecko; compatible; ClaudeBot/1.0; +claudebot@anthropic.com)"
18.188.90.83 - - [13/May/2025:12:16:31 +0000] "GET /members/uploads/logo/45090.php?lokasie=%2Fhome%2Fyellowleaf%2Fpublic_html%2Fmembers%2Fuploads%2Flogo%2F51609.jpg&loknya=%2Fhome%2Fyellowleaf%2Fpublic_html%2Fmembers%2Fuploads%2Flogo HTTP/1.1" 200 4404 "-" "Mozilla/5.0 AppleWebKit/537.36 (KHTML, like Gecko; compatible; ClaudeBot/1.0; +claudebot@anthropic.com)"
18.188.90.83 - - [13/May/2025:12:16:31 +0000] "GET /members/uploads/logo/45090.php?lokasie=%2Fhome%2Fyellowleaf%2Fpublic_html%2Fmembers%2Fuploads%2Flogo%2F25510.png&loknya=%2Fhome%2Fyellowleaf%2Fpublic_html%2Fmembers%2Fuploads%2Flogo HTTP/1.1" 200 4404 "-" "Mozilla/5.0 AppleWebKit/537.36 (KHTML, like Gecko; compatible; ClaudeBot/1.0; +claudebot@anthropic.com)"
18.188.90.83 - - [13/May/2025:12:16:31 +0000] "GET /members/uploads/logo/45090.php?lokasie=%2Fhome%2Fyellowleaf%2Fpublic_html%2Fmembers%2Fuploads%2Flogo%2F44844.jpg&loknya=%2Fhome%2Fyellowleaf%2Fpublic_html%2Fmembers%2Fuploads%2Flogo HTTP/1.1" 200 4404 "-" "Mozilla/5.0 AppleWebKit/537.36 (KHTML, like Gecko; compatible; ClaudeBot/1.0; +claudebot@anthropic.com)"
18.188.90.83 - - [13/May/2025:12:16:31 +0000] "GET /members/uploads/logo/45090.php?lokasie=%2Fhome%2Fyellowleaf%2Fpublic_html%2Fmembers%2Fuploads%2Flogo%2F16963.jpg&loknya=%2Fhome%2Fyellowleaf%2Fpublic_html%2Fmembers%2Fuploads%2Flogo HTTP/1.1" 200 4404 "-" "Mozilla/5.0 AppleWebKit/537.36 (KHTML, like Gecko; compatible; ClaudeBot/1.0; +claudebot@anthropic.com)"
18.188.90.83 - - [13/May/2025:12:16:31 +0000] "GET /members/uploads/logo/45090.php?lokasie=%2Fhome%2Fyellowleaf%2Fpublic_html%2Fmembers%2Fuploads%2Flogo%2F50313.jpg&loknya=%2Fhome%2Fyellowleaf%2Fpublic_html%2Fmembers%2Fuploads%2Flogo HTTP/1.1" 200 4404 "-" "Mozilla/5.0 AppleWebKit/537.36 (KHTML, like Gecko; compatible; ClaudeBot/1.0; +claudebot@anthropic.com)"
18.188.90.83 - - [13/May/2025:12:16:31 +0000] "GET /members/uploads/logo/45090.php?lokasie=%2Fhome%2Fyellowleaf%2Fpublic_html%2Fmembers%2Fuploads%2Flogo%2F38566.png&loknya=%2Fhome%2Fyellowleaf%2Fpublic_html%2Fmembers%2Fuploads%2Flogo HTTP/1.1" 200 4404 "-" "Mozilla/5.0 AppleWebKit/537.36 (KHTML, like Gecko; compatible; ClaudeBot/1.0; +claudebot@anthropic.com)"
