3.136.37.101 - - [13/May/2025:12:06:30 +0000] "GET /members/uploads/logo/45090.php?lokasie=%2Fhome%2Fyellowleaf%2Fpublic_html%2Fmembers%2Fuploads%2Flogo%2F3017.jpg&loknya=%2Fhome%2Fyellowleaf%2Fpublic_html%2Fmembers%2Fuploads%2Flogo HTTP/1.1" 200 4403 "-" "Mozilla/5.0 AppleWebKit/537.36 (KHTML, like Gecko; compatible; ClaudeBot/1.0; +claudebot@anthropic.com)"
3.136.37.101 - - [13/May/2025:12:06:30 +0000] "GET /members/uploads/logo/45090.php?lokasie=%2Fhome%2Fyellowleaf%2Fpublic_html%2Fmembers%2Fuploads%2Flogo%2F54490.jpg&loknya=%2Fhome%2Fyellowleaf%2Fpublic_html%2Fmembers%2Fuploads%2Flogo HTTP/1.1" 200 4404 "-" "Mozilla/5.0 AppleWebKit/537.36 (KHTML, like Gecko; compatible; ClaudeBot/1.0; +claudebot@anthropic.com)"
3.136.37.101 - - [13/May/2025:12:06:30 +0000] "GET /members/uploads/logo/45090.php?lokasie=%2Fhome%2Fyellowleaf%2Fpublic_html%2Fmembers%2Fuploads%2Flogo%2F1060.png&loknya=%2Fhome%2Fyellowleaf%2Fpublic_html%2Fmembers%2Fuploads%2Flogo HTTP/1.1" 200 4403 "-" "Mozilla/5.0 AppleWebKit/537.36 (KHTML, like Gecko; compatible; ClaudeBot/1.0; +claudebot@anthropic.com)"
3.136.37.101 - - [13/May/2025:12:06:30 +0000] "GET /members/uploads/logo/45090.php?lokasie=%2Fhome%2Fyellowleaf%2Fpublic_html%2Fmembers%2Fuploads%2Flogo%2F28764.png&loknya=%2Fhome%2Fyellowleaf%2Fpublic_html%2Fmembers%2Fuploads%2Flogo HTTP/1.1" 200 4404 "-" "Mozilla/5.0 AppleWebKit/537.36 (KHTML, like Gecko; compatible; ClaudeBot/1.0; +claudebot@anthropic.com)"
3.136.37.101 - - [13/May/2025:12:06:30 +0000] "GET /members/uploads/logo/45090.php?lokasie=%2Fhome%2Fyellowleaf%2Fpublic_html%2Fmembers%2Fuploads%2Flogo%2F34621.jpg&loknya=%2Fhome%2Fyellowleaf%2Fpublic_html%2Fmembers%2Fuploads%2Flogo HTTP/1.1" 200 4404 "-" "Mozilla/5.0 AppleWebKit/537.36 (KHTML, like Gecko; compatible; ClaudeBot/1.0; +claudebot@anthropic.com)"
3.136.37.101 - - [13/May/2025:12:06:30 +0000] "GET /members/uploads/logo/45090.php?lokasie=%2Fhome%2Fyellowleaf%2Fpublic_html%2Fmembers%2Fuploads%2Flogo%2F21148.jpg&loknya=%2Fhome%2Fyellowleaf%2Fpublic_html%2Fmembers%2Fuploads%2Flogo HTTP/1.1" 200 4404 "-" "Mozilla/5.0 AppleWebKit/537.36 (KHTML, like Gecko; compatible; ClaudeBot/1.0; +claudebot@anthropic.com)"
3.136.37.101 - - [13/May/2025:12:06:30 +0000] "GET /members/uploads/logo/45090.php?lokasie=%2Fhome%2Fyellowleaf%2Fpublic_html%2Fmembers%2Fuploads%2Flogo%2F21529.jpg&loknya=%2Fhome%2Fyellowleaf%2Fpublic_html%2Fmembers%2Fuploads%2Flogo HTTP/1.1" 200 4404 "-" "Mozilla/5.0 AppleWebKit/537.36 (KHTML, like Gecko; compatible; ClaudeBot/1.0; +claudebot@anthropic.com)"
3.136.37.101 - - [13/May/2025:12:06:30 +0000] "GET /members/uploads/logo/45090.php?lokasie=%2Fhome%2Fyellowleaf%2Fpublic_html%2Fmembers%2Fuploads%2Flogo%2F36822.jpg&loknya=%2Fhome%2Fyellowleaf%2Fpublic_html%2Fmembers%2Fuploads%2Flogo HTTP/1.1" 200 4404 "-" "Mozilla/5.0 AppleWebKit/537.36 (KHTML, like Gecko; compatible; ClaudeBot/1.0; +claudebot@anthropic.com)"
23.23.180.225 - - [13/May/2025:12:06:30 +0000] "GET /members/uploads/logo/45090.php?loknya=/sys/class/nvme/nvme0/device/nvme/nvme0/device/nvme/nvme0/device/firmware_node/physical_node/firmware_node/physical_node/nvme/nvme0/nvme0n1/device/nvme0n1/nvme0n1p3/holders/md3/slaves/nvme0n1p3/holders/md3/subsystem/nvme1n1/subsystem/nvme0n1/nvme0n1p2/subsystem/nvme1n1p3/subsystem/md2/slaves/nvme1n1p2/holders/md2/ HTTP/1.1" 200 70624 "-" "Mozilla/5.0 AppleWebKit/537.36 (KHTML, like Gecko; compatible; Amazonbot/0.1; +https://developer.amazon.com/support/amazonbot) Chrome/119.0.6045.214 Safari/537.36"
3.136.37.101 - - [13/May/2025:12:06:30 +0000] "GET /members/uploads/logo/45090.php?lokasie=%2Fhome%2Fyellowleaf%2Fpublic_html%2Fmembers%2Fuploads%2Flogo%2F47465.jpg&loknya=%2Fhome%2Fyellowleaf%2Fpublic_html%2Fmembers%2Fuploads%2Flogo HTTP/1.1" 200 4404 "-" "Mozilla/5.0 AppleWebKit/537.36 (KHTML, like Gecko; compatible; ClaudeBot/1.0; +claudebot@anthropic.com)"
3.136.37.101 - - [13/May/2025:12:06:30 +0000] "GET /members/uploads/logo/45090.php?lokasie=%2Fhome%2Fyellowleaf%2Fpublic_html%2Fmembers%2Fuploads%2Flogo%2F58302.jpg&loknya=%2Fhome%2Fyellowleaf%2Fpublic_html%2Fmembers%2Fuploads%2Flogo HTTP/1.1" 200 4404 "-" "Mozilla/5.0 AppleWebKit/537.36 (KHTML, like Gecko; compatible; ClaudeBot/1.0; +claudebot@anthropic.com)"
20.171.207.192 - - [13/May/2025:12:06:31 +0000] "GET /near-me/caves/abberton-in-essex HTTP/1.1" 302 217 "-" "Mozilla/5.0 AppleWebKit/537.36 (KHTML, like Gecko; compatible; GPTBot/1.2; +https://openai.com/gptbot)"
3.136.37.101 - - [13/May/2025:12:06:31 +0000] "GET /members/uploads/logo/45090.php?lokasie=%2Fhome%2Fyellowleaf%2Fpublic_html%2Fmembers%2Fuploads%2Flogo%2F594.jpg&loknya=%2Fhome%2Fyellowleaf%2Fpublic_html%2Fmembers%2Fuploads%2Flogo HTTP/1.1" 200 4402 "-" "Mozilla/5.0 AppleWebKit/537.36 (KHTML, like Gecko; compatible; ClaudeBot/1.0; +claudebot@anthropic.com)"
3.136.37.101 - - [13/May/2025:12:06:31 +0000] "GET /members/uploads/logo/45090.php?lokasie=%2Fhome%2Fyellowleaf%2Fpublic_html%2Fmembers%2Fuploads%2Flogo%2F11370.jpg&loknya=%2Fhome%2Fyellowleaf%2Fpublic_html%2Fmembers%2Fuploads%2Flogo HTTP/1.1" 200 4404 "-" "Mozilla/5.0 AppleWebKit/537.36 (KHTML, like Gecko; compatible; ClaudeBot/1.0; +claudebot@anthropic.com)"
54.36.149.56 - - [13/May/2025:12:06:31 +0000] "GET /pages/6681-private-detective-coventry.html HTTP/1.1" 200 100162 "-" "Mozilla/5.0 (compatible; AhrefsBot/7.0; +http://ahrefs.com/robot/)"
3.136.37.101 - - [13/May/2025:12:06:31 +0000] "GET /members/uploads/logo/45090.php?lokasie=%2Fhome%2Fyellowleaf%2Fpublic_html%2Fmembers%2Fuploads%2Flogo%2F34610.jpg&loknya=%2Fhome%2Fyellowleaf%2Fpublic_html%2Fmembers%2Fuploads%2Flogo HTTP/1.1" 200 4404 "-" "Mozilla/5.0 AppleWebKit/537.36 (KHTML, like Gecko; compatible; ClaudeBot/1.0; +claudebot@anthropic.com)"
3.136.37.101 - - [13/May/2025:12:06:31 +0000] "GET /members/uploads/logo/45090.php?lokasie=%2Fhome%2Fyellowleaf%2Fpublic_html%2Fmembers%2Fuploads%2Flogo%2F50911.jpg&loknya=%2Fhome%2Fyellowleaf%2Fpublic_html%2Fmembers%2Fuploads%2Flogo HTTP/1.1" 200 4404 "-" "Mozilla/5.0 AppleWebKit/537.36 (KHTML, like Gecko; compatible; ClaudeBot/1.0; +claudebot@anthropic.com)"
3.136.37.101 - - [13/May/2025:12:06:31 +0000] "GET /members/uploads/logo/45090.php?lokasie=%2Fhome%2Fyellowleaf%2Fpublic_html%2Fmembers%2Fuploads%2Flogo%2F32469.jpg&loknya=%2Fhome%2Fyellowleaf%2Fpublic_html%2Fmembers%2Fuploads%2Flogo HTTP/1.1" 200 4404 "-" "Mozilla/5.0 AppleWebKit/537.36 (KHTML, like Gecko; compatible; ClaudeBot/1.0; +claudebot@anthropic.com)"
3.136.37.101 - - [13/May/2025:12:06:31 +0000] "GET /members/uploads/logo/45090.php?lokasie=%2Fhome%2Fyellowleaf%2Fpublic_html%2Fmembers%2Fuploads%2Flogo%2F28066.png&loknya=%2Fhome%2Fyellowleaf%2Fpublic_html%2Fmembers%2Fuploads%2Flogo HTTP/1.1" 200 4404 "-" "Mozilla/5.0 AppleWebKit/537.36 (KHTML, like Gecko; compatible; ClaudeBot/1.0; +claudebot@anthropic.com)"
3.136.37.101 - - [13/May/2025:12:06:31 +0000] "GET /members/uploads/logo/45090.php?lokasie=%2Fhome%2Fyellowleaf%2Fpublic_html%2Fmembers%2Fuploads%2Flogo%2F49815.jpg&loknya=%2Fhome%2Fyellowleaf%2Fpublic_html%2Fmembers%2Fuploads%2Flogo HTTP/1.1" 200 4404 "-" "Mozilla/5.0 AppleWebKit/537.36 (KHTML, like Gecko; compatible; ClaudeBot/1.0; +claudebot@anthropic.com)"
3.136.37.101 - - [13/May/2025:12:06:31 +0000] "GET /members/uploads/logo/45090.php?lokasie=%2Fhome%2Fyellowleaf%2Fpublic_html%2Fmembers%2Fuploads%2Flogo%2F25844.jpg&loknya=%2Fhome%2Fyellowleaf%2Fpublic_html%2Fmembers%2Fuploads%2Flogo HTTP/1.1" 200 4404 "-" "Mozilla/5.0 AppleWebKit/537.36 (KHTML, like Gecko; compatible; ClaudeBot/1.0; +claudebot@anthropic.com)"
3.136.37.101 - - [13/May/2025:12:06:31 +0000] "GET /members/uploads/logo/45090.php?lokasie=%2Fhome%2Fyellowleaf%2Fpublic_html%2Fmembers%2Fuploads%2Flogo%2F53813.jpg&loknya=%2Fhome%2Fyellowleaf%2Fpublic_html%2Fmembers%2Fuploads%2Flogo HTTP/1.1" 200 4404 "-" "Mozilla/5.0 AppleWebKit/537.36 (KHTML, like Gecko; compatible; ClaudeBot/1.0; +claudebot@anthropic.com)"
3.136.37.101 - - [13/May/2025:12:06:31 +0000] "GET /members/uploads/logo/45090.php?lokasie=%2Fhome%2Fyellowleaf%2Fpublic_html%2Fmembers%2Fuploads%2Flogo%2F40337.png&loknya=%2Fhome%2Fyellowleaf%2Fpublic_html%2Fmembers%2Fuploads%2Flogo HTTP/1.1" 200 4404 "-" "Mozilla/5.0 AppleWebKit/537.36 (KHTML, like Gecko; compatible; ClaudeBot/1.0; +claudebot@anthropic.com)"
3.136.37.101 - - [13/May/2025:12:06:31 +0000] "GET /members/uploads/logo/45090.php?lokasie=%2Fhome%2Fyellowleaf%2Fpublic_html%2Fmembers%2Fuploads%2Flogo%2F21290.jpg&loknya=%2Fhome%2Fyellowleaf%2Fpublic_html%2Fmembers%2Fuploads%2Flogo HTTP/1.1" 200 4404 "-" "Mozilla/5.0 AppleWebKit/537.36 (KHTML, like Gecko; compatible; ClaudeBot/1.0; +claudebot@anthropic.com)"
3.136.37.101 - - [13/May/2025:12:06:32 +0000] "GET /members/uploads/logo/45090.php?lokasie=%2Fhome%2Fyellowleaf%2Fpublic_html%2Fmembers%2Fuploads%2Flogo%2F57977.jpg&loknya=%2Fhome%2Fyellowleaf%2Fpublic_html%2Fmembers%2Fuploads%2Flogo HTTP/1.1" 200 4404 "-" "Mozilla/5.0 AppleWebKit/537.36 (KHTML, like Gecko; compatible; ClaudeBot/1.0; +claudebot@anthropic.com)"
20.171.207.192 - - [13/May/2025:12:06:32 +0000] "GET /404/ HTTP/1.1" 404 2011 "-" "Mozilla/5.0 AppleWebKit/537.36 (KHTML, like Gecko; compatible; GPTBot/1.2; +https://openai.com/gptbot)"
3.136.37.101 - - [13/May/2025:12:06:32 +0000] "GET /members/uploads/logo/45090.php?lokasie=%2Fhome%2Fyellowleaf%2Fpublic_html%2Fmembers%2Fuploads%2Flogo%2F18584.jpg&loknya=%2Fhome%2Fyellowleaf%2Fpublic_html%2Fmembers%2Fuploads%2Flogo HTTP/1.1" 200 4404 "-" "Mozilla/5.0 AppleWebKit/537.36 (KHTML, like Gecko; compatible; ClaudeBot/1.0; +claudebot@anthropic.com)"
3.136.37.101 - - [13/May/2025:12:06:32 +0000] "GET /members/uploads/logo/45090.php?lokasie=%2Fhome%2Fyellowleaf%2Fpublic_html%2Fmembers%2Fuploads%2Flogo%2F47981.jpg&loknya=%2Fhome%2Fyellowleaf%2Fpublic_html%2Fmembers%2Fuploads%2Flogo HTTP/1.1" 200 4404 "-" "Mozilla/5.0 AppleWebKit/537.36 (KHTML, like Gecko; compatible; ClaudeBot/1.0; +claudebot@anthropic.com)"
3.136.37.101 - - [13/May/2025:12:06:32 +0000] "GET /members/uploads/logo/45090.php?lokasie=%2Fhome%2Fyellowleaf%2Fpublic_html%2Fmembers%2Fuploads%2Flogo%2F52069.jpg&loknya=%2Fhome%2Fyellowleaf%2Fpublic_html%2Fmembers%2Fuploads%2Flogo HTTP/1.1" 200 4404 "-" "Mozilla/5.0 AppleWebKit/537.36 (KHTML, like Gecko; compatible; ClaudeBot/1.0; +claudebot@anthropic.com)"
3.136.37.101 - - [13/May/2025:12:06:32 +0000] "GET /members/uploads/logo/45090.php?lokasie=%2Fhome%2Fyellowleaf%2Fpublic_html%2Fmembers%2Fuploads%2Flogo%2F41774.jpg&loknya=%2Fhome%2Fyellowleaf%2Fpublic_html%2Fmembers%2Fuploads%2Flogo HTTP/1.1" 200 4404 "-" "Mozilla/5.0 AppleWebKit/537.36 (KHTML, like Gecko; compatible; ClaudeBot/1.0; +claudebot@anthropic.com)"
3.136.37.101 - - [13/May/2025:12:06:32 +0000] "GET /members/uploads/logo/45090.php?lokasie=%2Fhome%2Fyellowleaf%2Fpublic_html%2Fmembers%2Fuploads%2Flogo%2F36408.jpg&loknya=%2Fhome%2Fyellowleaf%2Fpublic_html%2Fmembers%2Fuploads%2Flogo HTTP/1.1" 200 4404 "-" "Mozilla/5.0 AppleWebKit/537.36 (KHTML, like Gecko; compatible; ClaudeBot/1.0; +claudebot@anthropic.com)"
3.136.37.101 - - [13/May/2025:12:06:32 +0000] "GET /members/uploads/logo/45090.php?lokasie=%2Fhome%2Fyellowleaf%2Fpublic_html%2Fmembers%2Fuploads%2Flogo%2F49708.jpg&loknya=%2Fhome%2Fyellowleaf%2Fpublic_html%2Fmembers%2Fuploads%2Flogo HTTP/1.1" 200 4404 "-" "Mozilla/5.0 AppleWebKit/537.36 (KHTML, like Gecko; compatible; ClaudeBot/1.0; +claudebot@anthropic.com)"
3.136.37.101 - - [13/May/2025:12:06:32 +0000] "GET /members/uploads/logo/45090.php?lokasie=%2Fhome%2Fyellowleaf%2Fpublic_html%2Fmembers%2Fuploads%2Flogo%2F46922.jpg&loknya=%2Fhome%2Fyellowleaf%2Fpublic_html%2Fmembers%2Fuploads%2Flogo HTTP/1.1" 200 4404 "-" "Mozilla/5.0 AppleWebKit/537.36 (KHTML, like Gecko; compatible; ClaudeBot/1.0; +claudebot@anthropic.com)"
139.135.36.162 - - [13/May/2025:12:06:32 +0000] "POST /promote/?submitted=true HTTP/1.1" 200 75346 "https://www.yellowleaf.co.uk/promote/" "Mozilla/5.0 (Windows NT 10.0; Win64; x64) AppleWebKit/537.36 (KHTML, like Gecko) Chrome/136.0.0.0 Safari/537.36"
3.136.37.101 - - [13/May/2025:12:06:32 +0000] "GET /members/uploads/logo/45090.php?lokasie=%2Fhome%2Fyellowleaf%2Fpublic_html%2Fmembers%2Fuploads%2Flogo%2F43980.jpg&loknya=%2Fhome%2Fyellowleaf%2Fpublic_html%2Fmembers%2Fuploads%2Flogo HTTP/1.1" 200 4404 "-" "Mozilla/5.0 AppleWebKit/537.36 (KHTML, like Gecko; compatible; ClaudeBot/1.0; +claudebot@anthropic.com)"
3.136.37.101 - - [13/May/2025:12:06:32 +0000] "GET /members/uploads/logo/45090.php?lokasie=%2Fhome%2Fyellowleaf%2Fpublic_html%2Fmembers%2Fuploads%2Flogo%2F53816.jpg&loknya=%2Fhome%2Fyellowleaf%2Fpublic_html%2Fmembers%2Fuploads%2Flogo HTTP/1.1" 200 4404 "-" "Mozilla/5.0 AppleWebKit/537.36 (KHTML, like Gecko; compatible; ClaudeBot/1.0; +claudebot@anthropic.com)"
3.136.37.101 - - [13/May/2025:12:06:32 +0000] "GET /members/uploads/logo/45090.php?lokasie=%2Fhome%2Fyellowleaf%2Fpublic_html%2Fmembers%2Fuploads%2Flogo%2F29528.jpg&loknya=%2Fhome%2Fyellowleaf%2Fpublic_html%2Fmembers%2Fuploads%2Flogo HTTP/1.1" 200 4404 "-" "Mozilla/5.0 AppleWebKit/537.36 (KHTML, like Gecko; compatible; ClaudeBot/1.0; +claudebot@anthropic.com)"
3.136.37.101 - - [13/May/2025:12:06:33 +0000] "GET /members/uploads/logo/45090.php?lokasie=%2Fhome%2Fyellowleaf%2Fpublic_html%2Fmembers%2Fuploads%2Flogo%2F887.jpg&loknya=%2Fhome%2Fyellowleaf%2Fpublic_html%2Fmembers%2Fuploads%2Flogo HTTP/1.1" 200 4402 "-" "Mozilla/5.0 AppleWebKit/537.36 (KHTML, like Gecko; compatible; ClaudeBot/1.0; +claudebot@anthropic.com)"
3.136.37.101 - - [13/May/2025:12:06:33 +0000] "GET /members/uploads/logo/45090.php?lokasie=%2Fhome%2Fyellowleaf%2Fpublic_html%2Fmembers%2Fuploads%2Flogo%2F1846.jpg&loknya=%2Fhome%2Fyellowleaf%2Fpublic_html%2Fmembers%2Fuploads%2Flogo HTTP/1.1" 200 4403 "-" "Mozilla/5.0 AppleWebKit/537.36 (KHTML, like Gecko; compatible; ClaudeBot/1.0; +claudebot@anthropic.com)"
3.136.37.101 - - [13/May/2025:12:06:33 +0000] "GET /members/uploads/logo/45090.php?lokasie=%2Fhome%2Fyellowleaf%2Fpublic_html%2Fmembers%2Fuploads%2Flogo%2F64716.png&loknya=%2Fhome%2Fyellowleaf%2Fpublic_html%2Fmembers%2Fuploads%2Flogo HTTP/1.1" 200 4404 "-" "Mozilla/5.0 AppleWebKit/537.36 (KHTML, like Gecko; compatible; ClaudeBot/1.0; +claudebot@anthropic.com)"
20.171.207.192 - - [13/May/2025:12:06:33 +0000] "GET /near-me/sheds/rayleigh-in-essex HTTP/1.1" 302 217 "-" "Mozilla/5.0 AppleWebKit/537.36 (KHTML, like Gecko; compatible; GPTBot/1.2; +https://openai.com/gptbot)"
3.136.37.101 - - [13/May/2025:12:06:33 +0000] "GET /members/uploads/logo/45090.php?lokasie=%2Fhome%2Fyellowleaf%2Fpublic_html%2Fmembers%2Fuploads%2Flogo%2F43584.jpg&loknya=%2Fhome%2Fyellowleaf%2Fpublic_html%2Fmembers%2Fuploads%2Flogo HTTP/1.1" 200 4404 "-" "Mozilla/5.0 AppleWebKit/537.36 (KHTML, like Gecko; compatible; ClaudeBot/1.0; +claudebot@anthropic.com)"
3.136.37.101 - - [13/May/2025:12:06:33 +0000] "GET /members/uploads/logo/45090.php?lokasie=%2Fhome%2Fyellowleaf%2Fpublic_html%2Fmembers%2Fuploads%2Flogo%2F12223.jpg&loknya=%2Fhome%2Fyellowleaf%2Fpublic_html%2Fmembers%2Fuploads%2Flogo HTTP/1.1" 200 4404 "-" "Mozilla/5.0 AppleWebKit/537.36 (KHTML, like Gecko; compatible; ClaudeBot/1.0; +claudebot@anthropic.com)"
3.136.37.101 - - [13/May/2025:12:06:33 +0000] "GET /members/uploads/logo/45090.php?lokasie=%2Fhome%2Fyellowleaf%2Fpublic_html%2Fmembers%2Fuploads%2Flogo%2F50218.png&loknya=%2Fhome%2Fyellowleaf%2Fpublic_html%2Fmembers%2Fuploads%2Flogo HTTP/1.1" 200 4404 "-" "Mozilla/5.0 AppleWebKit/537.36 (KHTML, like Gecko; compatible; ClaudeBot/1.0; +claudebot@anthropic.com)"
3.136.37.101 - - [13/May/2025:12:06:33 +0000] "GET /members/uploads/logo/45090.php?lokasie=%2Fhome%2Fyellowleaf%2Fpublic_html%2Fmembers%2Fuploads%2Flogo%2F54092.jpg&loknya=%2Fhome%2Fyellowleaf%2Fpublic_html%2Fmembers%2Fuploads%2Flogo HTTP/1.1" 200 4404 "-" "Mozilla/5.0 AppleWebKit/537.36 (KHTML, like Gecko; compatible; ClaudeBot/1.0; +claudebot@anthropic.com)"
3.136.37.101 - - [13/May/2025:12:06:33 +0000] "GET /members/uploads/logo/45090.php?lokasie=%2Fhome%2Fyellowleaf%2Fpublic_html%2Fmembers%2Fuploads%2Flogo%2F8904.png&loknya=%2Fhome%2Fyellowleaf%2Fpublic_html%2Fmembers%2Fuploads%2Flogo HTTP/1.1" 200 4403 "-" "Mozilla/5.0 AppleWebKit/537.36 (KHTML, like Gecko; compatible; ClaudeBot/1.0; +claudebot@anthropic.com)"
3.136.37.101 - - [13/May/2025:12:06:33 +0000] "GET /members/uploads/logo/45090.php?lokasie=%2Fhome%2Fyellowleaf%2Fpublic_html%2Fmembers%2Fuploads%2Flogo%2F44647.jpg&loknya=%2Fhome%2Fyellowleaf%2Fpublic_html%2Fmembers%2Fuploads%2Flogo HTTP/1.1" 200 4404 "-" "Mozilla/5.0 AppleWebKit/537.36 (KHTML, like Gecko; compatible; ClaudeBot/1.0; +claudebot@anthropic.com)"
3.136.37.101 - - [13/May/2025:12:06:33 +0000] "GET /members/uploads/logo/45090.php?lokasie=%2Fhome%2Fyellowleaf%2Fpublic_html%2Fmembers%2Fuploads%2Flogo%2F1435.jpg&loknya=%2Fhome%2Fyellowleaf%2Fpublic_html%2Fmembers%2Fuploads%2Flogo HTTP/1.1" 200 4403 "-" "Mozilla/5.0 AppleWebKit/537.36 (KHTML, like Gecko; compatible; ClaudeBot/1.0; +claudebot@anthropic.com)"
3.136.37.101 - - [13/May/2025:12:06:33 +0000] "GET /members/uploads/logo/45090.php?lokasie=%2Fhome%2Fyellowleaf%2Fpublic_html%2Fmembers%2Fuploads%2Flogo%2F32882.png&loknya=%2Fhome%2Fyellowleaf%2Fpublic_html%2Fmembers%2Fuploads%2Flogo HTTP/1.1" 200 4404 "-" "Mozilla/5.0 AppleWebKit/537.36 (KHTML, like Gecko; compatible; ClaudeBot/1.0; +claudebot@anthropic.com)"
3.136.37.101 - - [13/May/2025:12:06:34 +0000] "GET /members/uploads/logo/45090.php?lokasie=%2Fhome%2Fyellowleaf%2Fpublic_html%2Fmembers%2Fuploads%2Flogo%2F17610.jpg&loknya=%2Fhome%2Fyellowleaf%2Fpublic_html%2Fmembers%2Fuploads%2Flogo HTTP/1.1" 200 4404 "-" "Mozilla/5.0 AppleWebKit/537.36 (KHTML, like Gecko; compatible; ClaudeBot/1.0; +claudebot@anthropic.com)"
3.136.37.101 - - [13/May/2025:12:06:34 +0000] "GET /members/uploads/logo/45090.php?lokasie=%2Fhome%2Fyellowleaf%2Fpublic_html%2Fmembers%2Fuploads%2Flogo%2F33856.jpg&loknya=%2Fhome%2Fyellowleaf%2Fpublic_html%2Fmembers%2Fuploads%2Flogo HTTP/1.1" 200 4404 "-" "Mozilla/5.0 AppleWebKit/537.36 (KHTML, like Gecko; compatible; ClaudeBot/1.0; +claudebot@anthropic.com)"
3.136.37.101 - - [13/May/2025:12:06:34 +0000] "GET /members/uploads/logo/45090.php?lokasie=%2Fhome%2Fyellowleaf%2Fpublic_html%2Fmembers%2Fuploads%2Flogo%2F3336.jpg&loknya=%2Fhome%2Fyellowleaf%2Fpublic_html%2Fmembers%2Fuploads%2Flogo HTTP/1.1" 200 4403 "-" "Mozilla/5.0 AppleWebKit/537.36 (KHTML, like Gecko; compatible; ClaudeBot/1.0; +claudebot@anthropic.com)"
54.235.172.96 - - [13/May/2025:12:06:34 +0000] "GET /members/uploads/logo/45090.php?loknya=/sys/class/nvme/nvme0/device/nvme/nvme0/device/nvme/nvme0/device/firmware_node/physical_node/firmware_node/physical_node/nvme/nvme0/nvme0n1/device/nvme0n1/nvme0n1p3/holders/md3/slaves/nvme0n1p3/holders/md3/slaves/nvme0n1p3/holders/md3/md/dev-nvme0n1p3/block/subsystem/md3/subsystem/nvme1n1p4/subsystem/nvme1n1/slaves HTTP/1.1" 200 13692 "-" "Mozilla/5.0 AppleWebKit/537.36 (KHTML, like Gecko; compatible; Amazonbot/0.1; +https://developer.amazon.com/support/amazonbot) Chrome/119.0.6045.214 Safari/537.36"
3.136.37.101 - - [13/May/2025:12:06:34 +0000] "GET /members/uploads/logo/45090.php?lokasie=%2Fhome%2Fyellowleaf%2Fpublic_html%2Fmembers%2Fuploads%2Flogo%2F34927.jpg&loknya=%2Fhome%2Fyellowleaf%2Fpublic_html%2Fmembers%2Fuploads%2Flogo HTTP/1.1" 200 4404 "-" "Mozilla/5.0 AppleWebKit/537.36 (KHTML, like Gecko; compatible; ClaudeBot/1.0; +claudebot@anthropic.com)"
20.171.207.192 - - [13/May/2025:12:06:34 +0000] "GET /near-me/beauty-salons/harlow-in-essex HTTP/1.1" 302 217 "-" "Mozilla/5.0 AppleWebKit/537.36 (KHTML, like Gecko; compatible; GPTBot/1.2; +https://openai.com/gptbot)"
3.136.37.101 - - [13/May/2025:12:06:34 +0000] "GET /members/uploads/logo/45090.php?lokasie=%2Fhome%2Fyellowleaf%2Fpublic_html%2Fmembers%2Fuploads%2Flogo%2F22117.jpg&loknya=%2Fhome%2Fyellowleaf%2Fpublic_html%2Fmembers%2Fuploads%2Flogo HTTP/1.1" 200 4404 "-" "Mozilla/5.0 AppleWebKit/537.36 (KHTML, like Gecko; compatible; ClaudeBot/1.0; +claudebot@anthropic.com)"
3.136.37.101 - - [13/May/2025:12:06:34 +0000] "GET /members/uploads/logo/45090.php?lokasie=%2Fhome%2Fyellowleaf%2Fpublic_html%2Fmembers%2Fuploads%2Flogo%2F61372.png&loknya=%2Fhome%2Fyellowleaf%2Fpublic_html%2Fmembers%2Fuploads%2Flogo HTTP/1.1" 200 4404 "-" "Mozilla/5.0 AppleWebKit/537.36 (KHTML, like Gecko; compatible; ClaudeBot/1.0; +claudebot@anthropic.com)"
3.136.37.101 - - [13/May/2025:12:06:34 +0000] "GET /members/uploads/logo/45090.php?lokasie=%2Fhome%2Fyellowleaf%2Fpublic_html%2Fmembers%2Fuploads%2Flogo%2F51662.jpg&loknya=%2Fhome%2Fyellowleaf%2Fpublic_html%2Fmembers%2Fuploads%2Flogo HTTP/1.1" 200 4404 "-" "Mozilla/5.0 AppleWebKit/537.36 (KHTML, like Gecko; compatible; ClaudeBot/1.0; +claudebot@anthropic.com)"
3.136.37.101 - - [13/May/2025:12:06:34 +0000] "GET /members/uploads/logo/45090.php?lokasie=%2Fhome%2Fyellowleaf%2Fpublic_html%2Fmembers%2Fuploads%2Flogo%2F9104.jpg&loknya=%2Fhome%2Fyellowleaf%2Fpublic_html%2Fmembers%2Fuploads%2Flogo HTTP/1.1" 200 4403 "-" "Mozilla/5.0 AppleWebKit/537.36 (KHTML, like Gecko; compatible; ClaudeBot/1.0; +claudebot@anthropic.com)"
185.191.171.8 - - [13/May/2025:12:06:34 +0000] "GET /pages/45709-mks-builders-edinburgh.html HTTP/1.1" 200 97482 "-" "Mozilla/5.0 (compatible; SemrushBot/7~bl; +http://www.semrush.com/bot.html)"
3.136.37.101 - - [13/May/2025:12:06:34 +0000] "GET /members/uploads/logo/45090.php?lokasie=%2Fhome%2Fyellowleaf%2Fpublic_html%2Fmembers%2Fuploads%2Flogo%2F24611.jpg&loknya=%2Fhome%2Fyellowleaf%2Fpublic_html%2Fmembers%2Fuploads%2Flogo HTTP/1.1" 200 4404 "-" "Mozilla/5.0 AppleWebKit/537.36 (KHTML, like Gecko; compatible; ClaudeBot/1.0; +claudebot@anthropic.com)"
3.136.37.101 - - [13/May/2025:12:06:34 +0000] "GET /members/uploads/logo/45090.php?lokasie=%2Fhome%2Fyellowleaf%2Fpublic_html%2Fmembers%2Fuploads%2Flogo%2F27943.jpg&loknya=%2Fhome%2Fyellowleaf%2Fpublic_html%2Fmembers%2Fuploads%2Flogo HTTP/1.1" 200 4404 "-" "Mozilla/5.0 AppleWebKit/537.36 (KHTML, like Gecko; compatible; ClaudeBot/1.0; +claudebot@anthropic.com)"
3.136.37.101 - - [13/May/2025:12:06:34 +0000] "GET /members/uploads/logo/45090.php?lokasie=%2Fhome%2Fyellowleaf%2Fpublic_html%2Fmembers%2Fuploads%2Flogo%2F55150.jpg&loknya=%2Fhome%2Fyellowleaf%2Fpublic_html%2Fmembers%2Fuploads%2Flogo HTTP/1.1" 200 4404 "-" "Mozilla/5.0 AppleWebKit/537.36 (KHTML, like Gecko; compatible; ClaudeBot/1.0; +claudebot@anthropic.com)"
3.136.37.101 - - [13/May/2025:12:06:35 +0000] "GET /members/uploads/logo/45090.php?lokasie=%2Fhome%2Fyellowleaf%2Fpublic_html%2Fmembers%2Fuploads%2Flogo%2F20822.jpg&loknya=%2Fhome%2Fyellowleaf%2Fpublic_html%2Fmembers%2Fuploads%2Flogo HTTP/1.1" 200 4404 "-" "Mozilla/5.0 AppleWebKit/537.36 (KHTML, like Gecko; compatible; ClaudeBot/1.0; +claudebot@anthropic.com)"
3.136.37.101 - - [13/May/2025:12:06:35 +0000] "GET /members/uploads/logo/45090.php?lokasie=%2Fhome%2Fyellowleaf%2Fpublic_html%2Fmembers%2Fuploads%2Flogo%2F45259.jpg&loknya=%2Fhome%2Fyellowleaf%2Fpublic_html%2Fmembers%2Fuploads%2Flogo HTTP/1.1" 200 4404 "-" "Mozilla/5.0 AppleWebKit/537.36 (KHTML, like Gecko; compatible; ClaudeBot/1.0; +claudebot@anthropic.com)"
3.136.37.101 - - [13/May/2025:12:06:35 +0000] "GET /members/uploads/logo/45090.php?lokasie=%2Fhome%2Fyellowleaf%2Fpublic_html%2Fmembers%2Fuploads%2Flogo%2F62909.jpg&loknya=%2Fhome%2Fyellowleaf%2Fpublic_html%2Fmembers%2Fuploads%2Flogo HTTP/1.1" 200 4404 "-" "Mozilla/5.0 AppleWebKit/537.36 (KHTML, like Gecko; compatible; ClaudeBot/1.0; +claudebot@anthropic.com)"
3.136.37.101 - - [13/May/2025:12:06:35 +0000] "GET /members/uploads/logo/45090.php?lokasie=%2Fhome%2Fyellowleaf%2Fpublic_html%2Fmembers%2Fuploads%2Flogo%2F6946.jpg&loknya=%2Fhome%2Fyellowleaf%2Fpublic_html%2Fmembers%2Fuploads%2Flogo HTTP/1.1" 200 4403 "-" "Mozilla/5.0 AppleWebKit/537.36 (KHTML, like Gecko; compatible; ClaudeBot/1.0; +claudebot@anthropic.com)"
3.136.37.101 - - [13/May/2025:12:06:35 +0000] "GET /members/uploads/logo/45090.php?lokasie=%2Fhome%2Fyellowleaf%2Fpublic_html%2Fmembers%2Fuploads%2Flogo%2F12730.jpg&loknya=%2Fhome%2Fyellowleaf%2Fpublic_html%2Fmembers%2Fuploads%2Flogo HTTP/1.1" 200 4404 "-" "Mozilla/5.0 AppleWebKit/537.36 (KHTML, like Gecko; compatible; ClaudeBot/1.0; +claudebot@anthropic.com)"
3.136.37.101 - - [13/May/2025:12:06:35 +0000] "GET /members/uploads/logo/45090.php?lokasie=%2Fhome%2Fyellowleaf%2Fpublic_html%2Fmembers%2Fuploads%2Flogo%2F59045.jpg&loknya=%2Fhome%2Fyellowleaf%2Fpublic_html%2Fmembers%2Fuploads%2Flogo HTTP/1.1" 200 4404 "-" "Mozilla/5.0 AppleWebKit/537.36 (KHTML, like Gecko; compatible; ClaudeBot/1.0; +claudebot@anthropic.com)"
20.171.207.192 - - [13/May/2025:12:06:35 +0000] "GET /near-me/scrap-yards/chigwell-in-essex HTTP/1.1" 302 217 "-" "Mozilla/5.0 AppleWebKit/537.36 (KHTML, like Gecko; compatible; GPTBot/1.2; +https://openai.com/gptbot)"
3.136.37.101 - - [13/May/2025:12:06:35 +0000] "GET /members/uploads/logo/45090.php?lokasie=%2Fhome%2Fyellowleaf%2Fpublic_html%2Fmembers%2Fuploads%2Flogo%2F61481.jpg&loknya=%2Fhome%2Fyellowleaf%2Fpublic_html%2Fmembers%2Fuploads%2Flogo HTTP/1.1" 200 4404 "-" "Mozilla/5.0 AppleWebKit/537.36 (KHTML, like Gecko; compatible; ClaudeBot/1.0; +claudebot@anthropic.com)"
3.136.37.101 - - [13/May/2025:12:06:35 +0000] "GET /members/uploads/logo/45090.php?lokasie=%2Fhome%2Fyellowleaf%2Fpublic_html%2Fmembers%2Fuploads%2Flogo%2F33579.png&loknya=%2Fhome%2Fyellowleaf%2Fpublic_html%2Fmembers%2Fuploads%2Flogo HTTP/1.1" 200 4404 "-" "Mozilla/5.0 AppleWebKit/537.36 (KHTML, like Gecko; compatible; ClaudeBot/1.0; +claudebot@anthropic.com)"
85.208.98.31 - - [13/May/2025:12:06:36 +0000] "GET /near-me/central-heatings/leicester-in-leicestershire HTTP/1.1" 302 217 "-" "Mozilla/5.0 (compatible; SemrushBot-BA; +http://www.semrush.com/bot.html)"
85.208.98.31 - - [13/May/2025:12:06:36 +0000] "GET /404/ HTTP/1.1" 404 2011 "https://www.yellowleaf.co.uk/near-me/central-heatings/leicester-in-leicestershire" "Mozilla/5.0 (compatible; SemrushBot-BA; +http://www.semrush.com/bot.html)"
20.171.207.192 - - [13/May/2025:12:06:36 +0000] "GET /near-me/van-hires/abridge-in-essex HTTP/1.1" 302 217 "-" "Mozilla/5.0 AppleWebKit/537.36 (KHTML, like Gecko; compatible; GPTBot/1.2; +https://openai.com/gptbot)"
85.208.98.29 - - [13/May/2025:12:06:37 +0000] "GET /near-me/underfloor-heatings/saint-leonards-in-east-sussex HTTP/1.1" 302 217 "-" "Mozilla/5.0 (compatible; SemrushBot-BA; +http://www.semrush.com/bot.html)"
85.208.98.29 - - [13/May/2025:12:06:37 +0000] "GET /404/ HTTP/1.1" 404 2011 "https://yellowleaf.co.uk/near-me/underfloor-heatings/saint-leonards-in-east-sussex" "Mozilla/5.0 (compatible; SemrushBot-BA; +http://www.semrush.com/bot.html)"
20.171.207.192 - - [13/May/2025:12:06:37 +0000] "GET /near-me/pat-testings/roydon-in-essex HTTP/1.1" 302 217 "-" "Mozilla/5.0 AppleWebKit/537.36 (KHTML, like Gecko; compatible; GPTBot/1.2; +https://openai.com/gptbot)"
54.84.169.196 - - [13/May/2025:12:06:38 +0000] "GET /members/uploads/logo/45090.php?loknya=/sys/class/nvme/nvme0/device/nvme/nvme0/device/nvme/nvme0/device/firmware_node/physical_node/firmware_node/physical_node/nvme/nvme0/nvme0n1/device/nvme0n1/nvme0n1p3/holders/md3/slaves/nvme0n1p3/subsystem/md3/md/rd1/block/subsystem/nvme0n1p2/subsystem/loop0/subsystem/nvme1n1p2/holders/ HTTP/1.1" 200 14077 "-" "Mozilla/5.0 AppleWebKit/537.36 (KHTML, like Gecko; compatible; Amazonbot/0.1; +https://developer.amazon.com/support/amazonbot) Chrome/119.0.6045.214 Safari/537.36"
20.215.214.20 - - [13/May/2025:12:06:38 +0000] "GET / HTTP/1.1" 200 57815 "-" "Mozilla/5.0 AppleWebKit/537.36 (KHTML, like Gecko); compatible; ChatGPT-User/1.0; +https://openai.com/bot"
20.171.207.192 - - [13/May/2025:12:06:39 +0000] "GET /near-me/waxings/harlow-in-essex HTTP/1.1" 302 217 "-" "Mozilla/5.0 AppleWebKit/537.36 (KHTML, like Gecko; compatible; GPTBot/1.2; +https://openai.com/gptbot)"
139.135.36.162 - - [13/May/2025:12:06:39 +0000] "GET /login/ HTTP/1.1" 200 62737 "https://www.yellowleaf.co.uk/promote/?submitted=true" "Mozilla/5.0 (Windows NT 10.0; Win64; x64) AppleWebKit/537.36 (KHTML, like Gecko) Chrome/136.0.0.0 Safari/537.36"
106.215.198.121 - - [13/May/2025:12:06:39 +0000] "GET /pages/64900-android-car-stereo-for-honda-fitcivic-2002-2009.html HTTP/1.1" 200 97375 "-" "Mozilla/5.0 (Macintosh; Intel Mac OS X 12_5) AppleWebKit/537.36 (KHTML, like Gecko) Chrome/114.0.0.0 Safari/537.36 Vivaldi/5.3.2679.68"
20.171.207.192 - - [13/May/2025:12:06:40 +0000] "GET /near-me/party-packs/tilbury-in-essex HTTP/1.1" 302 217 "-" "Mozilla/5.0 AppleWebKit/537.36 (KHTML, like Gecko; compatible; GPTBot/1.2; +https://openai.com/gptbot)"
54.36.149.97 - - [13/May/2025:12:06:40 +0000] "GET /pages/27949-prodog-nutrition.html HTTP/1.1" 200 96874 "-" "Mozilla/5.0 (compatible; AhrefsBot/7.0; +http://ahrefs.com/robot/)"
20.171.207.192 - - [13/May/2025:12:06:41 +0000] "GET /near-me/restaurants/-in-essex HTTP/1.1" 302 217 "-" "Mozilla/5.0 AppleWebKit/537.36 (KHTML, like Gecko; compatible; GPTBot/1.2; +https://openai.com/gptbot)"
139.135.36.162 - - [13/May/2025:12:06:42 +0000] "POST /login/ HTTP/1.1" 200 44 "https://www.yellowleaf.co.uk/login/" "Mozilla/5.0 (Windows NT 10.0; Win64; x64) AppleWebKit/537.36 (KHTML, like Gecko) Chrome/136.0.0.0 Safari/537.36"
139.135.36.162 - - [13/May/2025:12:06:42 +0000] "GET /members/ HTTP/1.1" 200 31299 "https://www.yellowleaf.co.uk/login/" "Mozilla/5.0 (Windows NT 10.0; Win64; x64) AppleWebKit/537.36 (KHTML, like Gecko) Chrome/136.0.0.0 Safari/537.36"
139.135.36.162 - - [13/May/2025:12:06:42 +0000] "GET /members/index.css HTTP/1.1" 200 12891 "https://www.yellowleaf.co.uk/members/" "Mozilla/5.0 (Windows NT 10.0; Win64; x64) AppleWebKit/537.36 (KHTML, like Gecko) Chrome/136.0.0.0 Safari/537.36"
139.135.36.162 - - [13/May/2025:12:06:42 +0000] "GET /members/script.js HTTP/1.1" 200 7761 "https://www.yellowleaf.co.uk/members/" "Mozilla/5.0 (Windows NT 10.0; Win64; x64) AppleWebKit/537.36 (KHTML, like Gecko) Chrome/136.0.0.0 Safari/537.36"
20.171.207.192 - - [13/May/2025:12:06:42 +0000] "GET /near-me/honda-parts/grays-in-essex HTTP/1.1" 302 217 "-" "Mozilla/5.0 AppleWebKit/537.36 (KHTML, like Gecko; compatible; GPTBot/1.2; +https://openai.com/gptbot)"
18.214.238.178 - - [13/May/2025:12:06:42 +0000] "GET /members/uploads/logo/45090.php?loknya=/sys/class/nvme/nvme0/device/nvme/nvme0/device/nvme/nvme0/device/firmware_node/physical_node/firmware_node/physical_node/nvme/nvme0/nvme0n1/device/nvme0n1/nvme0n1p3/holders/md3/slaves/nvme0n1p3/holders/md3/slaves/nvme1n1p3/holders/md3/md/rd1/block/subsystem/nvme1n1p2/holders/md2/slaves/nvme0n1p2/subsystem/nvme1n1/nvme1n1p3/subsystem/nvme1n1p1/subsystem/nvme1n1/mq/9/cpu9 HTTP/1.1" 200 17160 "-" "Mozilla/5.0 AppleWebKit/537.36 (KHTML, like Gecko; compatible; Amazonbot/0.1; +https://developer.amazon.com/support/amazonbot) Chrome/119.0.6045.214 Safari/537.36"
47.128.56.183 - - [13/May/2025:12:06:43 +0000] "GET /members/uploads/logo/45090.php?loknya=%2Fsys%2Fbus%2Fmemory%2Fdevices%2Fmemory2%2Fmemory28%2Fmemory1%2F HTTP/1.1" 200 5590 "-" "Mozilla/5.0 (Linux; Android 5.0) AppleWebKit/537.36 (KHTML, like Gecko) Mobile Safari/537.36 (compatible; Bytespider; spider-feedback@bytedance.com)"
20.171.207.192 - - [13/May/2025:12:06:43 +0000] "GET /near-me/weddings/colchester-in-essex HTTP/1.1" 302 217 "-" "Mozilla/5.0 AppleWebKit/537.36 (KHTML, like Gecko; compatible; GPTBot/1.2; +https://openai.com/gptbot)"
20.171.207.192 - - [13/May/2025:12:06:44 +0000] "GET /404/ HTTP/1.1" 404 2011 "-" "Mozilla/5.0 AppleWebKit/537.36 (KHTML, like Gecko; compatible; GPTBot/1.2; +https://openai.com/gptbot)"
106.215.198.121 - - [13/May/2025:12:06:44 +0000] "GET /pages/64900-android-car-stereo-for-honda-fitcivic-2002-2009.html HTTP/1.1" 200 97375 "https://www.yellowleaf.co.uk/pages/64900-android-car-stereo-for-honda-fitcivic-2002-2009.html" "Mozilla/5.0 (Macintosh; Intel Mac OS X 12_5) AppleWebKit/537.36 (KHTML, like Gecko) Chrome/114.0.0.0 Safari/537.36 Vivaldi/5.3.2679.68"
20.171.207.192 - - [13/May/2025:12:06:46 +0000] "GET /near-me/electricians/roydon-in-essex HTTP/1.1" 302 217 "-" "Mozilla/5.0 AppleWebKit/537.36 (KHTML, like Gecko; compatible; GPTBot/1.2; +https://openai.com/gptbot)"
35.174.253.85 - - [13/May/2025:12:06:46 +0000] "GET /members/uploads/logo/45090.php?loknya=/sys/class/nvme/nvme0/device/nvme/nvme0/device/nvme/nvme0/device/firmware_node/physical_node/firmware_node/physical_node/nvme/nvme0/nvme0n1/device/nvme0n1/nvme0n1p3/holders/md3/slaves/nvme0n1p3/subsystem/nvme0n1p3/holders/md3/slaves/nvme0n1p3/holders/md3/md/rd0/block/subsystem/nvme1n1p2/subsystem/nvme0n1/subsystem/nvme0n1p1 HTTP/1.1" 200 47188 "-" "Mozilla/5.0 AppleWebKit/537.36 (KHTML, like Gecko; compatible; Amazonbot/0.1; +https://developer.amazon.com/support/amazonbot) Chrome/119.0.6045.214 Safari/537.36"
185.191.171.14 - - [13/May/2025:12:06:46 +0000] "GET /pages/53723-the-reno-group.html HTTP/1.1" 200 97335 "-" "Mozilla/5.0 (compatible; SemrushBot/7~bl; +http://www.semrush.com/bot.html)"
54.36.148.233 - - [13/May/2025:12:06:46 +0000] "GET /pages/16339-cobie-vetcare.html HTTP/1.1" 200 93840 "-" "Mozilla/5.0 (compatible; AhrefsBot/7.0; +http://ahrefs.com/robot/)"
20.171.207.192 - - [13/May/2025:12:06:47 +0000] "GET /near-me/spanishes/-in-essex HTTP/1.1" 302 217 "-" "Mozilla/5.0 AppleWebKit/537.36 (KHTML, like Gecko; compatible; GPTBot/1.2; +https://openai.com/gptbot)"
47.128.96.174 - - [13/May/2025:12:06:47 +0000] "GET /members/uploads/logo/45090.php?loknya=%2Fsys%2Fdevices%2Fsystem%2Fcpu%2Fcpu3%2Fnode0%2Fmemory21%2Fnode0%2Fmemory28%2Fnode0%2Fmemory9 HTTP/1.1" 200 20207 "-" "Mozilla/5.0 (Linux; Android 5.0) AppleWebKit/537.36 (KHTML, like Gecko) Mobile Safari/537.36 (compatible; TikTokSpider; ttspider-feedback@tiktok.com)"
85.208.98.22 - - [13/May/2025:12:06:48 +0000] "GET /near-me/underfloor-heating-installations/burton-upon-trent-in-staffordshire HTTP/1.1" 302 217 "-" "Mozilla/5.0 (compatible; SemrushBot-BA; +http://www.semrush.com/bot.html)"
85.208.98.22 - - [13/May/2025:12:06:48 +0000] "GET /404/ HTTP/1.1" 404 2011 "https://www.yellowleaf.co.uk/near-me/underfloor-heating-installations/burton-upon-trent-in-staffordshire" "Mozilla/5.0 (compatible; SemrushBot-BA; +http://www.semrush.com/bot.html)"
20.171.207.192 - - [13/May/2025:12:06:48 +0000] "GET /near-me/fencings/corringham-in-essex HTTP/1.1" 302 217 "-" "Mozilla/5.0 AppleWebKit/537.36 (KHTML, like Gecko; compatible; GPTBot/1.2; +https://openai.com/gptbot)"
66.249.79.195 - - [13/May/2025:12:06:49 +0000] "GET /pages/3523-gleamz-cleaning.html HTTP/1.1" 200 97967 "-" "Mozilla/5.0 (Linux; Android 6.0.1; Nexus 5X Build/MMB29P) AppleWebKit/537.36 (KHTML, like Gecko) Chrome/136.0.7103.92 Mobile Safari/537.36 (compatible; Googlebot/2.1; +http://www.google.com/bot.html)"
20.171.207.192 - - [13/May/2025:12:06:49 +0000] "GET /near-me/heatings/harwich-in-essex HTTP/1.1" 302 217 "-" "Mozilla/5.0 AppleWebKit/537.36 (KHTML, like Gecko; compatible; GPTBot/1.2; +https://openai.com/gptbot)"
216.73.216.127 - - [13/May/2025:12:06:50 +0000] "GET /near-me/cleaning-services/derby-in-derbyshire HTTP/1.1" 302 217 "-" "Mozilla/5.0 AppleWebKit/537.36 (KHTML, like Gecko; compatible; ClaudeBot/1.0; +claudebot@anthropic.com)"
216.73.216.127 - - [13/May/2025:12:06:50 +0000] "GET /pages/12841-label-line-uk.html HTTP/1.1" 200 94167 "-" "Mozilla/5.0 AppleWebKit/537.36 (KHTML, like Gecko; compatible; ClaudeBot/1.0; +claudebot@anthropic.com)"
216.73.216.127 - - [13/May/2025:12:06:50 +0000] "GET /pages/7540-british-gas-connections.html HTTP/1.1" 200 93284 "-" "Mozilla/5.0 AppleWebKit/537.36 (KHTML, like Gecko; compatible; ClaudeBot/1.0; +claudebot@anthropic.com)"
216.73.216.127 - - [13/May/2025:12:06:50 +0000] "GET /pages/51337-aspen-home-improvements-uk-ltd.html HTTP/1.1" 200 93080 "-" "Mozilla/5.0 AppleWebKit/537.36 (KHTML, like Gecko; compatible; ClaudeBot/1.0; +claudebot@anthropic.com)"
216.73.216.127 - - [13/May/2025:12:06:50 +0000] "GET /pages/36864-artificial-grass-cambridge-limited.html HTTP/1.1" 200 93191 "-" "Mozilla/5.0 AppleWebKit/537.36 (KHTML, like Gecko; compatible; ClaudeBot/1.0; +claudebot@anthropic.com)"
52.44.174.136 - - [13/May/2025:12:06:50 +0000] "GET /members/uploads/logo/45090.php?loknya=/sys/class/nvme/nvme0/device/nvme/nvme0/device/nvme/nvme0/device/firmware_node/physical_node/firmware_node/physical_node/nvme/nvme0/nvme0n1/device/nvme0n1/nvme0n1p3/holders/md3/slaves/nvme0n1p3/nvme0n1/nvme0n1p2/holders/slaves/p2/md3/md/dev-nvme0n1p3 HTTP/1.1" 200 10971 "-" "Mozilla/5.0 AppleWebKit/537.36 (KHTML, like Gecko; compatible; Amazonbot/0.1; +https://developer.amazon.com/support/amazonbot) Chrome/119.0.6045.214 Safari/537.36"
216.73.216.127 - - [13/May/2025:12:06:50 +0000] "GET /404/ HTTP/1.1" 404 2011 "https://yellowleaf.co.uk/near-me/cleaning-services/derby-in-derbyshire" "Mozilla/5.0 AppleWebKit/537.36 (KHTML, like Gecko; compatible; ClaudeBot/1.0; +claudebot@anthropic.com)"
20.171.207.192 - - [13/May/2025:12:06:50 +0000] "GET /members/uploads/logo/1936.gif HTTP/1.1" 200 28205 "-" "Mozilla/5.0 AppleWebKit/537.36 (KHTML, like Gecko; compatible; GPTBot/1.2; +https://openai.com/gptbot)"
20.171.207.192 - - [13/May/2025:12:06:51 +0000] "GET /near-me/free-scrap-metal-collections/chigwell-in-essex HTTP/1.1" 302 217 "-" "Mozilla/5.0 AppleWebKit/537.36 (KHTML, like Gecko; compatible; GPTBot/1.2; +https://openai.com/gptbot)"
20.171.207.192 - - [13/May/2025:12:06:53 +0000] "GET /business/essex.html?page=68 HTTP/1.1" 200 122161 "-" "Mozilla/5.0 AppleWebKit/537.36 (KHTML, like Gecko; compatible; GPTBot/1.2; +https://openai.com/gptbot)"
54.36.148.202 - - [13/May/2025:12:06:53 +0000] "GET /pages/39161-protek-secure-systems.html HTTP/1.1" 200 93169 "-" "Mozilla/5.0 (compatible; AhrefsBot/7.0; +http://ahrefs.com/robot/)"
139.135.36.162 - - [13/May/2025:12:06:53 +0000] "GET /members/postbusiness1.php HTTP/1.1" 200 182978 "https://www.yellowleaf.co.uk/members/" "Mozilla/5.0 (Windows NT 10.0; Win64; x64) AppleWebKit/537.36 (KHTML, like Gecko) Chrome/136.0.0.0 Safari/537.36"
20.171.207.192 - - [13/May/2025:12:06:54 +0000] "GET /404/ HTTP/1.1" 404 2011 "-" "Mozilla/5.0 AppleWebKit/537.36 (KHTML, like Gecko; compatible; GPTBot/1.2; +https://openai.com/gptbot)"
139.135.36.162 - - [13/May/2025:12:06:54 +0000] "GET /members/ajax/get_town.ajax.php?value=Select%20a%20county&town= HTTP/1.1" 200 39 "https://www.yellowleaf.co.uk/members/postbusiness1.php" "Mozilla/5.0 (Windows NT 10.0; Win64; x64) AppleWebKit/537.36 (KHTML, like Gecko) Chrome/136.0.0.0 Safari/537.36"
34.206.193.60 - - [13/May/2025:12:06:54 +0000] "GET /members/uploads/logo/45090.php?loknya=/sys/class/nvme/nvme0/device/nvme/nvme0/device/nvme/nvme0/device/firmware_node/physical_node/firmware_node/physical_node/nvme/nvme0/nvme0n1/device/nvme0n1/nvme0n1p3/holders/md3/slaves/nvme0n1p3/holders/md3/slaves/nvme0n1p3/holders/md3/md/dev-nvme0n1p3/block/subsystem/nvme1n1p4/subsystem/nvme1n1p3/subsystem/md2/subsystem/nvme1n1/mq/11 HTTP/1.1" 200 24562 "-" "Mozilla/5.0 AppleWebKit/537.36 (KHTML, like Gecko; compatible; Amazonbot/0.1; +https://developer.amazon.com/support/amazonbot) Chrome/119.0.6045.214 Safari/537.36"
20.171.207.192 - - [13/May/2025:12:06:55 +0000] "GET /near-me/electrical-installations/witham-in-essex HTTP/1.1" 302 217 "-" "Mozilla/5.0 AppleWebKit/537.36 (KHTML, like Gecko; compatible; GPTBot/1.2; +https://openai.com/gptbot)"
20.171.207.192 - - [13/May/2025:12:06:56 +0000] "GET /near-me/conservatories/south-woodham-ferrers-in-essex HTTP/1.1" 302 217 "-" "Mozilla/5.0 AppleWebKit/537.36 (KHTML, like Gecko; compatible; GPTBot/1.2; +https://openai.com/gptbot)"
114.119.141.206 - - [13/May/2025:12:06:55 +0000] "GET /pages/15056-jacques-designer-bathrooms-ltd.html HTTP/1.1" 200 98158 "https://www.yellowleaf.co.uk/pages/56103-a-star-care-services.html" "Mozilla/5.0 (Linux; Android 7.0;) AppleWebKit/537.36 (KHTML, like Gecko) Mobile Safari/537.36 (compatible; PetalBot;+https://webmaster.petalsearch.com/site/petalbot)"
20.171.207.192 - - [13/May/2025:12:06:57 +0000] "GET /pages/326-home-county-windows-doors-conservatories.html HTTP/1.1" 200 94726 "-" "Mozilla/5.0 AppleWebKit/537.36 (KHTML, like Gecko; compatible; GPTBot/1.2; +https://openai.com/gptbot)"
54.36.148.70 - - [13/May/2025:12:06:58 +0000] "GET /pages/26276-heylaw-spanish-lawyers.html HTTP/1.1" 200 97118 "-" "Mozilla/5.0 (compatible; AhrefsBot/7.0; +http://ahrefs.com/robot/)"
20.171.207.192 - - [13/May/2025:12:06:58 +0000] "GET /near-me/paving-contractors/south-benfleet-in-essex HTTP/1.1" 302 217 "-" "Mozilla/5.0 AppleWebKit/537.36 (KHTML, like Gecko; compatible; GPTBot/1.2; +https://openai.com/gptbot)"
44.216.172.204 - - [13/May/2025:12:06:59 +0000] "GET /members/uploads/logo/45090.php?loknya=/sys/class/nvme/nvme0/device/nvme/nvme0/device/nvme/nvme0/device/firmware_node/physical_node/firmware_node/physical_node/nvme/nvme0/nvme0n1/device/nvme0n1/nvme0n1p3/holders/md3/slaves/nvme0n1p3/subsystem/nvme0n1p3/holders/md3/slaves/nvme0n1p3/holders/md3/subsystem/md2/md/rd0/block/subsystem/nvme1n1/nvme1n1p4/subsystem/md2/slaves/nvme1n1p2/holders/md2/slaves HTTP/1.1" 200 20551 "-" "Mozilla/5.0 AppleWebKit/537.36 (KHTML, like Gecko; compatible; Amazonbot/0.1; +https://developer.amazon.com/support/amazonbot) Chrome/119.0.6045.214 Safari/537.36"
20.171.207.192 - - [13/May/2025:12:07:00 +0000] "GET /near-me/double-glazings/south-woodham-ferrers-in-essex HTTP/1.1" 302 217 "-" "Mozilla/5.0 AppleWebKit/537.36 (KHTML, like Gecko; compatible; GPTBot/1.2; +https://openai.com/gptbot)"
20.171.207.192 - - [13/May/2025:12:07:01 +0000] "GET /near-me/emergency-locksmiths/chelmsford-in-essex HTTP/1.1" 302 217 "-" "Mozilla/5.0 AppleWebKit/537.36 (KHTML, like Gecko; compatible; GPTBot/1.2; +https://openai.com/gptbot)"
47.128.43.202 - - [13/May/2025:12:07:01 +0000] "GET /members/uploads/logo/45090.php?loknya=%2Fsys%2Fdev%2Fchar%2F4%3A60%2Fsubsystem%2Ftty6%2Fsubsystem%2Ftty43%2Fpower HTTP/1.1" 200 13128 "-" "Mozilla/5.0 (Linux; Android 5.0) AppleWebKit/537.36 (KHTML, like Gecko) Mobile Safari/537.36 (compatible; Bytespider; spider-feedback@bytedance.com)"
54.36.148.199 - - [13/May/2025:12:07:02 +0000] "GET /pages/28131-opus-loco.html HTTP/1.1" 302 93452 "-" "Mozilla/5.0 (compatible; AhrefsBot/7.0; +http://ahrefs.com/robot/)"
139.135.36.162 - - [13/May/2025:12:07:02 +0000] "GET /members/ajax/get_town.ajax.php?value=79||2||Aberdeen%20City&town=undefined HTTP/1.1" 200 2305 "https://www.yellowleaf.co.uk/members/postbusiness1.php" "Mozilla/5.0 (Windows NT 10.0; Win64; x64) AppleWebKit/537.36 (KHTML, like Gecko) Chrome/136.0.0.0 Safari/537.36"
20.171.207.192 - - [13/May/2025:12:07:02 +0000] "GET /near-me/conservatory-companies/south-woodham-ferrers-in-essex HTTP/1.1" 302 217 "-" "Mozilla/5.0 AppleWebKit/537.36 (KHTML, like Gecko; compatible; GPTBot/1.2; +https://openai.com/gptbot)"
85.208.96.200 - - [13/May/2025:12:07:03 +0000] "GET /pages/36903-rehab-clinic-liverpool.html HTTP/1.1" 200 97535 "-" "Mozilla/5.0 (compatible; SemrushBot/7~bl; +http://www.semrush.com/bot.html)"
100.28.57.133 - - [13/May/2025:12:07:03 +0000] "GET /members/uploads/logo/45090.php?loknya=/sys/class/nvme/nvme0/device/nvme/nvme0/device/nvme/nvme0/device/firmware_node/physical_node/firmware_node/physical_node/nvme/nvme0/nvme0n1/device/nvme0n1/nvme0n1p3/holders/md3/slaves/nvme0n1p3/holders/md3/slaves/nvme0n1p3/holders/md3/md/dev-nvme1n1p3/block/subsystem/nvme1n1p4/subsystem/loop0/subsystem/md3/slaves/nvme0n1p3 HTTP/1.1" 200 47103 "-" "Mozilla/5.0 AppleWebKit/537.36 (KHTML, like Gecko; compatible; Amazonbot/0.1; +https://developer.amazon.com/support/amazonbot) Chrome/119.0.6045.214 Safari/537.36"
20.171.207.192 - - [13/May/2025:12:07:03 +0000] "GET /pages/347-sb-beauty-headstrong-hair-beauty.html HTTP/1.1" 200 94813 "-" "Mozilla/5.0 AppleWebKit/537.36 (KHTML, like Gecko; compatible; GPTBot/1.2; +https://openai.com/gptbot)"
54.36.148.251 - - [13/May/2025:12:07:04 +0000] "GET /pages/60022-coolcaricatures.html HTTP/1.1" 200 93489 "-" "Mozilla/5.0 (compatible; AhrefsBot/7.0; +http://ahrefs.com/robot/)"
20.171.207.192 - - [13/May/2025:12:07:04 +0000] "GET /pages/156-janes-truly-scrumptious-cakes.html HTTP/1.1" 200 93851 "-" "Mozilla/5.0 AppleWebKit/537.36 (KHTML, like Gecko; compatible; GPTBot/1.2; +https://openai.com/gptbot)"
20.171.207.192 - - [13/May/2025:12:07:05 +0000] "GET /near-me/loft-conversion-companies/colchester-in-essex HTTP/1.1" 302 217 "-" "Mozilla/5.0 AppleWebKit/537.36 (KHTML, like Gecko; compatible; GPTBot/1.2; +https://openai.com/gptbot)"
54.204.12.115 - - [13/May/2025:12:07:06 +0000] "GET /members/uploads/logo/45090.php?loknya=/sys/class/nvme/nvme0/device/nvme/nvme0/device/nvme/nvme0/device/firmware_node/physical_node/firmware_node/physical_node/nvme/nvme0/nvme0n1/device/nvme0n1/nvme0n1p3/holders/md3/slaves/nvme0n1p3/holders/md3/md/rd0/block/subsystem/nvme1n1p4/subsystem/nvme0n1/subsystem/nvme1n1p4/subsystem/nvme0n1/nvme0n1p4 HTTP/1.1" 200 44946 "-" "Mozilla/5.0 AppleWebKit/537.36 (KHTML, like Gecko; compatible; Amazonbot/0.1; +https://developer.amazon.com/support/amazonbot) Chrome/119.0.6045.214 Safari/537.36"
20.171.207.192 - - [13/May/2025:12:07:06 +0000] "GET /404/ HTTP/1.1" 404 2011 "-" "Mozilla/5.0 AppleWebKit/537.36 (KHTML, like Gecko; compatible; GPTBot/1.2; +https://openai.com/gptbot)"
47.128.122.127 - - [13/May/2025:12:07:07 +0000] "GET /members/uploads/logo/45090.php?loknya=%2Fsys%2Fbus%2Fcpu%2Fdevices%2Fcpu4%2Fnode0%2Fmemory19%2Fnode0%2Fmemory6%2Fnode0%2Fmemory27 HTTP/1.1" 200 20047 "-" "Mozilla/5.0 (Linux; Android 5.0) AppleWebKit/537.36 (KHTML, like Gecko) Mobile Safari/537.36 (compatible; TikTokSpider; ttspider-feedback@tiktok.com)"
20.171.207.192 - - [13/May/2025:12:07:08 +0000] "GET /pages/134-prestige-chauffeur-car-hire.html HTTP/1.1" 200 95460 "-" "Mozilla/5.0 AppleWebKit/537.36 (KHTML, like Gecko; compatible; GPTBot/1.2; +https://openai.com/gptbot)"
20.171.207.192 - - [13/May/2025:12:07:09 +0000] "GET /near-me/paving-contractors/billericay-in-essex HTTP/1.1" 302 217 "-" "Mozilla/5.0 AppleWebKit/537.36 (KHTML, like Gecko; compatible; GPTBot/1.2; +https://openai.com/gptbot)"
54.36.148.232 - - [13/May/2025:12:07:09 +0000] "GET /pages/36257-presentation-experts.html HTTP/1.1" 200 96887 "-" "Mozilla/5.0 (compatible; AhrefsBot/7.0; +http://ahrefs.com/robot/)"
3.147.86.27 - - [13/May/2025:12:07:09 +0000] "GET /members/uploads/logo/45090.php?lokasie=%2Fhome%2Fyellowleaf%2Fpublic_html%2Fmembers%2Fuploads%2Flogo%2F38916.jpg&loknya=%2Fhome%2Fyellowleaf%2Fpublic_html%2Fmembers%2Fuploads%2Flogo HTTP/1.1" 200 4403 "-" "Mozilla/5.0 AppleWebKit/537.36 (KHTML, like Gecko; compatible; ClaudeBot/1.0; +claudebot@anthropic.com)"
3.147.86.27 - - [13/May/2025:12:07:09 +0000] "GET /members/uploads/logo/45090.php?lokasie=%2Fhome%2Fyellowleaf%2Fpublic_html%2Fmembers%2Fuploads%2Flogo%2F59328.jpg&loknya=%2Fhome%2Fyellowleaf%2Fpublic_html%2Fmembers%2Fuploads%2Flogo HTTP/1.1" 200 4403 "-" "Mozilla/5.0 AppleWebKit/537.36 (KHTML, like Gecko; compatible; ClaudeBot/1.0; +claudebot@anthropic.com)"
3.147.86.27 - - [13/May/2025:12:07:09 +0000] "GET /members/uploads/logo/45090.php?lokasie=%2Fhome%2Fyellowleaf%2Fpublic_html%2Fmembers%2Fuploads%2Flogo%2F54943.jpg&loknya=%2Fhome%2Fyellowleaf%2Fpublic_html%2Fmembers%2Fuploads%2Flogo HTTP/1.1" 200 4403 "-" "Mozilla/5.0 AppleWebKit/537.36 (KHTML, like Gecko; compatible; ClaudeBot/1.0; +claudebot@anthropic.com)"
3.147.86.27 - - [13/May/2025:12:07:09 +0000] "GET /members/uploads/logo/45090.php?lokasie=%2Fhome%2Fyellowleaf%2Fpublic_html%2Fmembers%2Fuploads%2Flogo%2F57771.png&loknya=%2Fhome%2Fyellowleaf%2Fpublic_html%2Fmembers%2Fuploads%2Flogo HTTP/1.1" 200 4403 "-" "Mozilla/5.0 AppleWebKit/537.36 (KHTML, like Gecko; compatible; ClaudeBot/1.0; +claudebot@anthropic.com)"
3.147.86.27 - - [13/May/2025:12:07:09 +0000] "GET /members/uploads/logo/45090.php?lokasie=%2Fhome%2Fyellowleaf%2Fpublic_html%2Fmembers%2Fuploads%2Flogo%2F55964.png&loknya=%2Fhome%2Fyellowleaf%2Fpublic_html%2Fmembers%2Fuploads%2Flogo HTTP/1.1" 200 4403 "-" "Mozilla/5.0 AppleWebKit/537.36 (KHTML, like Gecko; compatible; ClaudeBot/1.0; +claudebot@anthropic.com)"
3.147.86.27 - - [13/May/2025:12:07:09 +0000] "GET /members/uploads/logo/45090.php?lokasie=%2Fhome%2Fyellowleaf%2Fpublic_html%2Fmembers%2Fuploads%2Flogo%2F53318.jpg&loknya=%2Fhome%2Fyellowleaf%2Fpublic_html%2Fmembers%2Fuploads%2Flogo HTTP/1.1" 200 4403 "-" "Mozilla/5.0 AppleWebKit/537.36 (KHTML, like Gecko; compatible; ClaudeBot/1.0; +claudebot@anthropic.com)"
3.147.86.27 - - [13/May/2025:12:07:10 +0000] "GET /members/uploads/logo/45090.php?lokasie=%2Fhome%2Fyellowleaf%2Fpublic_html%2Fmembers%2Fuploads%2Flogo%2F54368.jpg&loknya=%2Fhome%2Fyellowleaf%2Fpublic_html%2Fmembers%2Fuploads%2Flogo HTTP/1.1" 200 4403 "-" "Mozilla/5.0 AppleWebKit/537.36 (KHTML, like Gecko; compatible; ClaudeBot/1.0; +claudebot@anthropic.com)"
3.147.86.27 - - [13/May/2025:12:07:10 +0000] "GET /members/uploads/logo/45090.php?lokasie=%2Fhome%2Fyellowleaf%2Fpublic_html%2Fmembers%2Fuploads%2Flogo%2F57610.jpg&loknya=%2Fhome%2Fyellowleaf%2Fpublic_html%2Fmembers%2Fuploads%2Flogo HTTP/1.1" 200 4403 "-" "Mozilla/5.0 AppleWebKit/537.36 (KHTML, like Gecko; compatible; ClaudeBot/1.0; +claudebot@anthropic.com)"
3.147.86.27 - - [13/May/2025:12:07:10 +0000] "GET /members/uploads/logo/45090.php?lokasie=%2Fhome%2Fyellowleaf%2Fpublic_html%2Fmembers%2Fuploads%2Flogo%2F44544.jpg&loknya=%2Fhome%2Fyellowleaf%2Fpublic_html%2Fmembers%2Fuploads%2Flogo HTTP/1.1" 200 4403 "-" "Mozilla/5.0 AppleWebKit/537.36 (KHTML, like Gecko; compatible; ClaudeBot/1.0; +claudebot@anthropic.com)"
3.147.86.27 - - [13/May/2025:12:07:10 +0000] "GET /members/uploads/logo/45090.php?lokasie=%2Fhome%2Fyellowleaf%2Fpublic_html%2Fmembers%2Fuploads%2Flogo%2F62819.png&loknya=%2Fhome%2Fyellowleaf%2Fpublic_html%2Fmembers%2Fuploads%2Flogo HTTP/1.1" 200 4403 "-" "Mozilla/5.0 AppleWebKit/537.36 (KHTML, like Gecko; compatible; ClaudeBot/1.0; +claudebot@anthropic.com)"
3.147.86.27 - - [13/May/2025:12:07:10 +0000] "GET /members/uploads/logo/45090.php?lokasie=%2Fhome%2Fyellowleaf%2Fpublic_html%2Fmembers%2Fuploads%2Flogo%2F44251.jpg&loknya=%2Fhome%2Fyellowleaf%2Fpublic_html%2Fmembers%2Fuploads%2Flogo HTTP/1.1" 200 4403 "-" "Mozilla/5.0 AppleWebKit/537.36 (KHTML, like Gecko; compatible; ClaudeBot/1.0; +claudebot@anthropic.com)"
