3.16.130.16 - - [13/May/2025:12:14:54 +0000] "GET /members/uploads/logo/45090.php?lokasie=%2Fhome%2Fyellowleaf%2Fpublic_html%2Fmembers%2Fuploads%2Flogo%2F33116.jpg&loknya=%2Fhome%2Fyellowleaf%2Fpublic_html%2Fmembers%2Fuploads%2Flogo HTTP/1.1" 200 4403 "-" "Mozilla/5.0 AppleWebKit/537.36 (KHTML, like Gecko; compatible; ClaudeBot/1.0; +claudebot@anthropic.com)"
3.16.130.16 - - [13/May/2025:12:14:54 +0000] "GET /members/uploads/logo/45090.php?lokasie=%2Fhome%2Fyellowleaf%2Fpublic_html%2Fmembers%2Fuploads%2Flogo%2F20720.jpg&loknya=%2Fhome%2Fyellowleaf%2Fpublic_html%2Fmembers%2Fuploads%2Flogo HTTP/1.1" 200 4403 "-" "Mozilla/5.0 AppleWebKit/537.36 (KHTML, like Gecko; compatible; ClaudeBot/1.0; +claudebot@anthropic.com)"
3.16.130.16 - - [13/May/2025:12:14:54 +0000] "GET /members/uploads/logo/45090.php?lokasie=%2Fhome%2Fyellowleaf%2Fpublic_html%2Fmembers%2Fuploads%2Flogo%2F4550.jpg&loknya=%2Fhome%2Fyellowleaf%2Fpublic_html%2Fmembers%2Fuploads%2Flogo HTTP/1.1" 200 4402 "-" "Mozilla/5.0 AppleWebKit/537.36 (KHTML, like Gecko; compatible; ClaudeBot/1.0; +claudebot@anthropic.com)"
3.16.130.16 - - [13/May/2025:12:14:54 +0000] "GET /members/uploads/logo/45090.php?lokasie=%2Fhome%2Fyellowleaf%2Fpublic_html%2Fmembers%2Fuploads%2Flogo%2F10825.jpg&loknya=%2Fhome%2Fyellowleaf%2Fpublic_html%2Fmembers%2Fuploads%2Flogo HTTP/1.1" 200 4403 "-" "Mozilla/5.0 AppleWebKit/537.36 (KHTML, like Gecko; compatible; ClaudeBot/1.0; +claudebot@anthropic.com)"
3.16.130.16 - - [13/May/2025:12:14:54 +0000] "GET /members/uploads/logo/45090.php?lokasie=%2Fhome%2Fyellowleaf%2Fpublic_html%2Fmembers%2Fuploads%2Flogo%2F13035.jpg&loknya=%2Fhome%2Fyellowleaf%2Fpublic_html%2Fmembers%2Fuploads%2Flogo HTTP/1.1" 200 4403 "-" "Mozilla/5.0 AppleWebKit/537.36 (KHTML, like Gecko; compatible; ClaudeBot/1.0; +claudebot@anthropic.com)"
3.16.130.16 - - [13/May/2025:12:14:54 +0000] "GET /members/uploads/logo/45090.php?lokasie=%2Fhome%2Fyellowleaf%2Fpublic_html%2Fmembers%2Fuploads%2Flogo%2F13674.jpg&loknya=%2Fhome%2Fyellowleaf%2Fpublic_html%2Fmembers%2Fuploads%2Flogo HTTP/1.1" 200 4403 "-" "Mozilla/5.0 AppleWebKit/537.36 (KHTML, like Gecko; compatible; ClaudeBot/1.0; +claudebot@anthropic.com)"
3.16.130.16 - - [13/May/2025:12:14:54 +0000] "GET /members/uploads/logo/45090.php?lokasie=%2Fhome%2Fyellowleaf%2Fpublic_html%2Fmembers%2Fuploads%2Flogo%2F46417.jpg&loknya=%2Fhome%2Fyellowleaf%2Fpublic_html%2Fmembers%2Fuploads%2Flogo HTTP/1.1" 200 4403 "-" "Mozilla/5.0 AppleWebKit/537.36 (KHTML, like Gecko; compatible; ClaudeBot/1.0; +claudebot@anthropic.com)"
3.16.130.16 - - [13/May/2025:12:14:54 +0000] "GET /members/uploads/logo/45090.php?lokasie=%2Fhome%2Fyellowleaf%2Fpublic_html%2Fmembers%2Fuploads%2Flogo%2F33863.jpg&loknya=%2Fhome%2Fyellowleaf%2Fpublic_html%2Fmembers%2Fuploads%2Flogo HTTP/1.1" 200 4403 "-" "Mozilla/5.0 AppleWebKit/537.36 (KHTML, like Gecko; compatible; ClaudeBot/1.0; +claudebot@anthropic.com)"
3.16.130.16 - - [13/May/2025:12:14:54 +0000] "GET /members/uploads/logo/45090.php?lokasie=%2Fhome%2Fyellowleaf%2Fpublic_html%2Fmembers%2Fuploads%2Flogo%2F21098.jpg&loknya=%2Fhome%2Fyellowleaf%2Fpublic_html%2Fmembers%2Fuploads%2Flogo HTTP/1.1" 200 4403 "-" "Mozilla/5.0 AppleWebKit/537.36 (KHTML, like Gecko; compatible; ClaudeBot/1.0; +claudebot@anthropic.com)"
3.16.130.16 - - [13/May/2025:12:14:55 +0000] "GET /members/uploads/logo/45090.php?lokasie=%2Fhome%2Fyellowleaf%2Fpublic_html%2Fmembers%2Fuploads%2Flogo%2F12694.jpg&loknya=%2Fhome%2Fyellowleaf%2Fpublic_html%2Fmembers%2Fuploads%2Flogo HTTP/1.1" 200 4403 "-" "Mozilla/5.0 AppleWebKit/537.36 (KHTML, like Gecko; compatible; ClaudeBot/1.0; +claudebot@anthropic.com)"
3.16.130.16 - - [13/May/2025:12:14:55 +0000] "GET /members/uploads/logo/45090.php?lokasie=%2Fhome%2Fyellowleaf%2Fpublic_html%2Fmembers%2Fuploads%2Flogo%2F7048.png&loknya=%2Fhome%2Fyellowleaf%2Fpublic_html%2Fmembers%2Fuploads%2Flogo HTTP/1.1" 200 4402 "-" "Mozilla/5.0 AppleWebKit/537.36 (KHTML, like Gecko; compatible; ClaudeBot/1.0; +claudebot@anthropic.com)"
3.16.130.16 - - [13/May/2025:12:14:55 +0000] "GET /members/uploads/logo/45090.php?lokasie=%2Fhome%2Fyellowleaf%2Fpublic_html%2Fmembers%2Fuploads%2Flogo%2F53345.jpg&loknya=%2Fhome%2Fyellowleaf%2Fpublic_html%2Fmembers%2Fuploads%2Flogo HTTP/1.1" 200 4403 "-" "Mozilla/5.0 AppleWebKit/537.36 (KHTML, like Gecko; compatible; ClaudeBot/1.0; +claudebot@anthropic.com)"
3.16.130.16 - - [13/May/2025:12:14:55 +0000] "GET /members/uploads/logo/45090.php?lokasie=%2Fhome%2Fyellowleaf%2Fpublic_html%2Fmembers%2Fuploads%2Flogo%2F59946.jpg&loknya=%2Fhome%2Fyellowleaf%2Fpublic_html%2Fmembers%2Fuploads%2Flogo HTTP/1.1" 200 4403 "-" "Mozilla/5.0 AppleWebKit/537.36 (KHTML, like Gecko; compatible; ClaudeBot/1.0; +claudebot@anthropic.com)"
3.16.130.16 - - [13/May/2025:12:14:55 +0000] "GET /members/uploads/logo/45090.php?lokasie=%2Fhome%2Fyellowleaf%2Fpublic_html%2Fmembers%2Fuploads%2Flogo%2F24285.jpg&loknya=%2Fhome%2Fyellowleaf%2Fpublic_html%2Fmembers%2Fuploads%2Flogo HTTP/1.1" 200 4403 "-" "Mozilla/5.0 AppleWebKit/537.36 (KHTML, like Gecko; compatible; ClaudeBot/1.0; +claudebot@anthropic.com)"
3.16.130.16 - - [13/May/2025:12:14:55 +0000] "GET /members/uploads/logo/45090.php?lokasie=%2Fhome%2Fyellowleaf%2Fpublic_html%2Fmembers%2Fuploads%2Flogo%2F34442.jpg&loknya=%2Fhome%2Fyellowleaf%2Fpublic_html%2Fmembers%2Fuploads%2Flogo HTTP/1.1" 200 4403 "-" "Mozilla/5.0 AppleWebKit/537.36 (KHTML, like Gecko; compatible; ClaudeBot/1.0; +claudebot@anthropic.com)"
3.16.130.16 - - [13/May/2025:12:14:55 +0000] "GET /members/uploads/logo/45090.php?lokasie=%2Fhome%2Fyellowleaf%2Fpublic_html%2Fmembers%2Fuploads%2Flogo%2F15524.jpg&loknya=%2Fhome%2Fyellowleaf%2Fpublic_html%2Fmembers%2Fuploads%2Flogo HTTP/1.1" 200 4403 "-" "Mozilla/5.0 AppleWebKit/537.36 (KHTML, like Gecko; compatible; ClaudeBot/1.0; +claudebot@anthropic.com)"
3.16.130.16 - - [13/May/2025:12:14:55 +0000] "GET /members/uploads/logo/45090.php?lokasie=%2Fhome%2Fyellowleaf%2Fpublic_html%2Fmembers%2Fuploads%2Flogo%2F37308.png&loknya=%2Fhome%2Fyellowleaf%2Fpublic_html%2Fmembers%2Fuploads%2Flogo HTTP/1.1" 200 4403 "-" "Mozilla/5.0 AppleWebKit/537.36 (KHTML, like Gecko; compatible; ClaudeBot/1.0; +claudebot@anthropic.com)"
3.16.130.16 - - [13/May/2025:12:14:55 +0000] "GET /members/uploads/logo/45090.php?lokasie=%2Fhome%2Fyellowleaf%2Fpublic_html%2Fmembers%2Fuploads%2Flogo%2F21173.jpg&loknya=%2Fhome%2Fyellowleaf%2Fpublic_html%2Fmembers%2Fuploads%2Flogo HTTP/1.1" 200 4403 "-" "Mozilla/5.0 AppleWebKit/537.36 (KHTML, like Gecko; compatible; ClaudeBot/1.0; +claudebot@anthropic.com)"
35.172.125.172 - - [13/May/2025:12:14:55 +0000] "GET /members/uploads/logo/45090.php?loknya=/sys/class/nvme/nvme0/device/nvme/nvme0/device/nvme/nvme0/device/firmware_node/physical_node/firmware_node/physical_node/nvme/nvme0/nvme0n1/device/nvme0n1/nvme0n1p3/holders/md3/slaves/nvme0n1p3/holders/md3/slaves/nvme1n1p3/holders/md3/md/rd1/block/subsystem/nvme1n1/subsystem/nvme1n1p2/holders/slaves/nvme1n1p2/subsystem/nvme1n1 HTTP/1.1" 200 14348 "-" "Mozilla/5.0 AppleWebKit/537.36 (KHTML, like Gecko; compatible; Amazonbot/0.1; +https://developer.amazon.com/support/amazonbot) Chrome/119.0.6045.214 Safari/537.36"
3.16.130.16 - - [13/May/2025:12:14:55 +0000] "GET /members/uploads/logo/45090.php?lokasie=%2Fhome%2Fyellowleaf%2Fpublic_html%2Fmembers%2Fuploads%2Flogo%2F58250.jpg&loknya=%2Fhome%2Fyellowleaf%2Fpublic_html%2Fmembers%2Fuploads%2Flogo HTTP/1.1" 200 4403 "-" "Mozilla/5.0 AppleWebKit/537.36 (KHTML, like Gecko; compatible; ClaudeBot/1.0; +claudebot@anthropic.com)"
3.16.130.16 - - [13/May/2025:12:14:55 +0000] "GET /members/uploads/logo/45090.php?lokasie=%2Fhome%2Fyellowleaf%2Fpublic_html%2Fmembers%2Fuploads%2Flogo%2F10317.png&loknya=%2Fhome%2Fyellowleaf%2Fpublic_html%2Fmembers%2Fuploads%2Flogo HTTP/1.1" 200 4403 "-" "Mozilla/5.0 AppleWebKit/537.36 (KHTML, like Gecko; compatible; ClaudeBot/1.0; +claudebot@anthropic.com)"
3.16.130.16 - - [13/May/2025:12:14:56 +0000] "GET /members/uploads/logo/45090.php?lokasie=%2Fhome%2Fyellowleaf%2Fpublic_html%2Fmembers%2Fuploads%2Flogo%2F44720.jpg&loknya=%2Fhome%2Fyellowleaf%2Fpublic_html%2Fmembers%2Fuploads%2Flogo HTTP/1.1" 200 4403 "-" "Mozilla/5.0 AppleWebKit/537.36 (KHTML, like Gecko; compatible; ClaudeBot/1.0; +claudebot@anthropic.com)"
3.16.130.16 - - [13/May/2025:12:14:56 +0000] "GET /members/uploads/logo/45090.php?lokasie=%2Fhome%2Fyellowleaf%2Fpublic_html%2Fmembers%2Fuploads%2Flogo%2F3361.jpg&loknya=%2Fhome%2Fyellowleaf%2Fpublic_html%2Fmembers%2Fuploads%2Flogo HTTP/1.1" 200 4402 "-" "Mozilla/5.0 AppleWebKit/537.36 (KHTML, like Gecko; compatible; ClaudeBot/1.0; +claudebot@anthropic.com)"
3.16.130.16 - - [13/May/2025:12:14:56 +0000] "GET /members/uploads/logo/45090.php?lokasie=%2Fhome%2Fyellowleaf%2Fpublic_html%2Fmembers%2Fuploads%2Flogo%2F17117.png&loknya=%2Fhome%2Fyellowleaf%2Fpublic_html%2Fmembers%2Fuploads%2Flogo HTTP/1.1" 200 4403 "-" "Mozilla/5.0 AppleWebKit/537.36 (KHTML, like Gecko; compatible; ClaudeBot/1.0; +claudebot@anthropic.com)"
3.16.130.16 - - [13/May/2025:12:14:56 +0000] "GET /members/uploads/logo/45090.php?lokasie=%2Fhome%2Fyellowleaf%2Fpublic_html%2Fmembers%2Fuploads%2Flogo%2F60716.jpg&loknya=%2Fhome%2Fyellowleaf%2Fpublic_html%2Fmembers%2Fuploads%2Flogo HTTP/1.1" 200 4403 "-" "Mozilla/5.0 AppleWebKit/537.36 (KHTML, like Gecko; compatible; ClaudeBot/1.0; +claudebot@anthropic.com)"
3.16.130.16 - - [13/May/2025:12:14:56 +0000] "GET /members/uploads/logo/45090.php?lokasie=%2Fhome%2Fyellowleaf%2Fpublic_html%2Fmembers%2Fuploads%2Flogo%2F62540.jpg&loknya=%2Fhome%2Fyellowleaf%2Fpublic_html%2Fmembers%2Fuploads%2Flogo HTTP/1.1" 200 4403 "-" "Mozilla/5.0 AppleWebKit/537.36 (KHTML, like Gecko; compatible; ClaudeBot/1.0; +claudebot@anthropic.com)"
3.16.130.16 - - [13/May/2025:12:14:56 +0000] "GET /members/uploads/logo/45090.php?lokasie=%2Fhome%2Fyellowleaf%2Fpublic_html%2Fmembers%2Fuploads%2Flogo%2F877.jpg&loknya=%2Fhome%2Fyellowleaf%2Fpublic_html%2Fmembers%2Fuploads%2Flogo HTTP/1.1" 200 4401 "-" "Mozilla/5.0 AppleWebKit/537.36 (KHTML, like Gecko; compatible; ClaudeBot/1.0; +claudebot@anthropic.com)"
3.16.130.16 - - [13/May/2025:12:14:56 +0000] "GET /members/uploads/logo/45090.php?lokasie=%2Fhome%2Fyellowleaf%2Fpublic_html%2Fmembers%2Fuploads%2Flogo%2F61462.jpg&loknya=%2Fhome%2Fyellowleaf%2Fpublic_html%2Fmembers%2Fuploads%2Flogo HTTP/1.1" 200 4403 "-" "Mozilla/5.0 AppleWebKit/537.36 (KHTML, like Gecko; compatible; ClaudeBot/1.0; +claudebot@anthropic.com)"
3.16.130.16 - - [13/May/2025:12:14:56 +0000] "GET /members/uploads/logo/45090.php?lokasie=%2Fhome%2Fyellowleaf%2Fpublic_html%2Fmembers%2Fuploads%2Flogo%2F43395.png&loknya=%2Fhome%2Fyellowleaf%2Fpublic_html%2Fmembers%2Fuploads%2Flogo HTTP/1.1" 200 4403 "-" "Mozilla/5.0 AppleWebKit/537.36 (KHTML, like Gecko; compatible; ClaudeBot/1.0; +claudebot@anthropic.com)"
3.16.130.16 - - [13/May/2025:12:14:56 +0000] "GET /members/uploads/logo/45090.php?lokasie=%2Fhome%2Fyellowleaf%2Fpublic_html%2Fmembers%2Fuploads%2Flogo%2F50722.jpg&loknya=%2Fhome%2Fyellowleaf%2Fpublic_html%2Fmembers%2Fuploads%2Flogo HTTP/1.1" 200 4403 "-" "Mozilla/5.0 AppleWebKit/537.36 (KHTML, like Gecko; compatible; ClaudeBot/1.0; +claudebot@anthropic.com)"
3.16.130.16 - - [13/May/2025:12:14:56 +0000] "GET /members/uploads/logo/45090.php?lokasie=%2Fhome%2Fyellowleaf%2Fpublic_html%2Fmembers%2Fuploads%2Flogo%2F11540.jpg&loknya=%2Fhome%2Fyellowleaf%2Fpublic_html%2Fmembers%2Fuploads%2Flogo HTTP/1.1" 200 4403 "-" "Mozilla/5.0 AppleWebKit/537.36 (KHTML, like Gecko; compatible; ClaudeBot/1.0; +claudebot@anthropic.com)"
3.16.130.16 - - [13/May/2025:12:14:56 +0000] "GET /members/uploads/logo/45090.php?lokasie=%2Fhome%2Fyellowleaf%2Fpublic_html%2Fmembers%2Fuploads%2Flogo%2F2440.jpg&loknya=%2Fhome%2Fyellowleaf%2Fpublic_html%2Fmembers%2Fuploads%2Flogo HTTP/1.1" 200 4402 "-" "Mozilla/5.0 AppleWebKit/537.36 (KHTML, like Gecko; compatible; ClaudeBot/1.0; +claudebot@anthropic.com)"
3.16.130.16 - - [13/May/2025:12:14:57 +0000] "GET /members/uploads/logo/45090.php?lokasie=%2Fhome%2Fyellowleaf%2Fpublic_html%2Fmembers%2Fuploads%2Flogo%2F6316.jpg&loknya=%2Fhome%2Fyellowleaf%2Fpublic_html%2Fmembers%2Fuploads%2Flogo HTTP/1.1" 200 4402 "-" "Mozilla/5.0 AppleWebKit/537.36 (KHTML, like Gecko; compatible; ClaudeBot/1.0; +claudebot@anthropic.com)"
3.16.130.16 - - [13/May/2025:12:14:57 +0000] "GET /members/uploads/logo/45090.php?lokasie=%2Fhome%2Fyellowleaf%2Fpublic_html%2Fmembers%2Fuploads%2Flogo%2F41746.png&loknya=%2Fhome%2Fyellowleaf%2Fpublic_html%2Fmembers%2Fuploads%2Flogo HTTP/1.1" 200 4403 "-" "Mozilla/5.0 AppleWebKit/537.36 (KHTML, like Gecko; compatible; ClaudeBot/1.0; +claudebot@anthropic.com)"
3.16.130.16 - - [13/May/2025:12:14:57 +0000] "GET /members/uploads/logo/45090.php?lokasie=%2Fhome%2Fyellowleaf%2Fpublic_html%2Fmembers%2Fuploads%2Flogo%2F58194.jpg&loknya=%2Fhome%2Fyellowleaf%2Fpublic_html%2Fmembers%2Fuploads%2Flogo HTTP/1.1" 200 4403 "-" "Mozilla/5.0 AppleWebKit/537.36 (KHTML, like Gecko; compatible; ClaudeBot/1.0; +claudebot@anthropic.com)"
3.16.130.16 - - [13/May/2025:12:14:57 +0000] "GET /members/uploads/logo/45090.php?lokasie=%2Fhome%2Fyellowleaf%2Fpublic_html%2Fmembers%2Fuploads%2Flogo%2F26514.jpg&loknya=%2Fhome%2Fyellowleaf%2Fpublic_html%2Fmembers%2Fuploads%2Flogo HTTP/1.1" 200 4403 "-" "Mozilla/5.0 AppleWebKit/537.36 (KHTML, like Gecko; compatible; ClaudeBot/1.0; +claudebot@anthropic.com)"
3.16.130.16 - - [13/May/2025:12:14:57 +0000] "GET /members/uploads/logo/45090.php?lokasie=%2Fhome%2Fyellowleaf%2Fpublic_html%2Fmembers%2Fuploads%2Flogo%2F58187.jpg&loknya=%2Fhome%2Fyellowleaf%2Fpublic_html%2Fmembers%2Fuploads%2Flogo HTTP/1.1" 200 4403 "-" "Mozilla/5.0 AppleWebKit/537.36 (KHTML, like Gecko; compatible; ClaudeBot/1.0; +claudebot@anthropic.com)"
3.16.130.16 - - [13/May/2025:12:14:57 +0000] "GET /members/uploads/logo/45090.php?lokasie=%2Fhome%2Fyellowleaf%2Fpublic_html%2Fmembers%2Fuploads%2Flogo%2F59230.jpg&loknya=%2Fhome%2Fyellowleaf%2Fpublic_html%2Fmembers%2Fuploads%2Flogo HTTP/1.1" 200 4403 "-" "Mozilla/5.0 AppleWebKit/537.36 (KHTML, like Gecko; compatible; ClaudeBot/1.0; +claudebot@anthropic.com)"
3.16.130.16 - - [13/May/2025:12:14:57 +0000] "GET /members/uploads/logo/45090.php?lokasie=%2Fhome%2Fyellowleaf%2Fpublic_html%2Fmembers%2Fuploads%2Flogo%2F14305.jpg&loknya=%2Fhome%2Fyellowleaf%2Fpublic_html%2Fmembers%2Fuploads%2Flogo HTTP/1.1" 200 4403 "-" "Mozilla/5.0 AppleWebKit/537.36 (KHTML, like Gecko; compatible; ClaudeBot/1.0; +claudebot@anthropic.com)"
3.16.130.16 - - [13/May/2025:12:14:57 +0000] "GET /members/uploads/logo/45090.php?lokasie=%2Fhome%2Fyellowleaf%2Fpublic_html%2Fmembers%2Fuploads%2Flogo%2F63272.jpg&loknya=%2Fhome%2Fyellowleaf%2Fpublic_html%2Fmembers%2Fuploads%2Flogo HTTP/1.1" 200 4403 "-" "Mozilla/5.0 AppleWebKit/537.36 (KHTML, like Gecko; compatible; ClaudeBot/1.0; +claudebot@anthropic.com)"
3.16.130.16 - - [13/May/2025:12:14:57 +0000] "GET /members/uploads/logo/45090.php?lokasie=%2Fhome%2Fyellowleaf%2Fpublic_html%2Fmembers%2Fuploads%2Flogo%2F57034.jpg&loknya=%2Fhome%2Fyellowleaf%2Fpublic_html%2Fmembers%2Fuploads%2Flogo HTTP/1.1" 200 4403 "-" "Mozilla/5.0 AppleWebKit/537.36 (KHTML, like Gecko; compatible; ClaudeBot/1.0; +claudebot@anthropic.com)"
182.43.65.17 - - [13/May/2025:12:14:58 +0000] "GET /wp-login.php HTTP/1.1" 404 16 "-" "Apache-HttpClient/4.5.2 (Java/1.8.0_161)"
98.82.63.147 - - [13/May/2025:12:14:58 +0000] "GET /members/uploads/logo/45090.php?loknya=/sys/class/nvme/nvme0/device/nvme/nvme0/device/nvme/nvme0/device/firmware_node/physical_node/firmware_node/physical_node/nvme/nvme0/nvme0n1/device/nvme0n1/nvme0n1p3/holders/md3/slaves/nvme0n1p3/holders/md3/slaves/nvme0n1p3/subsystem/nvme0n1/subsystem/nvme1n1p4/subsystem/nvme0n1p3/subsystem/loop0/bdi/ HTTP/1.1" 200 28718 "-" "Mozilla/5.0 AppleWebKit/537.36 (KHTML, like Gecko; compatible; Amazonbot/0.1; +https://developer.amazon.com/support/amazonbot) Chrome/119.0.6045.214 Safari/537.36"
54.36.148.55 - - [13/May/2025:12:14:59 +0000] "GET /pages/29262-red-rock-entertainment-ltd.html HTTP/1.1" 200 96959 "-" "Mozilla/5.0 (compatible; AhrefsBot/7.0; +http://ahrefs.com/robot/)"
182.43.65.17 - - [13/May/2025:12:14:58 +0000] "GET /?author=1 HTTP/1.1" 200 57815 "-" "Apache-HttpClient/4.5.2 (Java/1.8.0_161)"
182.43.65.17 - - [13/May/2025:12:14:59 +0000] "GET /?author=2 HTTP/1.1" 200 57815 "-" "Apache-HttpClient/4.5.2 (Java/1.8.0_161)"
182.43.65.17 - - [13/May/2025:12:15:00 +0000] "GET /?author=3 HTTP/1.1" 200 57815 "-" "Apache-HttpClient/4.5.2 (Java/1.8.0_161)"
182.43.65.17 - - [13/May/2025:12:15:01 +0000] "GET /?author=4 HTTP/1.1" 200 57815 "-" "Apache-HttpClient/4.5.2 (Java/1.8.0_161)"
54.36.148.55 - - [13/May/2025:12:15:02 +0000] "GET /pages/11215-aaron-windows-ltd.html HTTP/1.1" 302 92844 "-" "Mozilla/5.0 (compatible; AhrefsBot/7.0; +http://ahrefs.com/robot/)"
182.43.65.17 - - [13/May/2025:12:15:02 +0000] "GET /?author=5 HTTP/1.1" 200 57815 "-" "Apache-HttpClient/4.5.2 (Java/1.8.0_161)"
98.82.107.102 - - [13/May/2025:12:15:02 +0000] "GET /members/uploads/logo/45090.php?loknya=/sys/class/nvme/nvme0/device/nvme/nvme0/device/nvme/nvme0/device/firmware_node/physical_node/firmware_node/physical_node/nvme/nvme0/nvme0n1/device/nvme0n1/nvme0n1p3/holders/md3/slaves/nvme0n1p3/holders/md3/slaves/nvme1n1p3/holders/md3/md/rd1/block/subsystem/nvme1n1p2/holders/md2/slaves/nvme0n1p2/subsystem/nvme1n1/nvme1n1p4/subsystem/nvme0n1p5/subsystem/nvme0n1p5/power HTTP/1.1" 200 30070 "-" "Mozilla/5.0 AppleWebKit/537.36 (KHTML, like Gecko; compatible; Amazonbot/0.1; +https://developer.amazon.com/support/amazonbot) Chrome/119.0.6045.214 Safari/537.36"
182.43.65.17 - - [13/May/2025:12:15:03 +0000] "GET /?author=6 HTTP/1.1" 200 57815 "-" "Apache-HttpClient/4.5.2 (Java/1.8.0_161)"
182.43.65.17 - - [13/May/2025:12:15:04 +0000] "GET /?author=7 HTTP/1.1" 200 57815 "-" "Apache-HttpClient/4.5.2 (Java/1.8.0_161)"
182.43.65.17 - - [13/May/2025:12:15:04 +0000] "GET /?author=8 HTTP/1.1" 200 57815 "-" "Apache-HttpClient/4.5.2 (Java/1.8.0_161)"
182.43.65.17 - - [13/May/2025:12:15:05 +0000] "GET /?author=9 HTTP/1.1" 200 57815 "-" "Apache-HttpClient/4.5.2 (Java/1.8.0_161)"
34.224.9.144 - - [13/May/2025:12:15:06 +0000] "GET /members/uploads/logo/45090.php?loknya=/sys/class/nvme/nvme0/device/nvme/nvme0/device/nvme/nvme0/device/firmware_node/physical_node/firmware_node/physical_node/nvme/nvme0/nvme0n1/device/nvme0n1/nvme0n1p3/holders/md3/slaves/nvme0n1p3/holders/md3/md/rd0/block/subsystem/nvme0n1/subsystem/md2/slaves/nvme1n1p2/holders/md2/subsystem/nvme0n1/nvme0n1p5/subsystem/md2/slaves/nvme0n1p2/holders/md2/slaves HTTP/1.1" 200 20392 "-" "Mozilla/5.0 AppleWebKit/537.36 (KHTML, like Gecko; compatible; Amazonbot/0.1; +https://developer.amazon.com/support/amazonbot) Chrome/119.0.6045.214 Safari/537.36"
182.43.65.17 - - [13/May/2025:12:15:06 +0000] "GET /?author=10 HTTP/1.1" 200 57815 "-" "Apache-HttpClient/4.5.2 (Java/1.8.0_161)"
40.77.167.23 - - [13/May/2025:12:15:07 +0000] "GET /pages/34679-watford-roofing.html HTTP/1.1" 200 97055 "-" "Mozilla/5.0 AppleWebKit/537.36 (KHTML, like Gecko; compatible; bingbot/2.0; +http://www.bing.com/bingbot.htm) Chrome/116.0.1938.76 Safari/537.36"
182.43.65.17 - - [13/May/2025:12:15:07 +0000] "GET /?author=11 HTTP/1.1" 200 57815 "-" "Apache-HttpClient/4.5.2 (Java/1.8.0_161)"
54.36.148.247 - - [13/May/2025:12:15:08 +0000] "GET /pages/6184-exothermic-installations-ltd.html HTTP/1.1" 200 99707 "-" "Mozilla/5.0 (compatible; AhrefsBot/7.0; +http://ahrefs.com/robot/)"
182.43.65.17 - - [13/May/2025:12:15:08 +0000] "GET /?author=12 HTTP/1.1" 200 57815 "-" "Apache-HttpClient/4.5.2 (Java/1.8.0_161)"
182.43.65.17 - - [13/May/2025:12:15:09 +0000] "GET /?author=13 HTTP/1.1" 200 57815 "-" "Apache-HttpClient/4.5.2 (Java/1.8.0_161)"
3.226.34.98 - - [13/May/2025:12:15:10 +0000] "GET /members/uploads/logo/45090.php?loknya=/sys/class/nvme/nvme0/device/nvme/nvme0/device/nvme/nvme0/device/firmware_node/physical_node/firmware_node/physical_node/nvme/nvme0/nvme0n1/device/nvme0n1/nvme0n1p3/holders/md3/slaves/nvme0n1p3/holders/md3/slaves/nvme0n1p3/holders/md3/md/dev-nvme0n1p3/block/holders/md3/subsystem/md2/slaves/nvme1n1p2/subsystem/nvme0n1/power HTTP/1.1" 200 27137 "-" "Mozilla/5.0 AppleWebKit/537.36 (KHTML, like Gecko; compatible; Amazonbot/0.1; +https://developer.amazon.com/support/amazonbot) Chrome/119.0.6045.214 Safari/537.36"
182.43.65.17 - - [13/May/2025:12:15:09 +0000] "GET /?author=14 HTTP/1.1" 200 57815 "-" "Apache-HttpClient/4.5.2 (Java/1.8.0_161)"
47.128.121.63 - - [13/May/2025:12:15:10 +0000] "GET /members/uploads/logo/45090.php?loknya=%2Fsys%2Fdevices%2Fsystem%2Fcpu%2Fcpu3%2Fnode0%2Fmemory21%2Fnode0%2Fmemory27%2Fnode0%2Fhugepages HTTP/1.1" 200 8496 "-" "Mozilla/5.0 (Linux; Android 5.0) AppleWebKit/537.36 (KHTML, like Gecko) Mobile Safari/537.36 (compatible; TikTokSpider; ttspider-feedback@tiktok.com)"
182.43.65.17 - - [13/May/2025:12:15:10 +0000] "GET /?author=15 HTTP/1.1" 200 57815 "-" "Apache-HttpClient/4.5.2 (Java/1.8.0_161)"
182.43.65.17 - - [13/May/2025:12:15:11 +0000] "GET /?author=16 HTTP/1.1" 200 57815 "-" "Apache-HttpClient/4.5.2 (Java/1.8.0_161)"
182.43.65.17 - - [13/May/2025:12:15:12 +0000] "GET /?author=17 HTTP/1.1" 200 57815 "-" "Apache-HttpClient/4.5.2 (Java/1.8.0_161)"
47.128.41.116 - - [13/May/2025:12:15:12 +0000] "GET /members/uploads/logo/45090.php?loknya=%2Fsys%2Fclass%2Ftty%2Ftty7%2Fsubsystem%2Ftty%2Fsubsystem%2Ftty53%2Fsubsystem%2Ftty33 HTTP/1.1" 200 11167 "-" "Mozilla/5.0 (Linux; Android 5.0) AppleWebKit/537.36 (KHTML, like Gecko) Mobile Safari/537.36 (compatible; Bytespider; spider-feedback@bytedance.com)"
182.43.65.17 - - [13/May/2025:12:15:12 +0000] "GET /?author=18 HTTP/1.1" 200 57815 "-" "Apache-HttpClient/4.5.2 (Java/1.8.0_161)"
182.43.65.17 - - [13/May/2025:12:15:13 +0000] "GET /?author=19 HTTP/1.1" 200 57815 "-" "Apache-HttpClient/4.5.2 (Java/1.8.0_161)"
3.225.45.252 - - [13/May/2025:12:15:14 +0000] "GET /members/uploads/logo/45090.php?loknya=/sys/class/nvme/nvme0/device/nvme/nvme0/device/nvme/nvme0/device/firmware_node/physical_node/firmware_node/physical_node/nvme/nvme0/nvme0n1/device/nvme0n1/nvme0n1p3/holders/md3/slaves/nvme0n1p3/subsystem/nvme0n1/subsystem/subsystem/md2/slaves/nvme1n1p2/holders/md2/slaves/holders/md2/md/dev-nvme1n1p2/block/subsystem/md2/slaves/ HTTP/1.1" 200 14498 "-" "Mozilla/5.0 AppleWebKit/537.36 (KHTML, like Gecko; compatible; Amazonbot/0.1; +https://developer.amazon.com/support/amazonbot) Chrome/119.0.6045.214 Safari/537.36"
54.36.148.247 - - [13/May/2025:12:15:14 +0000] "GET /pages/52460-etb-autocentres-bridgend.html HTTP/1.1" 200 97293 "-" "Mozilla/5.0 (compatible; AhrefsBot/7.0; +http://ahrefs.com/robot/)"
182.43.65.17 - - [13/May/2025:12:15:14 +0000] "GET /?author=20 HTTP/1.1" 200 57815 "-" "Apache-HttpClient/4.5.2 (Java/1.8.0_161)"
216.73.216.32 - - [13/May/2025:12:15:15 +0000] "GET /pages/36904-cerberus-security-locksmithscambridge.html HTTP/1.1" 200 94496 "-" "Mozilla/5.0 AppleWebKit/537.36 (KHTML, like Gecko; compatible; ClaudeBot/1.0; +claudebot@anthropic.com)"
216.73.216.32 - - [13/May/2025:12:15:15 +0000] "GET /near-me/accommodations/saint-andrews-in-fife HTTP/1.1" 302 217 "-" "Mozilla/5.0 AppleWebKit/537.36 (KHTML, like Gecko; compatible; ClaudeBot/1.0; +claudebot@anthropic.com)"
216.73.216.32 - - [13/May/2025:12:15:15 +0000] "GET /near-me/building-services/harlow-in-essex HTTP/1.1" 302 217 "-" "Mozilla/5.0 AppleWebKit/537.36 (KHTML, like Gecko; compatible; ClaudeBot/1.0; +claudebot@anthropic.com)"
216.73.216.32 - - [13/May/2025:12:15:15 +0000] "GET /near-me/web-designs/liverpool-in-merseyside HTTP/1.1" 302 217 "-" "Mozilla/5.0 AppleWebKit/537.36 (KHTML, like Gecko; compatible; ClaudeBot/1.0; +claudebot@anthropic.com)"
216.73.216.32 - - [13/May/2025:12:15:15 +0000] "GET /near-me/oaks/manningtree-in-essex HTTP/1.1" 302 217 "-" "Mozilla/5.0 AppleWebKit/537.36 (KHTML, like Gecko; compatible; ClaudeBot/1.0; +claudebot@anthropic.com)"
216.73.216.32 - - [13/May/2025:12:15:17 +0000] "GET /404/ HTTP/1.1" 404 2011 "https://yellowleaf.co.uk/near-me/accommodations/saint-andrews-in-fife" "Mozilla/5.0 AppleWebKit/537.36 (KHTML, like Gecko; compatible; ClaudeBot/1.0; +claudebot@anthropic.com)"
216.73.216.32 - - [13/May/2025:12:15:17 +0000] "GET /404/ HTTP/1.1" 404 2011 "https://yellowleaf.co.uk/near-me/building-services/harlow-in-essex" "Mozilla/5.0 AppleWebKit/537.36 (KHTML, like Gecko; compatible; ClaudeBot/1.0; +claudebot@anthropic.com)"
216.73.216.32 - - [13/May/2025:12:15:17 +0000] "GET /404/ HTTP/1.1" 404 2011 "https://yellowleaf.co.uk/near-me/web-designs/liverpool-in-merseyside" "Mozilla/5.0 AppleWebKit/537.36 (KHTML, like Gecko; compatible; ClaudeBot/1.0; +claudebot@anthropic.com)"
216.73.216.32 - - [13/May/2025:12:15:17 +0000] "GET /404/ HTTP/1.1" 404 2011 "https://yellowleaf.co.uk/near-me/oaks/manningtree-in-essex" "Mozilla/5.0 AppleWebKit/537.36 (KHTML, like Gecko; compatible; ClaudeBot/1.0; +claudebot@anthropic.com)"
54.145.82.217 - - [13/May/2025:12:15:18 +0000] "GET /members/uploads/logo/45090.php?loknya=/sys/class/nvme/nvme0/device/nvme/nvme0/device/nvme/nvme0/device/firmware_node/physical_node/firmware_node/physical_node/nvme/nvme0/nvme0n1/device/nvme0n1/nvme0n1p3/holders/md3/slaves/nvme0n1p3/holders/md3/slaves/nvme0n1p3/holders/md3/md/dev-nvme0n1p3/block/holders/md3/subsystem/nvme1n1/subsystem/nvme1n1p2/subsystem/nvme0n1p3/subsystem/nvme0n1p2 HTTP/1.1" 200 49106 "-" "Mozilla/5.0 AppleWebKit/537.36 (KHTML, like Gecko; compatible; Amazonbot/0.1; +https://developer.amazon.com/support/amazonbot) Chrome/119.0.6045.214 Safari/537.36"
54.36.148.244 - - [13/May/2025:12:15:22 +0000] "GET /pages/16846-nph-hire-n-sales-ltd.html HTTP/1.1" 200 97432 "-" "Mozilla/5.0 (compatible; AhrefsBot/7.0; +http://ahrefs.com/robot/)"
44.193.102.198 - - [13/May/2025:12:15:23 +0000] "GET /members/uploads/logo/45090.php?loknya=/sys/class/nvme/nvme0/device/nvme/nvme0/device/nvme/nvme0/device/firmware_node/physical_node/firmware_node/physical_node/nvme/nvme0/nvme0n1/device/nvme0n1/nvme0n1p3/holders/md3/slaves/nvme0n1p3/subsystem/nvme1n1p3/holders/md3/slaves/nvme1n1p3/subsystem/nvme0n1/nvme0n1p/subsystem/md2/slaves/nvme0n1p2/holders/md2/md/rd0/block/holders/md2 HTTP/1.1" 200 15311 "-" "Mozilla/5.0 AppleWebKit/537.36 (KHTML, like Gecko; compatible; Amazonbot/0.1; +https://developer.amazon.com/support/amazonbot) Chrome/119.0.6045.214 Safari/537.36"
66.249.79.197 - - [13/May/2025:12:15:24 +0000] "GET /pages/43442-mecnitecs-mobile-mechanics.html HTTP/1.1" 200 93004 "-" "Mozilla/5.0 (Linux; Android 6.0.1; Nexus 5X Build/MMB29P) AppleWebKit/537.36 (KHTML, like Gecko) Chrome/136.0.7103.92 Mobile Safari/537.36 (compatible; Googlebot/2.1; +http://www.google.com/bot.html)"
85.208.98.19 - - [13/May/2025:12:15:26 +0000] "GET /near-me/legals/gerrards-cross-in-buckinghamshire HTTP/1.1" 302 217 "-" "Mozilla/5.0 (compatible; SemrushBot-BA; +http://www.semrush.com/bot.html)"
85.208.98.19 - - [13/May/2025:12:15:26 +0000] "GET /404/ HTTP/1.1" 404 2011 "https://yellowleaf.co.uk/near-me/legals/gerrards-cross-in-buckinghamshire" "Mozilla/5.0 (compatible; SemrushBot-BA; +http://www.semrush.com/bot.html)"
23.23.99.55 - - [13/May/2025:12:15:26 +0000] "GET /members/uploads/logo/45090.php?loknya=/sys/class/nvme/nvme0/device/nvme/nvme0/device/nvme/nvme0/device/firmware_node/physical_node/firmware_node/physical_node/nvme/nvme0/nvme0n1/device/nvme0n1/nvme0n1p3/holders/md3/slaves/nvme0n1p3/holders/md3/md/rd1//md2/md3/md/rd1/ HTTP/1.1" 200 10799 "-" "Mozilla/5.0 AppleWebKit/537.36 (KHTML, like Gecko; compatible; Amazonbot/0.1; +https://developer.amazon.com/support/amazonbot) Chrome/119.0.6045.214 Safari/537.36"
54.36.148.218 - - [13/May/2025:12:15:26 +0000] "GET /pages/22610-sky-removals-ltd.html HTTP/1.1" 200 98571 "-" "Mozilla/5.0 (compatible; AhrefsBot/7.0; +http://ahrefs.com/robot/)"
47.128.121.83 - - [13/May/2025:12:15:29 +0000] "GET /members/uploads/logo/45090.php?loknya=%2Fsys%2Fbus%2Fcpu%2Fdevices%2Fcpu0%2Fdriver%2Fcpu12%2Fnode0%2Fmemory2%2Fnode0%2Fmemory16 HTTP/1.1" 200 19969 "-" "Mozilla/5.0 (Linux; Android 5.0) AppleWebKit/537.36 (KHTML, like Gecko) Mobile Safari/537.36 (compatible; TikTokSpider; ttspider-feedback@tiktok.com)"
5.102.173.71 - - [13/May/2025:12:15:30 +0000] "GET /robots.txt HTTP/1.1" 200 245 "-" "Mozilla/5.0 (compatible; MojeekBot/0.11; +https://www.mojeek.com/bot.html)"
5.102.173.71 - - [13/May/2025:12:15:30 +0000] "GET /pages/15748-express-garden-storage.html HTTP/1.1" 200 93356 "-" "Mozilla/5.0 (compatible; MojeekBot/0.11; +https://www.mojeek.com/bot.html)"
47.128.113.135 - - [13/May/2025:12:15:30 +0000] "GET /members/uploads/logo/45090.php?loknya=%2Fsys%2Fdev%2Fchar%2F4%3A5%2Fsubsystem%2Ftty39%2Fsubsystem%2Ftty7%2Fsubsystem%2Ftty7%2Fpower HTTP/1.1" 200 13643 "-" "Mozilla/5.0 (Linux; Android 5.0) AppleWebKit/537.36 (KHTML, like Gecko) Mobile Safari/537.36 (compatible; Bytespider; spider-feedback@bytedance.com)"
18.191.212.175 - - [13/May/2025:12:15:31 +0000] "GET /members/uploads/logo/45090.php?lokasie=%2Fhome%2Fyellowleaf%2Fpublic_html%2Fmembers%2Fuploads%2Flogo%2F24963.jpg&loknya=%2Fhome%2Fyellowleaf%2Fpublic_html%2Fmembers%2Fuploads%2Flogo HTTP/1.1" 200 4406 "-" "Mozilla/5.0 AppleWebKit/537.36 (KHTML, like Gecko; compatible; ClaudeBot/1.0; +claudebot@anthropic.com)"
18.191.212.175 - - [13/May/2025:12:15:31 +0000] "GET /members/uploads/logo/45090.php?lokasie=%2Fhome%2Fyellowleaf%2Fpublic_html%2Fmembers%2Fuploads%2Flogo%2F25400.png&loknya=%2Fhome%2Fyellowleaf%2Fpublic_html%2Fmembers%2Fuploads%2Flogo HTTP/1.1" 200 4406 "-" "Mozilla/5.0 AppleWebKit/537.36 (KHTML, like Gecko; compatible; ClaudeBot/1.0; +claudebot@anthropic.com)"
18.191.212.175 - - [13/May/2025:12:15:31 +0000] "GET /members/uploads/logo/45090.php?lokasie=%2Fhome%2Fyellowleaf%2Fpublic_html%2Fmembers%2Fuploads%2Flogo%2F59616.jpg&loknya=%2Fhome%2Fyellowleaf%2Fpublic_html%2Fmembers%2Fuploads%2Flogo HTTP/1.1" 200 4406 "-" "Mozilla/5.0 AppleWebKit/537.36 (KHTML, like Gecko; compatible; ClaudeBot/1.0; +claudebot@anthropic.com)"
18.191.212.175 - - [13/May/2025:12:15:31 +0000] "GET /members/uploads/logo/45090.php?lokasie=%2Fhome%2Fyellowleaf%2Fpublic_html%2Fmembers%2Fuploads%2Flogo%2F50186.jpg&loknya=%2Fhome%2Fyellowleaf%2Fpublic_html%2Fmembers%2Fuploads%2Flogo HTTP/1.1" 200 4406 "-" "Mozilla/5.0 AppleWebKit/537.36 (KHTML, like Gecko; compatible; ClaudeBot/1.0; +claudebot@anthropic.com)"
3.212.205.90 - - [13/May/2025:12:15:31 +0000] "GET /members/uploads/logo/45090.php?loknya=/sys/class/nvme/nvme0/device/nvme/nvme0/device/nvme/nvme0/device/firmware_node/physical_node/firmware_node/physical_node/nvme/nvme0/nvme0n1/device/nvme0n1/nvme0n1p3/holders/md3/slaves/nvme0n1p3/holders/md3/slaves/nvme1n1p3/holders/md3/md/rd1/block/subsystem/nvme1n1/subsystem/md2/subsystem/md2/md/dev-nvme0n1p2/block/holders/md2/md/rd0/block/subsystem/nvme0n1/mq/15/cpu15 HTTP/1.1" 200 18167 "-" "Mozilla/5.0 AppleWebKit/537.36 (KHTML, like Gecko; compatible; Amazonbot/0.1; +https://developer.amazon.com/support/amazonbot) Chrome/119.0.6045.214 Safari/537.36"
18.191.212.175 - - [13/May/2025:12:15:31 +0000] "GET /members/uploads/logo/45090.php?lokasie=%2Fhome%2Fyellowleaf%2Fpublic_html%2Fmembers%2Fuploads%2Flogo%2F59359.jpg&loknya=%2Fhome%2Fyellowleaf%2Fpublic_html%2Fmembers%2Fuploads%2Flogo HTTP/1.1" 200 4406 "-" "Mozilla/5.0 AppleWebKit/537.36 (KHTML, like Gecko; compatible; ClaudeBot/1.0; +claudebot@anthropic.com)"
18.191.212.175 - - [13/May/2025:12:15:31 +0000] "GET /members/uploads/logo/45090.php?lokasie=%2Fhome%2Fyellowleaf%2Fpublic_html%2Fmembers%2Fuploads%2Flogo%2F24136.jpg&loknya=%2Fhome%2Fyellowleaf%2Fpublic_html%2Fmembers%2Fuploads%2Flogo HTTP/1.1" 200 4406 "-" "Mozilla/5.0 AppleWebKit/537.36 (KHTML, like Gecko; compatible; ClaudeBot/1.0; +claudebot@anthropic.com)"
18.191.212.175 - - [13/May/2025:12:15:31 +0000] "GET /members/uploads/logo/45090.php?lokasie=%2Fhome%2Fyellowleaf%2Fpublic_html%2Fmembers%2Fuploads%2Flogo%2F39345.jpg&loknya=%2Fhome%2Fyellowleaf%2Fpublic_html%2Fmembers%2Fuploads%2Flogo HTTP/1.1" 200 4406 "-" "Mozilla/5.0 AppleWebKit/537.36 (KHTML, like Gecko; compatible; ClaudeBot/1.0; +claudebot@anthropic.com)"
18.191.212.175 - - [13/May/2025:12:15:31 +0000] "GET /members/uploads/logo/45090.php?lokasie=%2Fhome%2Fyellowleaf%2Fpublic_html%2Fmembers%2Fuploads%2Flogo%2F55336.jpg&loknya=%2Fhome%2Fyellowleaf%2Fpublic_html%2Fmembers%2Fuploads%2Flogo HTTP/1.1" 200 4406 "-" "Mozilla/5.0 AppleWebKit/537.36 (KHTML, like Gecko; compatible; ClaudeBot/1.0; +claudebot@anthropic.com)"
18.191.212.175 - - [13/May/2025:12:15:31 +0000] "GET /members/uploads/logo/45090.php?lokasie=%2Fhome%2Fyellowleaf%2Fpublic_html%2Fmembers%2Fuploads%2Flogo%2F43833.jpg&loknya=%2Fhome%2Fyellowleaf%2Fpublic_html%2Fmembers%2Fuploads%2Flogo HTTP/1.1" 200 4406 "-" "Mozilla/5.0 AppleWebKit/537.36 (KHTML, like Gecko; compatible; ClaudeBot/1.0; +claudebot@anthropic.com)"
18.191.212.175 - - [13/May/2025:12:15:31 +0000] "GET /members/uploads/logo/45090.php?lokasie=%2Fhome%2Fyellowleaf%2Fpublic_html%2Fmembers%2Fuploads%2Flogo%2F46864.jpg&loknya=%2Fhome%2Fyellowleaf%2Fpublic_html%2Fmembers%2Fuploads%2Flogo HTTP/1.1" 200 4406 "-" "Mozilla/5.0 AppleWebKit/537.36 (KHTML, like Gecko; compatible; ClaudeBot/1.0; +claudebot@anthropic.com)"
18.191.212.175 - - [13/May/2025:12:15:31 +0000] "GET /members/uploads/logo/45090.php?lokasie=%2Fhome%2Fyellowleaf%2Fpublic_html%2Fmembers%2Fuploads%2Flogo%2F43940.png&loknya=%2Fhome%2Fyellowleaf%2Fpublic_html%2Fmembers%2Fuploads%2Flogo HTTP/1.1" 200 4406 "-" "Mozilla/5.0 AppleWebKit/537.36 (KHTML, like Gecko; compatible; ClaudeBot/1.0; +claudebot@anthropic.com)"
18.191.212.175 - - [13/May/2025:12:15:32 +0000] "GET /members/uploads/logo/45090.php?lokasie=%2Fhome%2Fyellowleaf%2Fpublic_html%2Fmembers%2Fuploads%2Flogo%2F33625.jpg&loknya=%2Fhome%2Fyellowleaf%2Fpublic_html%2Fmembers%2Fuploads%2Flogo HTTP/1.1" 200 4406 "-" "Mozilla/5.0 AppleWebKit/537.36 (KHTML, like Gecko; compatible; ClaudeBot/1.0; +claudebot@anthropic.com)"
18.191.212.175 - - [13/May/2025:12:15:32 +0000] "GET /members/uploads/logo/45090.php?lokasie=%2Fhome%2Fyellowleaf%2Fpublic_html%2Fmembers%2Fuploads%2Flogo%2F43979.png&loknya=%2Fhome%2Fyellowleaf%2Fpublic_html%2Fmembers%2Fuploads%2Flogo HTTP/1.1" 200 4406 "-" "Mozilla/5.0 AppleWebKit/537.36 (KHTML, like Gecko; compatible; ClaudeBot/1.0; +claudebot@anthropic.com)"
18.191.212.175 - - [13/May/2025:12:15:32 +0000] "GET /members/uploads/logo/45090.php?lokasie=%2Fhome%2Fyellowleaf%2Fpublic_html%2Fmembers%2Fuploads%2Flogo%2F16312.jpg&loknya=%2Fhome%2Fyellowleaf%2Fpublic_html%2Fmembers%2Fuploads%2Flogo HTTP/1.1" 200 4406 "-" "Mozilla/5.0 AppleWebKit/537.36 (KHTML, like Gecko; compatible; ClaudeBot/1.0; +claudebot@anthropic.com)"
18.191.212.175 - - [13/May/2025:12:15:32 +0000] "GET /members/uploads/logo/45090.php?lokasie=%2Fhome%2Fyellowleaf%2Fpublic_html%2Fmembers%2Fuploads%2Flogo%2F20874.jpg&loknya=%2Fhome%2Fyellowleaf%2Fpublic_html%2Fmembers%2Fuploads%2Flogo HTTP/1.1" 200 4406 "-" "Mozilla/5.0 AppleWebKit/537.36 (KHTML, like Gecko; compatible; ClaudeBot/1.0; +claudebot@anthropic.com)"
18.191.212.175 - - [13/May/2025:12:15:32 +0000] "GET /members/uploads/logo/45090.php?lokasie=%2Fhome%2Fyellowleaf%2Fpublic_html%2Fmembers%2Fuploads%2Flogo%2F2877.jpg&loknya=%2Fhome%2Fyellowleaf%2Fpublic_html%2Fmembers%2Fuploads%2Flogo HTTP/1.1" 200 4405 "-" "Mozilla/5.0 AppleWebKit/537.36 (KHTML, like Gecko; compatible; ClaudeBot/1.0; +claudebot@anthropic.com)"
18.191.212.175 - - [13/May/2025:12:15:32 +0000] "GET /members/uploads/logo/45090.php?lokasie=%2Fhome%2Fyellowleaf%2Fpublic_html%2Fmembers%2Fuploads%2Flogo%2F43892.jpg&loknya=%2Fhome%2Fyellowleaf%2Fpublic_html%2Fmembers%2Fuploads%2Flogo HTTP/1.1" 200 4406 "-" "Mozilla/5.0 AppleWebKit/537.36 (KHTML, like Gecko; compatible; ClaudeBot/1.0; +claudebot@anthropic.com)"
18.191.212.175 - - [13/May/2025:12:15:32 +0000] "GET /members/uploads/logo/45090.php?lokasie=%2Fhome%2Fyellowleaf%2Fpublic_html%2Fmembers%2Fuploads%2Flogo%2F54007.png&loknya=%2Fhome%2Fyellowleaf%2Fpublic_html%2Fmembers%2Fuploads%2Flogo HTTP/1.1" 200 4406 "-" "Mozilla/5.0 AppleWebKit/537.36 (KHTML, like Gecko; compatible; ClaudeBot/1.0; +claudebot@anthropic.com)"
18.191.212.175 - - [13/May/2025:12:15:32 +0000] "GET /members/uploads/logo/45090.php?lokasie=%2Fhome%2Fyellowleaf%2Fpublic_html%2Fmembers%2Fuploads%2Flogo%2F28579.jpg&loknya=%2Fhome%2Fyellowleaf%2Fpublic_html%2Fmembers%2Fuploads%2Flogo HTTP/1.1" 200 4406 "-" "Mozilla/5.0 AppleWebKit/537.36 (KHTML, like Gecko; compatible; ClaudeBot/1.0; +claudebot@anthropic.com)"
18.191.212.175 - - [13/May/2025:12:15:32 +0000] "GET /members/uploads/logo/45090.php?lokasie=%2Fhome%2Fyellowleaf%2Fpublic_html%2Fmembers%2Fuploads%2Flogo%2F64870.jpg&loknya=%2Fhome%2Fyellowleaf%2Fpublic_html%2Fmembers%2Fuploads%2Flogo HTTP/1.1" 200 4406 "-" "Mozilla/5.0 AppleWebKit/537.36 (KHTML, like Gecko; compatible; ClaudeBot/1.0; +claudebot@anthropic.com)"
18.191.212.175 - - [13/May/2025:12:15:32 +0000] "GET /members/uploads/logo/45090.php?lokasie=%2Fhome%2Fyellowleaf%2Fpublic_html%2Fmembers%2Fuploads%2Flogo%2F61336.jpg&loknya=%2Fhome%2Fyellowleaf%2Fpublic_html%2Fmembers%2Fuploads%2Flogo HTTP/1.1" 200 4406 "-" "Mozilla/5.0 AppleWebKit/537.36 (KHTML, like Gecko; compatible; ClaudeBot/1.0; +claudebot@anthropic.com)"
18.191.212.175 - - [13/May/2025:12:15:32 +0000] "GET /members/uploads/logo/45090.php?lokasie=%2Fhome%2Fyellowleaf%2Fpublic_html%2Fmembers%2Fuploads%2Flogo%2F45934.jpg&loknya=%2Fhome%2Fyellowleaf%2Fpublic_html%2Fmembers%2Fuploads%2Flogo HTTP/1.1" 200 4406 "-" "Mozilla/5.0 AppleWebKit/537.36 (KHTML, like Gecko; compatible; ClaudeBot/1.0; +claudebot@anthropic.com)"
18.191.212.175 - - [13/May/2025:12:15:33 +0000] "GET /members/uploads/logo/45090.php?lokasie=%2Fhome%2Fyellowleaf%2Fpublic_html%2Fmembers%2Fuploads%2Flogo%2F19340.jpg&loknya=%2Fhome%2Fyellowleaf%2Fpublic_html%2Fmembers%2Fuploads%2Flogo HTTP/1.1" 200 4406 "-" "Mozilla/5.0 AppleWebKit/537.36 (KHTML, like Gecko; compatible; ClaudeBot/1.0; +claudebot@anthropic.com)"
18.191.212.175 - - [13/May/2025:12:15:33 +0000] "GET /members/uploads/logo/45090.php?lokasie=%2Fhome%2Fyellowleaf%2Fpublic_html%2Fmembers%2Fuploads%2Flogo%2F19225.jpg&loknya=%2Fhome%2Fyellowleaf%2Fpublic_html%2Fmembers%2Fuploads%2Flogo HTTP/1.1" 200 4406 "-" "Mozilla/5.0 AppleWebKit/537.36 (KHTML, like Gecko; compatible; ClaudeBot/1.0; +claudebot@anthropic.com)"
18.191.212.175 - - [13/May/2025:12:15:33 +0000] "GET /members/uploads/logo/45090.php?lokasie=%2Fhome%2Fyellowleaf%2Fpublic_html%2Fmembers%2Fuploads%2Flogo%2F32347.jpg&loknya=%2Fhome%2Fyellowleaf%2Fpublic_html%2Fmembers%2Fuploads%2Flogo HTTP/1.1" 200 4406 "-" "Mozilla/5.0 AppleWebKit/537.36 (KHTML, like Gecko; compatible; ClaudeBot/1.0; +claudebot@anthropic.com)"
18.191.212.175 - - [13/May/2025:12:15:33 +0000] "GET /members/uploads/logo/45090.php?lokasie=%2Fhome%2Fyellowleaf%2Fpublic_html%2Fmembers%2Fuploads%2Flogo%2F23966.png&loknya=%2Fhome%2Fyellowleaf%2Fpublic_html%2Fmembers%2Fuploads%2Flogo HTTP/1.1" 200 4406 "-" "Mozilla/5.0 AppleWebKit/537.36 (KHTML, like Gecko; compatible; ClaudeBot/1.0; +claudebot@anthropic.com)"
18.191.212.175 - - [13/May/2025:12:15:33 +0000] "GET /members/uploads/logo/45090.php?lokasie=%2Fhome%2Fyellowleaf%2Fpublic_html%2Fmembers%2Fuploads%2Flogo%2F64252.jpg&loknya=%2Fhome%2Fyellowleaf%2Fpublic_html%2Fmembers%2Fuploads%2Flogo HTTP/1.1" 200 4406 "-" "Mozilla/5.0 AppleWebKit/537.36 (KHTML, like Gecko; compatible; ClaudeBot/1.0; +claudebot@anthropic.com)"
18.191.212.175 - - [13/May/2025:12:15:33 +0000] "GET /members/uploads/logo/45090.php?lokasie=%2Fhome%2Fyellowleaf%2Fpublic_html%2Fmembers%2Fuploads%2Flogo%2F47725.jpg&loknya=%2Fhome%2Fyellowleaf%2Fpublic_html%2Fmembers%2Fuploads%2Flogo HTTP/1.1" 200 4406 "-" "Mozilla/5.0 AppleWebKit/537.36 (KHTML, like Gecko; compatible; ClaudeBot/1.0; +claudebot@anthropic.com)"
18.191.212.175 - - [13/May/2025:12:15:33 +0000] "GET /members/uploads/logo/45090.php?lokasie=%2Fhome%2Fyellowleaf%2Fpublic_html%2Fmembers%2Fuploads%2Flogo%2F43561.jpg&loknya=%2Fhome%2Fyellowleaf%2Fpublic_html%2Fmembers%2Fuploads%2Flogo HTTP/1.1" 200 4406 "-" "Mozilla/5.0 AppleWebKit/537.36 (KHTML, like Gecko; compatible; ClaudeBot/1.0; +claudebot@anthropic.com)"
54.36.148.165 - - [13/May/2025:12:15:33 +0000] "GET /pages/659-fulwell-electricals.html HTTP/1.1" 200 93808 "-" "Mozilla/5.0 (compatible; AhrefsBot/7.0; +http://ahrefs.com/robot/)"
18.191.212.175 - - [13/May/2025:12:15:33 +0000] "GET /members/uploads/logo/45090.php?lokasie=%2Fhome%2Fyellowleaf%2Fpublic_html%2Fmembers%2Fuploads%2Flogo%2F22310.jpg&loknya=%2Fhome%2Fyellowleaf%2Fpublic_html%2Fmembers%2Fuploads%2Flogo HTTP/1.1" 200 4406 "-" "Mozilla/5.0 AppleWebKit/537.36 (KHTML, like Gecko; compatible; ClaudeBot/1.0; +claudebot@anthropic.com)"
185.191.171.16 - - [13/May/2025:12:15:33 +0000] "GET /pages/56903-mars-outsourcing.html HTTP/1.1" 200 99296 "-" "Mozilla/5.0 (compatible; SemrushBot/7~bl; +http://www.semrush.com/bot.html)"
18.191.212.175 - - [13/May/2025:12:15:33 +0000] "GET /members/uploads/logo/45090.php?lokasie=%2Fhome%2Fyellowleaf%2Fpublic_html%2Fmembers%2Fuploads%2Flogo%2F33735.jpg&loknya=%2Fhome%2Fyellowleaf%2Fpublic_html%2Fmembers%2Fuploads%2Flogo HTTP/1.1" 200 4406 "-" "Mozilla/5.0 AppleWebKit/537.36 (KHTML, like Gecko; compatible; ClaudeBot/1.0; +claudebot@anthropic.com)"
18.191.212.175 - - [13/May/2025:12:15:33 +0000] "GET /members/uploads/logo/45090.php?lokasie=%2Fhome%2Fyellowleaf%2Fpublic_html%2Fmembers%2Fuploads%2Flogo%2F43616.jpg&loknya=%2Fhome%2Fyellowleaf%2Fpublic_html%2Fmembers%2Fuploads%2Flogo HTTP/1.1" 200 4406 "-" "Mozilla/5.0 AppleWebKit/537.36 (KHTML, like Gecko; compatible; ClaudeBot/1.0; +claudebot@anthropic.com)"
18.191.212.175 - - [13/May/2025:12:15:33 +0000] "GET /members/uploads/logo/45090.php?lokasie=%2Fhome%2Fyellowleaf%2Fpublic_html%2Fmembers%2Fuploads%2Flogo%2F3379.jpg&loknya=%2Fhome%2Fyellowleaf%2Fpublic_html%2Fmembers%2Fuploads%2Flogo HTTP/1.1" 200 4405 "-" "Mozilla/5.0 AppleWebKit/537.36 (KHTML, like Gecko; compatible; ClaudeBot/1.0; +claudebot@anthropic.com)"
18.191.212.175 - - [13/May/2025:12:15:34 +0000] "GET /members/uploads/logo/45090.php?lokasie=%2Fhome%2Fyellowleaf%2Fpublic_html%2Fmembers%2Fuploads%2Flogo%2F55250.jpg&loknya=%2Fhome%2Fyellowleaf%2Fpublic_html%2Fmembers%2Fuploads%2Flogo HTTP/1.1" 200 4406 "-" "Mozilla/5.0 AppleWebKit/537.36 (KHTML, like Gecko; compatible; ClaudeBot/1.0; +claudebot@anthropic.com)"
18.191.212.175 - - [13/May/2025:12:15:34 +0000] "GET /members/uploads/logo/45090.php?lokasie=%2Fhome%2Fyellowleaf%2Fpublic_html%2Fmembers%2Fuploads%2Flogo%2F38545.jpg&loknya=%2Fhome%2Fyellowleaf%2Fpublic_html%2Fmembers%2Fuploads%2Flogo HTTP/1.1" 200 4406 "-" "Mozilla/5.0 AppleWebKit/537.36 (KHTML, like Gecko; compatible; ClaudeBot/1.0; +claudebot@anthropic.com)"
52.4.213.199 - - [13/May/2025:12:15:34 +0000] "GET /members/uploads/logo/45090.php?loknya=/sys/class/nvme/nvme0/device/nvme/nvme0/device/nvme/nvme0/device/firmware_node/physical_node/firmware_node/physical_node/nvme/nvme0/nvme0n1/device/nvme0n1/nvme0n1p3/holders/md3/slaves/nvme0n1p3/subsystem/nvme0n1p3/holders/md3/slaves/nvme0n1p3/holders/md3/subsystem/md/rd0/block/subsystem/nvme1n1/nvme1n1p4/subsystem/md HTTP/1.1" 200 14085 "-" "Mozilla/5.0 AppleWebKit/537.36 (KHTML, like Gecko; compatible; Amazonbot/0.1; +https://developer.amazon.com/support/amazonbot) Chrome/119.0.6045.214 Safari/537.36"
18.191.212.175 - - [13/May/2025:12:15:34 +0000] "GET /members/uploads/logo/45090.php?lokasie=%2Fhome%2Fyellowleaf%2Fpublic_html%2Fmembers%2Fuploads%2Flogo%2F24708.jpg&loknya=%2Fhome%2Fyellowleaf%2Fpublic_html%2Fmembers%2Fuploads%2Flogo HTTP/1.1" 200 4406 "-" "Mozilla/5.0 AppleWebKit/537.36 (KHTML, like Gecko; compatible; ClaudeBot/1.0; +claudebot@anthropic.com)"
18.191.212.175 - - [13/May/2025:12:15:34 +0000] "GET /members/uploads/logo/45090.php?lokasie=%2Fhome%2Fyellowleaf%2Fpublic_html%2Fmembers%2Fuploads%2Flogo%2F22615.jpg&loknya=%2Fhome%2Fyellowleaf%2Fpublic_html%2Fmembers%2Fuploads%2Flogo HTTP/1.1" 200 4406 "-" "Mozilla/5.0 AppleWebKit/537.36 (KHTML, like Gecko; compatible; ClaudeBot/1.0; +claudebot@anthropic.com)"
18.191.212.175 - - [13/May/2025:12:15:34 +0000] "GET /members/uploads/logo/45090.php?lokasie=%2Fhome%2Fyellowleaf%2Fpublic_html%2Fmembers%2Fuploads%2Flogo%2F49024.jpg&loknya=%2Fhome%2Fyellowleaf%2Fpublic_html%2Fmembers%2Fuploads%2Flogo HTTP/1.1" 200 4406 "-" "Mozilla/5.0 AppleWebKit/537.36 (KHTML, like Gecko; compatible; ClaudeBot/1.0; +claudebot@anthropic.com)"
18.191.212.175 - - [13/May/2025:12:15:34 +0000] "GET /members/uploads/logo/45090.php?lokasie=%2Fhome%2Fyellowleaf%2Fpublic_html%2Fmembers%2Fuploads%2Flogo%2F53815.png&loknya=%2Fhome%2Fyellowleaf%2Fpublic_html%2Fmembers%2Fuploads%2Flogo HTTP/1.1" 200 4406 "-" "Mozilla/5.0 AppleWebKit/537.36 (KHTML, like Gecko; compatible; ClaudeBot/1.0; +claudebot@anthropic.com)"
18.191.212.175 - - [13/May/2025:12:15:34 +0000] "GET /members/uploads/logo/45090.php?lokasie=%2Fhome%2Fyellowleaf%2Fpublic_html%2Fmembers%2Fuploads%2Flogo%2F26280.jpg&loknya=%2Fhome%2Fyellowleaf%2Fpublic_html%2Fmembers%2Fuploads%2Flogo HTTP/1.1" 200 4406 "-" "Mozilla/5.0 AppleWebKit/537.36 (KHTML, like Gecko; compatible; ClaudeBot/1.0; +claudebot@anthropic.com)"
18.191.212.175 - - [13/May/2025:12:15:34 +0000] "GET /members/uploads/logo/45090.php?lokasie=%2Fhome%2Fyellowleaf%2Fpublic_html%2Fmembers%2Fuploads%2Flogo%2F38569.jpg&loknya=%2Fhome%2Fyellowleaf%2Fpublic_html%2Fmembers%2Fuploads%2Flogo HTTP/1.1" 200 4406 "-" "Mozilla/5.0 AppleWebKit/537.36 (KHTML, like Gecko; compatible; ClaudeBot/1.0; +claudebot@anthropic.com)"
18.191.212.175 - - [13/May/2025:12:15:34 +0000] "GET /members/uploads/logo/45090.php?lokasie=%2Fhome%2Fyellowleaf%2Fpublic_html%2Fmembers%2Fuploads%2Flogo%2F30030.jpg&loknya=%2Fhome%2Fyellowleaf%2Fpublic_html%2Fmembers%2Fuploads%2Flogo HTTP/1.1" 200 4406 "-" "Mozilla/5.0 AppleWebKit/537.36 (KHTML, like Gecko; compatible; ClaudeBot/1.0; +claudebot@anthropic.com)"
18.191.212.175 - - [13/May/2025:12:15:34 +0000] "GET /members/uploads/logo/45090.php?lokasie=%2Fhome%2Fyellowleaf%2Fpublic_html%2Fmembers%2Fuploads%2Flogo%2F39869.jpg&loknya=%2Fhome%2Fyellowleaf%2Fpublic_html%2Fmembers%2Fuploads%2Flogo HTTP/1.1" 200 4406 "-" "Mozilla/5.0 AppleWebKit/537.36 (KHTML, like Gecko; compatible; ClaudeBot/1.0; +claudebot@anthropic.com)"
18.191.212.175 - - [13/May/2025:12:15:34 +0000] "GET /members/uploads/logo/45090.php?lokasie=%2Fhome%2Fyellowleaf%2Fpublic_html%2Fmembers%2Fuploads%2Flogo%2F64212.jpg&loknya=%2Fhome%2Fyellowleaf%2Fpublic_html%2Fmembers%2Fuploads%2Flogo HTTP/1.1" 200 4406 "-" "Mozilla/5.0 AppleWebKit/537.36 (KHTML, like Gecko; compatible; ClaudeBot/1.0; +claudebot@anthropic.com)"
18.191.212.175 - - [13/May/2025:12:15:35 +0000] "GET /members/uploads/logo/45090.php?lokasie=%2Fhome%2Fyellowleaf%2Fpublic_html%2Fmembers%2Fuploads%2Flogo%2F61821.jpg&loknya=%2Fhome%2Fyellowleaf%2Fpublic_html%2Fmembers%2Fuploads%2Flogo HTTP/1.1" 200 4406 "-" "Mozilla/5.0 AppleWebKit/537.36 (KHTML, like Gecko; compatible; ClaudeBot/1.0; +claudebot@anthropic.com)"
18.191.212.175 - - [13/May/2025:12:15:35 +0000] "GET /members/uploads/logo/45090.php?lokasie=%2Fhome%2Fyellowleaf%2Fpublic_html%2Fmembers%2Fuploads%2Flogo%2F32521.jpg&loknya=%2Fhome%2Fyellowleaf%2Fpublic_html%2Fmembers%2Fuploads%2Flogo HTTP/1.1" 200 4406 "-" "Mozilla/5.0 AppleWebKit/537.36 (KHTML, like Gecko; compatible; ClaudeBot/1.0; +claudebot@anthropic.com)"
18.191.212.175 - - [13/May/2025:12:15:35 +0000] "GET /members/uploads/logo/45090.php?lokasie=%2Fhome%2Fyellowleaf%2Fpublic_html%2Fmembers%2Fuploads%2Flogo%2F1074.jpg&loknya=%2Fhome%2Fyellowleaf%2Fpublic_html%2Fmembers%2Fuploads%2Flogo HTTP/1.1" 200 4405 "-" "Mozilla/5.0 AppleWebKit/537.36 (KHTML, like Gecko; compatible; ClaudeBot/1.0; +claudebot@anthropic.com)"
18.191.212.175 - - [13/May/2025:12:15:35 +0000] "GET /members/uploads/logo/45090.php?lokasie=%2Fhome%2Fyellowleaf%2Fpublic_html%2Fmembers%2Fuploads%2Flogo%2F14056.png&loknya=%2Fhome%2Fyellowleaf%2Fpublic_html%2Fmembers%2Fuploads%2Flogo HTTP/1.1" 200 4406 "-" "Mozilla/5.0 AppleWebKit/537.36 (KHTML, like Gecko; compatible; ClaudeBot/1.0; +claudebot@anthropic.com)"
18.191.212.175 - - [13/May/2025:12:15:35 +0000] "GET /members/uploads/logo/45090.php?lokasie=%2Fhome%2Fyellowleaf%2Fpublic_html%2Fmembers%2Fuploads%2Flogo%2F46470.jpg&loknya=%2Fhome%2Fyellowleaf%2Fpublic_html%2Fmembers%2Fuploads%2Flogo HTTP/1.1" 200 4406 "-" "Mozilla/5.0 AppleWebKit/537.36 (KHTML, like Gecko; compatible; ClaudeBot/1.0; +claudebot@anthropic.com)"
18.191.212.175 - - [13/May/2025:12:15:35 +0000] "GET /members/uploads/logo/45090.php?lokasie=%2Fhome%2Fyellowleaf%2Fpublic_html%2Fmembers%2Fuploads%2Flogo%2F28896.jpg&loknya=%2Fhome%2Fyellowleaf%2Fpublic_html%2Fmembers%2Fuploads%2Flogo HTTP/1.1" 200 4406 "-" "Mozilla/5.0 AppleWebKit/537.36 (KHTML, like Gecko; compatible; ClaudeBot/1.0; +claudebot@anthropic.com)"
18.191.212.175 - - [13/May/2025:12:15:35 +0000] "GET /members/uploads/logo/45090.php?lokasie=%2Fhome%2Fyellowleaf%2Fpublic_html%2Fmembers%2Fuploads%2Flogo%2F64512.jpg&loknya=%2Fhome%2Fyellowleaf%2Fpublic_html%2Fmembers%2Fuploads%2Flogo HTTP/1.1" 200 4406 "-" "Mozilla/5.0 AppleWebKit/537.36 (KHTML, like Gecko; compatible; ClaudeBot/1.0; +claudebot@anthropic.com)"
18.191.212.175 - - [13/May/2025:12:15:35 +0000] "GET /members/uploads/logo/45090.php?lokasie=%2Fhome%2Fyellowleaf%2Fpublic_html%2Fmembers%2Fuploads%2Flogo%2F14743.jpg&loknya=%2Fhome%2Fyellowleaf%2Fpublic_html%2Fmembers%2Fuploads%2Flogo HTTP/1.1" 200 4406 "-" "Mozilla/5.0 AppleWebKit/537.36 (KHTML, like Gecko; compatible; ClaudeBot/1.0; +claudebot@anthropic.com)"
18.191.212.175 - - [13/May/2025:12:15:35 +0000] "GET /members/uploads/logo/45090.php?lokasie=%2Fhome%2Fyellowleaf%2Fpublic_html%2Fmembers%2Fuploads%2Flogo%2F64774.jpg&loknya=%2Fhome%2Fyellowleaf%2Fpublic_html%2Fmembers%2Fuploads%2Flogo HTTP/1.1" 200 4406 "-" "Mozilla/5.0 AppleWebKit/537.36 (KHTML, like Gecko; compatible; ClaudeBot/1.0; +claudebot@anthropic.com)"
