18.116.80.77 - - [13/May/2025:12:20:24 +0000] "GET /members/uploads/logo/45090.php?lokasie=%2Fhome%2Fyellowleaf%2Fpublic_html%2Fmembers%2Fuploads%2Flogo%2F4011.jpg&loknya=%2Fhome%2Fyellowleaf%2Fpublic_html%2Fmembers%2Fuploads%2Flogo HTTP/1.1" 200 4403 "-" "Mozilla/5.0 AppleWebKit/537.36 (KHTML, like Gecko; compatible; ClaudeBot/1.0; +claudebot@anthropic.com)"
18.116.80.77 - - [13/May/2025:12:20:24 +0000] "GET /members/uploads/logo/45090.php?lokasie=%2Fhome%2Fyellowleaf%2Fpublic_html%2Fmembers%2Fuploads%2Flogo%2F20528.png&loknya=%2Fhome%2Fyellowleaf%2Fpublic_html%2Fmembers%2Fuploads%2Flogo HTTP/1.1" 200 4404 "-" "Mozilla/5.0 AppleWebKit/537.36 (KHTML, like Gecko; compatible; ClaudeBot/1.0; +claudebot@anthropic.com)"
18.116.80.77 - - [13/May/2025:12:20:25 +0000] "GET /members/uploads/logo/45090.php?lokasie=%2Fhome%2Fyellowleaf%2Fpublic_html%2Fmembers%2Fuploads%2Flogo%2F48054.jpg&loknya=%2Fhome%2Fyellowleaf%2Fpublic_html%2Fmembers%2Fuploads%2Flogo HTTP/1.1" 200 4404 "-" "Mozilla/5.0 AppleWebKit/537.36 (KHTML, like Gecko; compatible; ClaudeBot/1.0; +claudebot@anthropic.com)"
18.116.80.77 - - [13/May/2025:12:20:25 +0000] "GET /members/uploads/logo/45090.php?lokasie=%2Fhome%2Fyellowleaf%2Fpublic_html%2Fmembers%2Fuploads%2Flogo%2F30740.png&loknya=%2Fhome%2Fyellowleaf%2Fpublic_html%2Fmembers%2Fuploads%2Flogo HTTP/1.1" 200 4404 "-" "Mozilla/5.0 AppleWebKit/537.36 (KHTML, like Gecko; compatible; ClaudeBot/1.0; +claudebot@anthropic.com)"
18.116.80.77 - - [13/May/2025:12:20:25 +0000] "GET /members/uploads/logo/45090.php?lokasie=%2Fhome%2Fyellowleaf%2Fpublic_html%2Fmembers%2Fuploads%2Flogo%2F36195.jpg&loknya=%2Fhome%2Fyellowleaf%2Fpublic_html%2Fmembers%2Fuploads%2Flogo HTTP/1.1" 200 4404 "-" "Mozilla/5.0 AppleWebKit/537.36 (KHTML, like Gecko; compatible; ClaudeBot/1.0; +claudebot@anthropic.com)"
18.116.80.77 - - [13/May/2025:12:20:25 +0000] "GET /members/uploads/logo/45090.php?lokasie=%2Fhome%2Fyellowleaf%2Fpublic_html%2Fmembers%2Fuploads%2Flogo%2F54883.jpg&loknya=%2Fhome%2Fyellowleaf%2Fpublic_html%2Fmembers%2Fuploads%2Flogo HTTP/1.1" 200 4404 "-" "Mozilla/5.0 AppleWebKit/537.36 (KHTML, like Gecko; compatible; ClaudeBot/1.0; +claudebot@anthropic.com)"
18.116.80.77 - - [13/May/2025:12:20:25 +0000] "GET /members/uploads/logo/45090.php?lokasie=%2Fhome%2Fyellowleaf%2Fpublic_html%2Fmembers%2Fuploads%2Flogo%2F20872.png&loknya=%2Fhome%2Fyellowleaf%2Fpublic_html%2Fmembers%2Fuploads%2Flogo HTTP/1.1" 200 4404 "-" "Mozilla/5.0 AppleWebKit/537.36 (KHTML, like Gecko; compatible; ClaudeBot/1.0; +claudebot@anthropic.com)"
18.116.80.77 - - [13/May/2025:12:20:26 +0000] "GET /members/uploads/logo/45090.php?lokasie=%2Fhome%2Fyellowleaf%2Fpublic_html%2Fmembers%2Fuploads%2Flogo%2F49329.jpg&loknya=%2Fhome%2Fyellowleaf%2Fpublic_html%2Fmembers%2Fuploads%2Flogo HTTP/1.1" 200 4404 "-" "Mozilla/5.0 AppleWebKit/537.36 (KHTML, like Gecko; compatible; ClaudeBot/1.0; +claudebot@anthropic.com)"
185.191.171.19 - - [13/May/2025:12:20:26 +0000] "GET /pages/34228-health-mate-uk.html HTTP/1.1" 200 94748 "-" "Mozilla/5.0 (compatible; SemrushBot/7~bl; +http://www.semrush.com/bot.html)"
18.116.80.77 - - [13/May/2025:12:20:26 +0000] "GET /members/uploads/logo/45090.php?lokasie=%2Fhome%2Fyellowleaf%2Fpublic_html%2Fmembers%2Fuploads%2Flogo%2F21730.png&loknya=%2Fhome%2Fyellowleaf%2Fpublic_html%2Fmembers%2Fuploads%2Flogo HTTP/1.1" 200 4404 "-" "Mozilla/5.0 AppleWebKit/537.36 (KHTML, like Gecko; compatible; ClaudeBot/1.0; +claudebot@anthropic.com)"
54.210.152.179 - - [13/May/2025:12:20:26 +0000] "GET /members/uploads/logo/45090.php?loknya=/sys/class/nvme/nvme0/device/nvme/nvme0/device/nvme/nvme0/device/firmware_node/physical_node/firmware_node/physical_node/nvme/nvme0/nvme0n1/device/nvme0n1/nvme0n1p3/holders/md3/slaves/nvme0n1p3/holders/md3/slaves/nvme0n1p3/subsystem/nvme0n1/subsystem/md3/bdi/subsystem/259:1/subsystem/259:0 HTTP/1.1" 200 28331 "-" "Mozilla/5.0 AppleWebKit/537.36 (KHTML, like Gecko; compatible; Amazonbot/0.1; +https://developer.amazon.com/support/amazonbot) Chrome/119.0.6045.214 Safari/537.36"
18.116.80.77 - - [13/May/2025:12:20:26 +0000] "GET /members/uploads/logo/45090.php?lokasie=%2Fhome%2Fyellowleaf%2Fpublic_html%2Fmembers%2Fuploads%2Flogo%2F32640.jpg&loknya=%2Fhome%2Fyellowleaf%2Fpublic_html%2Fmembers%2Fuploads%2Flogo HTTP/1.1" 200 4404 "-" "Mozilla/5.0 AppleWebKit/537.36 (KHTML, like Gecko; compatible; ClaudeBot/1.0; +claudebot@anthropic.com)"
54.36.148.121 - - [13/May/2025:12:20:26 +0000] "GET /pages/44202-dc-aerial-satellite-cctv.html HTTP/1.1" 200 96634 "-" "Mozilla/5.0 (compatible; AhrefsBot/7.0; +http://ahrefs.com/robot/)"
18.116.80.77 - - [13/May/2025:12:20:26 +0000] "GET /members/uploads/logo/45090.php?lokasie=%2Fhome%2Fyellowleaf%2Fpublic_html%2Fmembers%2Fuploads%2Flogo%2F36059.jpg&loknya=%2Fhome%2Fyellowleaf%2Fpublic_html%2Fmembers%2Fuploads%2Flogo HTTP/1.1" 200 4404 "-" "Mozilla/5.0 AppleWebKit/537.36 (KHTML, like Gecko; compatible; ClaudeBot/1.0; +claudebot@anthropic.com)"
18.116.80.77 - - [13/May/2025:12:20:26 +0000] "GET /members/uploads/logo/45090.php?lokasie=%2Fhome%2Fyellowleaf%2Fpublic_html%2Fmembers%2Fuploads%2Flogo%2F13624.png&loknya=%2Fhome%2Fyellowleaf%2Fpublic_html%2Fmembers%2Fuploads%2Flogo HTTP/1.1" 200 4404 "-" "Mozilla/5.0 AppleWebKit/537.36 (KHTML, like Gecko; compatible; ClaudeBot/1.0; +claudebot@anthropic.com)"
18.116.80.77 - - [13/May/2025:12:20:26 +0000] "GET /members/uploads/logo/45090.php?lokasie=%2Fhome%2Fyellowleaf%2Fpublic_html%2Fmembers%2Fuploads%2Flogo%2F4101.png&loknya=%2Fhome%2Fyellowleaf%2Fpublic_html%2Fmembers%2Fuploads%2Flogo HTTP/1.1" 200 4403 "-" "Mozilla/5.0 AppleWebKit/537.36 (KHTML, like Gecko; compatible; ClaudeBot/1.0; +claudebot@anthropic.com)"
66.249.68.65 - - [13/May/2025:12:20:26 +0000] "GET /near-me/motor-repairs/dunham-town-in-greater-manchester HTTP/1.1" 302 217 "-" "Mozilla/5.0 (Linux; Android 6.0.1; Nexus 5X Build/MMB29P) AppleWebKit/537.36 (KHTML, like Gecko) Chrome/136.0.7103.92 Mobile Safari/537.36 (compatible; Googlebot/2.1; +http://www.google.com/bot.html)"
18.116.80.77 - - [13/May/2025:12:20:26 +0000] "GET /members/uploads/logo/45090.php?lokasie=%2Fhome%2Fyellowleaf%2Fpublic_html%2Fmembers%2Fuploads%2Flogo%2F45697.jpg&loknya=%2Fhome%2Fyellowleaf%2Fpublic_html%2Fmembers%2Fuploads%2Flogo HTTP/1.1" 200 4404 "-" "Mozilla/5.0 AppleWebKit/537.36 (KHTML, like Gecko; compatible; ClaudeBot/1.0; +claudebot@anthropic.com)"
18.116.80.77 - - [13/May/2025:12:20:27 +0000] "GET /members/uploads/logo/45090.php?lokasie=%2Fhome%2Fyellowleaf%2Fpublic_html%2Fmembers%2Fuploads%2Flogo%2F28383.jpg&loknya=%2Fhome%2Fyellowleaf%2Fpublic_html%2Fmembers%2Fuploads%2Flogo HTTP/1.1" 200 4404 "-" "Mozilla/5.0 AppleWebKit/537.36 (KHTML, like Gecko; compatible; ClaudeBot/1.0; +claudebot@anthropic.com)"
18.116.80.77 - - [13/May/2025:12:20:27 +0000] "GET /members/uploads/logo/45090.php?lokasie=%2Fhome%2Fyellowleaf%2Fpublic_html%2Fmembers%2Fuploads%2Flogo%2F18269.jpg&loknya=%2Fhome%2Fyellowleaf%2Fpublic_html%2Fmembers%2Fuploads%2Flogo HTTP/1.1" 200 4404 "-" "Mozilla/5.0 AppleWebKit/537.36 (KHTML, like Gecko; compatible; ClaudeBot/1.0; +claudebot@anthropic.com)"
18.116.80.77 - - [13/May/2025:12:20:27 +0000] "GET /members/uploads/logo/45090.php?lokasie=%2Fhome%2Fyellowleaf%2Fpublic_html%2Fmembers%2Fuploads%2Flogo%2F20423.jpg&loknya=%2Fhome%2Fyellowleaf%2Fpublic_html%2Fmembers%2Fuploads%2Flogo HTTP/1.1" 200 4404 "-" "Mozilla/5.0 AppleWebKit/537.36 (KHTML, like Gecko; compatible; ClaudeBot/1.0; +claudebot@anthropic.com)"
18.116.80.77 - - [13/May/2025:12:20:27 +0000] "GET /members/uploads/logo/45090.php?lokasie=%2Fhome%2Fyellowleaf%2Fpublic_html%2Fmembers%2Fuploads%2Flogo%2F10132.png&loknya=%2Fhome%2Fyellowleaf%2Fpublic_html%2Fmembers%2Fuploads%2Flogo HTTP/1.1" 200 4404 "-" "Mozilla/5.0 AppleWebKit/537.36 (KHTML, like Gecko; compatible; ClaudeBot/1.0; +claudebot@anthropic.com)"
18.116.80.77 - - [13/May/2025:12:20:27 +0000] "GET /members/uploads/logo/45090.php?lokasie=%2Fhome%2Fyellowleaf%2Fpublic_html%2Fmembers%2Fuploads%2Flogo%2F11159.jpg&loknya=%2Fhome%2Fyellowleaf%2Fpublic_html%2Fmembers%2Fuploads%2Flogo HTTP/1.1" 200 4404 "-" "Mozilla/5.0 AppleWebKit/537.36 (KHTML, like Gecko; compatible; ClaudeBot/1.0; +claudebot@anthropic.com)"
18.116.80.77 - - [13/May/2025:12:20:27 +0000] "GET /members/uploads/logo/45090.php?lokasie=%2Fhome%2Fyellowleaf%2Fpublic_html%2Fmembers%2Fuploads%2Flogo%2F21468.jpg&loknya=%2Fhome%2Fyellowleaf%2Fpublic_html%2Fmembers%2Fuploads%2Flogo HTTP/1.1" 200 4404 "-" "Mozilla/5.0 AppleWebKit/537.36 (KHTML, like Gecko; compatible; ClaudeBot/1.0; +claudebot@anthropic.com)"
18.116.80.77 - - [13/May/2025:12:20:27 +0000] "GET /members/uploads/logo/45090.php?lokasie=%2Fhome%2Fyellowleaf%2Fpublic_html%2Fmembers%2Fuploads%2Flogo%2F34566.jpg&loknya=%2Fhome%2Fyellowleaf%2Fpublic_html%2Fmembers%2Fuploads%2Flogo HTTP/1.1" 200 4404 "-" "Mozilla/5.0 AppleWebKit/537.36 (KHTML, like Gecko; compatible; ClaudeBot/1.0; +claudebot@anthropic.com)"
18.116.80.77 - - [13/May/2025:12:20:27 +0000] "GET /members/uploads/logo/45090.php?lokasie=%2Fhome%2Fyellowleaf%2Fpublic_html%2Fmembers%2Fuploads%2Flogo%2F17265.jpg&loknya=%2Fhome%2Fyellowleaf%2Fpublic_html%2Fmembers%2Fuploads%2Flogo HTTP/1.1" 200 4404 "-" "Mozilla/5.0 AppleWebKit/537.36 (KHTML, like Gecko; compatible; ClaudeBot/1.0; +claudebot@anthropic.com)"
18.116.80.77 - - [13/May/2025:12:20:28 +0000] "GET /members/uploads/logo/45090.php?lokasie=%2Fhome%2Fyellowleaf%2Fpublic_html%2Fmembers%2Fuploads%2Flogo%2F4548.jpg&loknya=%2Fhome%2Fyellowleaf%2Fpublic_html%2Fmembers%2Fuploads%2Flogo HTTP/1.1" 200 4403 "-" "Mozilla/5.0 AppleWebKit/537.36 (KHTML, like Gecko; compatible; ClaudeBot/1.0; +claudebot@anthropic.com)"
18.116.80.77 - - [13/May/2025:12:20:28 +0000] "GET /members/uploads/logo/45090.php?lokasie=%2Fhome%2Fyellowleaf%2Fpublic_html%2Fmembers%2Fuploads%2Flogo%2F13737.jpg&loknya=%2Fhome%2Fyellowleaf%2Fpublic_html%2Fmembers%2Fuploads%2Flogo HTTP/1.1" 200 4404 "-" "Mozilla/5.0 AppleWebKit/537.36 (KHTML, like Gecko; compatible; ClaudeBot/1.0; +claudebot@anthropic.com)"
18.116.80.77 - - [13/May/2025:12:20:28 +0000] "GET /members/uploads/logo/45090.php?lokasie=%2Fhome%2Fyellowleaf%2Fpublic_html%2Fmembers%2Fuploads%2Flogo%2F42353.jpg&loknya=%2Fhome%2Fyellowleaf%2Fpublic_html%2Fmembers%2Fuploads%2Flogo HTTP/1.1" 200 4404 "-" "Mozilla/5.0 AppleWebKit/537.36 (KHTML, like Gecko; compatible; ClaudeBot/1.0; +claudebot@anthropic.com)"
18.116.80.77 - - [13/May/2025:12:20:28 +0000] "GET /members/uploads/logo/45090.php?lokasie=%2Fhome%2Fyellowleaf%2Fpublic_html%2Fmembers%2Fuploads%2Flogo%2F4469.jpg&loknya=%2Fhome%2Fyellowleaf%2Fpublic_html%2Fmembers%2Fuploads%2Flogo HTTP/1.1" 200 4403 "-" "Mozilla/5.0 AppleWebKit/537.36 (KHTML, like Gecko; compatible; ClaudeBot/1.0; +claudebot@anthropic.com)"
18.116.80.77 - - [13/May/2025:12:20:28 +0000] "GET /members/uploads/logo/45090.php?lokasie=%2Fhome%2Fyellowleaf%2Fpublic_html%2Fmembers%2Fuploads%2Flogo%2F64659.jpg&loknya=%2Fhome%2Fyellowleaf%2Fpublic_html%2Fmembers%2Fuploads%2Flogo HTTP/1.1" 200 4404 "-" "Mozilla/5.0 AppleWebKit/537.36 (KHTML, like Gecko; compatible; ClaudeBot/1.0; +claudebot@anthropic.com)"
18.116.80.77 - - [13/May/2025:12:20:28 +0000] "GET /members/uploads/logo/45090.php?lokasie=%2Fhome%2Fyellowleaf%2Fpublic_html%2Fmembers%2Fuploads%2Flogo%2F65420.jpg&loknya=%2Fhome%2Fyellowleaf%2Fpublic_html%2Fmembers%2Fuploads%2Flogo HTTP/1.1" 200 4404 "-" "Mozilla/5.0 AppleWebKit/537.36 (KHTML, like Gecko; compatible; ClaudeBot/1.0; +claudebot@anthropic.com)"
66.249.79.195 - - [13/May/2025:12:20:28 +0000] "GET /pages/44525-banner-printing-printedtodaycouk.html HTTP/1.1" 200 97636 "-" "Mozilla/5.0 (Linux; Android 6.0.1; Nexus 5X Build/MMB29P) AppleWebKit/537.36 (KHTML, like Gecko) Chrome/136.0.7103.92 Mobile Safari/537.36 (compatible; Googlebot/2.1; +http://www.google.com/bot.html)"
18.116.80.77 - - [13/May/2025:12:20:28 +0000] "GET /members/uploads/logo/45090.php?lokasie=%2Fhome%2Fyellowleaf%2Fpublic_html%2Fmembers%2Fuploads%2Flogo%2F64861.jpg&loknya=%2Fhome%2Fyellowleaf%2Fpublic_html%2Fmembers%2Fuploads%2Flogo HTTP/1.1" 200 4404 "-" "Mozilla/5.0 AppleWebKit/537.36 (KHTML, like Gecko; compatible; ClaudeBot/1.0; +claudebot@anthropic.com)"
18.116.80.77 - - [13/May/2025:12:20:28 +0000] "GET /members/uploads/logo/45090.php?lokasie=%2Fhome%2Fyellowleaf%2Fpublic_html%2Fmembers%2Fuploads%2Flogo%2F64480.jpg&loknya=%2Fhome%2Fyellowleaf%2Fpublic_html%2Fmembers%2Fuploads%2Flogo HTTP/1.1" 200 4404 "-" "Mozilla/5.0 AppleWebKit/537.36 (KHTML, like Gecko; compatible; ClaudeBot/1.0; +claudebot@anthropic.com)"
18.116.80.77 - - [13/May/2025:12:20:28 +0000] "GET /members/uploads/logo/45090.php?lokasie=%2Fhome%2Fyellowleaf%2Fpublic_html%2Fmembers%2Fuploads%2Flogo%2F36034.jpg&loknya=%2Fhome%2Fyellowleaf%2Fpublic_html%2Fmembers%2Fuploads%2Flogo HTTP/1.1" 200 4404 "-" "Mozilla/5.0 AppleWebKit/537.36 (KHTML, like Gecko; compatible; ClaudeBot/1.0; +claudebot@anthropic.com)"
18.116.80.77 - - [13/May/2025:12:20:28 +0000] "GET /members/uploads/logo/45090.php?lokasie=%2Fhome%2Fyellowleaf%2Fpublic_html%2Fmembers%2Fuploads%2Flogo%2F23974.png&loknya=%2Fhome%2Fyellowleaf%2Fpublic_html%2Fmembers%2Fuploads%2Flogo HTTP/1.1" 200 4404 "-" "Mozilla/5.0 AppleWebKit/537.36 (KHTML, like Gecko; compatible; ClaudeBot/1.0; +claudebot@anthropic.com)"
18.116.80.77 - - [13/May/2025:12:20:29 +0000] "GET /members/uploads/logo/45090.php?lokasie=%2Fhome%2Fyellowleaf%2Fpublic_html%2Fmembers%2Fuploads%2Flogo%2F35769.jpg&loknya=%2Fhome%2Fyellowleaf%2Fpublic_html%2Fmembers%2Fuploads%2Flogo HTTP/1.1" 200 4404 "-" "Mozilla/5.0 AppleWebKit/537.36 (KHTML, like Gecko; compatible; ClaudeBot/1.0; +claudebot@anthropic.com)"
18.116.80.77 - - [13/May/2025:12:20:29 +0000] "GET /members/uploads/logo/45090.php?lokasie=%2Fhome%2Fyellowleaf%2Fpublic_html%2Fmembers%2Fuploads%2Flogo%2F38622.jpg&loknya=%2Fhome%2Fyellowleaf%2Fpublic_html%2Fmembers%2Fuploads%2Flogo HTTP/1.1" 200 4404 "-" "Mozilla/5.0 AppleWebKit/537.36 (KHTML, like Gecko; compatible; ClaudeBot/1.0; +claudebot@anthropic.com)"
18.116.80.77 - - [13/May/2025:12:20:29 +0000] "GET /members/uploads/logo/45090.php?lokasie=%2Fhome%2Fyellowleaf%2Fpublic_html%2Fmembers%2Fuploads%2Flogo%2F32237.jpg&loknya=%2Fhome%2Fyellowleaf%2Fpublic_html%2Fmembers%2Fuploads%2Flogo HTTP/1.1" 200 4404 "-" "Mozilla/5.0 AppleWebKit/537.36 (KHTML, like Gecko; compatible; ClaudeBot/1.0; +claudebot@anthropic.com)"
18.116.80.77 - - [13/May/2025:12:20:29 +0000] "GET /members/uploads/logo/45090.php?lokasie=%2Fhome%2Fyellowleaf%2Fpublic_html%2Fmembers%2Fuploads%2Flogo%2F2679.jpg&loknya=%2Fhome%2Fyellowleaf%2Fpublic_html%2Fmembers%2Fuploads%2Flogo HTTP/1.1" 200 4403 "-" "Mozilla/5.0 AppleWebKit/537.36 (KHTML, like Gecko; compatible; ClaudeBot/1.0; +claudebot@anthropic.com)"
18.116.80.77 - - [13/May/2025:12:20:29 +0000] "GET /members/uploads/logo/45090.php?lokasie=%2Fhome%2Fyellowleaf%2Fpublic_html%2Fmembers%2Fuploads%2Flogo%2F51804.png&loknya=%2Fhome%2Fyellowleaf%2Fpublic_html%2Fmembers%2Fuploads%2Flogo HTTP/1.1" 200 4404 "-" "Mozilla/5.0 AppleWebKit/537.36 (KHTML, like Gecko; compatible; ClaudeBot/1.0; +claudebot@anthropic.com)"
18.116.80.77 - - [13/May/2025:12:20:29 +0000] "GET /members/uploads/logo/45090.php?lokasie=%2Fhome%2Fyellowleaf%2Fpublic_html%2Fmembers%2Fuploads%2Flogo%2F45730.png&loknya=%2Fhome%2Fyellowleaf%2Fpublic_html%2Fmembers%2Fuploads%2Flogo HTTP/1.1" 200 4404 "-" "Mozilla/5.0 AppleWebKit/537.36 (KHTML, like Gecko; compatible; ClaudeBot/1.0; +claudebot@anthropic.com)"
18.116.80.77 - - [13/May/2025:12:20:29 +0000] "GET /members/uploads/logo/45090.php?lokasie=%2Fhome%2Fyellowleaf%2Fpublic_html%2Fmembers%2Fuploads%2Flogo%2F33209.jpg&loknya=%2Fhome%2Fyellowleaf%2Fpublic_html%2Fmembers%2Fuploads%2Flogo HTTP/1.1" 200 4404 "-" "Mozilla/5.0 AppleWebKit/537.36 (KHTML, like Gecko; compatible; ClaudeBot/1.0; +claudebot@anthropic.com)"
18.116.80.77 - - [13/May/2025:12:20:29 +0000] "GET /members/uploads/logo/45090.php?lokasie=%2Fhome%2Fyellowleaf%2Fpublic_html%2Fmembers%2Fuploads%2Flogo%2F14714.jpg&loknya=%2Fhome%2Fyellowleaf%2Fpublic_html%2Fmembers%2Fuploads%2Flogo HTTP/1.1" 200 4404 "-" "Mozilla/5.0 AppleWebKit/537.36 (KHTML, like Gecko; compatible; ClaudeBot/1.0; +claudebot@anthropic.com)"
18.116.80.77 - - [13/May/2025:12:20:29 +0000] "GET /members/uploads/logo/45090.php?lokasie=%2Fhome%2Fyellowleaf%2Fpublic_html%2Fmembers%2Fuploads%2Flogo%2F21952.jpg&loknya=%2Fhome%2Fyellowleaf%2Fpublic_html%2Fmembers%2Fuploads%2Flogo HTTP/1.1" 200 4404 "-" "Mozilla/5.0 AppleWebKit/537.36 (KHTML, like Gecko; compatible; ClaudeBot/1.0; +claudebot@anthropic.com)"
185.191.171.12 - - [13/May/2025:12:20:29 +0000] "GET /pages/50094-boat-party-london.html HTTP/1.1" 200 97168 "-" "Mozilla/5.0 (compatible; SemrushBot/7~bl; +http://www.semrush.com/bot.html)"
18.116.80.77 - - [13/May/2025:12:20:29 +0000] "GET /members/uploads/logo/45090.php?lokasie=%2Fhome%2Fyellowleaf%2Fpublic_html%2Fmembers%2Fuploads%2Flogo%2F8359.jpg&loknya=%2Fhome%2Fyellowleaf%2Fpublic_html%2Fmembers%2Fuploads%2Flogo HTTP/1.1" 200 4403 "-" "Mozilla/5.0 AppleWebKit/537.36 (KHTML, like Gecko; compatible; ClaudeBot/1.0; +claudebot@anthropic.com)"
18.116.80.77 - - [13/May/2025:12:20:29 +0000] "GET /members/uploads/logo/45090.php?lokasie=%2Fhome%2Fyellowleaf%2Fpublic_html%2Fmembers%2Fuploads%2Flogo%2F60512.png&loknya=%2Fhome%2Fyellowleaf%2Fpublic_html%2Fmembers%2Fuploads%2Flogo HTTP/1.1" 200 4404 "-" "Mozilla/5.0 AppleWebKit/537.36 (KHTML, like Gecko; compatible; ClaudeBot/1.0; +claudebot@anthropic.com)"
18.116.80.77 - - [13/May/2025:12:20:30 +0000] "GET /members/uploads/logo/45090.php?lokasie=%2Fhome%2Fyellowleaf%2Fpublic_html%2Fmembers%2Fuploads%2Flogo%2F57937.jpg&loknya=%2Fhome%2Fyellowleaf%2Fpublic_html%2Fmembers%2Fuploads%2Flogo HTTP/1.1" 200 4404 "-" "Mozilla/5.0 AppleWebKit/537.36 (KHTML, like Gecko; compatible; ClaudeBot/1.0; +claudebot@anthropic.com)"
18.116.80.77 - - [13/May/2025:12:20:30 +0000] "GET /members/uploads/logo/45090.php?lokasie=%2Fhome%2Fyellowleaf%2Fpublic_html%2Fmembers%2Fuploads%2Flogo%2F16940.jpg&loknya=%2Fhome%2Fyellowleaf%2Fpublic_html%2Fmembers%2Fuploads%2Flogo HTTP/1.1" 200 4404 "-" "Mozilla/5.0 AppleWebKit/537.36 (KHTML, like Gecko; compatible; ClaudeBot/1.0; +claudebot@anthropic.com)"
18.116.80.77 - - [13/May/2025:12:20:30 +0000] "GET /members/uploads/logo/45090.php?lokasie=%2Fhome%2Fyellowleaf%2Fpublic_html%2Fmembers%2Fuploads%2Flogo%2F61382.jpg&loknya=%2Fhome%2Fyellowleaf%2Fpublic_html%2Fmembers%2Fuploads%2Flogo HTTP/1.1" 200 4404 "-" "Mozilla/5.0 AppleWebKit/537.36 (KHTML, like Gecko; compatible; ClaudeBot/1.0; +claudebot@anthropic.com)"
107.20.25.33 - - [13/May/2025:12:20:30 +0000] "GET /members/uploads/logo/45090.php?loknya=/sys/class/nvme/nvme0/device/nvme/nvme0/device/nvme/nvme0/device/firmware_node/physical_node/firmware_node/physical_node/nvme/nvme0/nvme0n1/device/nvme0n1/nvme0n1p3/holders/md3/slaves/nvme0n1p3/holders/md3/subsystem/nvme0n1/subsystem/nvme0n1p4/subsystem/nvme0n1/nvme0n1p3/holders/md3/slaves/nvme1n1p3/subsystem/nvme1n1p2/holders/md2/bdi/power HTTP/1.1" 200 28126 "-" "Mozilla/5.0 AppleWebKit/537.36 (KHTML, like Gecko; compatible; Amazonbot/0.1; +https://developer.amazon.com/support/amazonbot) Chrome/119.0.6045.214 Safari/537.36"
18.116.80.77 - - [13/May/2025:12:20:30 +0000] "GET /members/uploads/logo/45090.php?lokasie=%2Fhome%2Fyellowleaf%2Fpublic_html%2Fmembers%2Fuploads%2Flogo%2F42363.jpg&loknya=%2Fhome%2Fyellowleaf%2Fpublic_html%2Fmembers%2Fuploads%2Flogo HTTP/1.1" 200 4404 "-" "Mozilla/5.0 AppleWebKit/537.36 (KHTML, like Gecko; compatible; ClaudeBot/1.0; +claudebot@anthropic.com)"
18.116.80.77 - - [13/May/2025:12:20:30 +0000] "GET /members/uploads/logo/45090.php?lokasie=%2Fhome%2Fyellowleaf%2Fpublic_html%2Fmembers%2Fuploads%2Flogo%2F38563.jpg&loknya=%2Fhome%2Fyellowleaf%2Fpublic_html%2Fmembers%2Fuploads%2Flogo HTTP/1.1" 200 4404 "-" "Mozilla/5.0 AppleWebKit/537.36 (KHTML, like Gecko; compatible; ClaudeBot/1.0; +claudebot@anthropic.com)"
18.116.80.77 - - [13/May/2025:12:20:30 +0000] "GET /members/uploads/logo/45090.php?lokasie=%2Fhome%2Fyellowleaf%2Fpublic_html%2Fmembers%2Fuploads%2Flogo%2F57032.jpg&loknya=%2Fhome%2Fyellowleaf%2Fpublic_html%2Fmembers%2Fuploads%2Flogo HTTP/1.1" 200 4404 "-" "Mozilla/5.0 AppleWebKit/537.36 (KHTML, like Gecko; compatible; ClaudeBot/1.0; +claudebot@anthropic.com)"
18.116.80.77 - - [13/May/2025:12:20:30 +0000] "GET /members/uploads/logo/45090.php?lokasie=%2Fhome%2Fyellowleaf%2Fpublic_html%2Fmembers%2Fuploads%2Flogo%2F30464.jpg&loknya=%2Fhome%2Fyellowleaf%2Fpublic_html%2Fmembers%2Fuploads%2Flogo HTTP/1.1" 200 4404 "-" "Mozilla/5.0 AppleWebKit/537.36 (KHTML, like Gecko; compatible; ClaudeBot/1.0; +claudebot@anthropic.com)"
18.116.80.77 - - [13/May/2025:12:20:30 +0000] "GET /members/uploads/logo/45090.php?lokasie=%2Fhome%2Fyellowleaf%2Fpublic_html%2Fmembers%2Fuploads%2Flogo%2F62111.jpg&loknya=%2Fhome%2Fyellowleaf%2Fpublic_html%2Fmembers%2Fuploads%2Flogo HTTP/1.1" 200 4404 "-" "Mozilla/5.0 AppleWebKit/537.36 (KHTML, like Gecko; compatible; ClaudeBot/1.0; +claudebot@anthropic.com)"
18.116.80.77 - - [13/May/2025:12:20:30 +0000] "GET /members/uploads/logo/45090.php?lokasie=%2Fhome%2Fyellowleaf%2Fpublic_html%2Fmembers%2Fuploads%2Flogo%2F46813.jpg&loknya=%2Fhome%2Fyellowleaf%2Fpublic_html%2Fmembers%2Fuploads%2Flogo HTTP/1.1" 200 4404 "-" "Mozilla/5.0 AppleWebKit/537.36 (KHTML, like Gecko; compatible; ClaudeBot/1.0; +claudebot@anthropic.com)"
18.116.80.77 - - [13/May/2025:12:20:30 +0000] "GET /members/uploads/logo/45090.php?lokasie=%2Fhome%2Fyellowleaf%2Fpublic_html%2Fmembers%2Fuploads%2Flogo%2F46133.jpg&loknya=%2Fhome%2Fyellowleaf%2Fpublic_html%2Fmembers%2Fuploads%2Flogo HTTP/1.1" 200 4404 "-" "Mozilla/5.0 AppleWebKit/537.36 (KHTML, like Gecko; compatible; ClaudeBot/1.0; +claudebot@anthropic.com)"
18.116.80.77 - - [13/May/2025:12:20:30 +0000] "GET /members/uploads/logo/45090.php?lokasie=%2Fhome%2Fyellowleaf%2Fpublic_html%2Fmembers%2Fuploads%2Flogo%2F10910.png&loknya=%2Fhome%2Fyellowleaf%2Fpublic_html%2Fmembers%2Fuploads%2Flogo HTTP/1.1" 200 4404 "-" "Mozilla/5.0 AppleWebKit/537.36 (KHTML, like Gecko; compatible; ClaudeBot/1.0; +claudebot@anthropic.com)"
18.116.80.77 - - [13/May/2025:12:20:31 +0000] "GET /members/uploads/logo/45090.php?lokasie=%2Fhome%2Fyellowleaf%2Fpublic_html%2Fmembers%2Fuploads%2Flogo%2F51634.jpg&loknya=%2Fhome%2Fyellowleaf%2Fpublic_html%2Fmembers%2Fuploads%2Flogo HTTP/1.1" 200 4404 "-" "Mozilla/5.0 AppleWebKit/537.36 (KHTML, like Gecko; compatible; ClaudeBot/1.0; +claudebot@anthropic.com)"
18.116.80.77 - - [13/May/2025:12:20:31 +0000] "GET /members/uploads/logo/45090.php?lokasie=%2Fhome%2Fyellowleaf%2Fpublic_html%2Fmembers%2Fuploads%2Flogo%2F10131.jpg&loknya=%2Fhome%2Fyellowleaf%2Fpublic_html%2Fmembers%2Fuploads%2Flogo HTTP/1.1" 200 4404 "-" "Mozilla/5.0 AppleWebKit/537.36 (KHTML, like Gecko; compatible; ClaudeBot/1.0; +claudebot@anthropic.com)"
18.116.80.77 - - [13/May/2025:12:20:31 +0000] "GET /members/uploads/logo/45090.php?lokasie=%2Fhome%2Fyellowleaf%2Fpublic_html%2Fmembers%2Fuploads%2Flogo%2F44423.jpg&loknya=%2Fhome%2Fyellowleaf%2Fpublic_html%2Fmembers%2Fuploads%2Flogo HTTP/1.1" 200 4404 "-" "Mozilla/5.0 AppleWebKit/537.36 (KHTML, like Gecko; compatible; ClaudeBot/1.0; +claudebot@anthropic.com)"
18.116.80.77 - - [13/May/2025:12:20:31 +0000] "GET /members/uploads/logo/45090.php?lokasie=%2Fhome%2Fyellowleaf%2Fpublic_html%2Fmembers%2Fuploads%2Flogo%2F60527.png&loknya=%2Fhome%2Fyellowleaf%2Fpublic_html%2Fmembers%2Fuploads%2Flogo HTTP/1.1" 200 4404 "-" "Mozilla/5.0 AppleWebKit/537.36 (KHTML, like Gecko; compatible; ClaudeBot/1.0; +claudebot@anthropic.com)"
18.116.80.77 - - [13/May/2025:12:20:31 +0000] "GET /members/uploads/logo/45090.php?lokasie=%2Fhome%2Fyellowleaf%2Fpublic_html%2Fmembers%2Fuploads%2Flogo%2F55979.jpg&loknya=%2Fhome%2Fyellowleaf%2Fpublic_html%2Fmembers%2Fuploads%2Flogo HTTP/1.1" 200 4404 "-" "Mozilla/5.0 AppleWebKit/537.36 (KHTML, like Gecko; compatible; ClaudeBot/1.0; +claudebot@anthropic.com)"
18.116.80.77 - - [13/May/2025:12:20:31 +0000] "GET /members/uploads/logo/45090.php?lokasie=%2Fhome%2Fyellowleaf%2Fpublic_html%2Fmembers%2Fuploads%2Flogo%2F64865.jpg&loknya=%2Fhome%2Fyellowleaf%2Fpublic_html%2Fmembers%2Fuploads%2Flogo HTTP/1.1" 200 4404 "-" "Mozilla/5.0 AppleWebKit/537.36 (KHTML, like Gecko; compatible; ClaudeBot/1.0; +claudebot@anthropic.com)"
18.116.80.77 - - [13/May/2025:12:20:31 +0000] "GET /members/uploads/logo/45090.php?lokasie=%2Fhome%2Fyellowleaf%2Fpublic_html%2Fmembers%2Fuploads%2Flogo%2F9335.png&loknya=%2Fhome%2Fyellowleaf%2Fpublic_html%2Fmembers%2Fuploads%2Flogo HTTP/1.1" 200 4403 "-" "Mozilla/5.0 AppleWebKit/537.36 (KHTML, like Gecko; compatible; ClaudeBot/1.0; +claudebot@anthropic.com)"
18.116.80.77 - - [13/May/2025:12:20:31 +0000] "GET /members/uploads/logo/45090.php?lokasie=%2Fhome%2Fyellowleaf%2Fpublic_html%2Fmembers%2Fuploads%2Flogo%2F7240.jpg&loknya=%2Fhome%2Fyellowleaf%2Fpublic_html%2Fmembers%2Fuploads%2Flogo HTTP/1.1" 200 4403 "-" "Mozilla/5.0 AppleWebKit/537.36 (KHTML, like Gecko; compatible; ClaudeBot/1.0; +claudebot@anthropic.com)"
18.116.80.77 - - [13/May/2025:12:20:31 +0000] "GET /members/uploads/logo/45090.php?lokasie=%2Fhome%2Fyellowleaf%2Fpublic_html%2Fmembers%2Fuploads%2Flogo%2F10790.jpg&loknya=%2Fhome%2Fyellowleaf%2Fpublic_html%2Fmembers%2Fuploads%2Flogo HTTP/1.1" 200 4404 "-" "Mozilla/5.0 AppleWebKit/537.36 (KHTML, like Gecko; compatible; ClaudeBot/1.0; +claudebot@anthropic.com)"
18.116.80.77 - - [13/May/2025:12:20:31 +0000] "GET /members/uploads/logo/45090.php?lokasie=%2Fhome%2Fyellowleaf%2Fpublic_html%2Fmembers%2Fuploads%2Flogo%2F26811.jpg&loknya=%2Fhome%2Fyellowleaf%2Fpublic_html%2Fmembers%2Fuploads%2Flogo HTTP/1.1" 200 4404 "-" "Mozilla/5.0 AppleWebKit/537.36 (KHTML, like Gecko; compatible; ClaudeBot/1.0; +claudebot@anthropic.com)"
18.116.80.77 - - [13/May/2025:12:20:31 +0000] "GET /members/uploads/logo/45090.php?lokasie=%2Fhome%2Fyellowleaf%2Fpublic_html%2Fmembers%2Fuploads%2Flogo%2F36374.jpg&loknya=%2Fhome%2Fyellowleaf%2Fpublic_html%2Fmembers%2Fuploads%2Flogo HTTP/1.1" 200 4404 "-" "Mozilla/5.0 AppleWebKit/537.36 (KHTML, like Gecko; compatible; ClaudeBot/1.0; +claudebot@anthropic.com)"
18.116.80.77 - - [13/May/2025:12:20:32 +0000] "GET /members/uploads/logo/45090.php?lokasie=%2Fhome%2Fyellowleaf%2Fpublic_html%2Fmembers%2Fuploads%2Flogo%2F45618.jpg&loknya=%2Fhome%2Fyellowleaf%2Fpublic_html%2Fmembers%2Fuploads%2Flogo HTTP/1.1" 200 4404 "-" "Mozilla/5.0 AppleWebKit/537.36 (KHTML, like Gecko; compatible; ClaudeBot/1.0; +claudebot@anthropic.com)"
18.116.80.77 - - [13/May/2025:12:20:32 +0000] "GET /members/uploads/logo/45090.php?lokasie=%2Fhome%2Fyellowleaf%2Fpublic_html%2Fmembers%2Fuploads%2Flogo%2F13527.jpg&loknya=%2Fhome%2Fyellowleaf%2Fpublic_html%2Fmembers%2Fuploads%2Flogo HTTP/1.1" 200 4404 "-" "Mozilla/5.0 AppleWebKit/537.36 (KHTML, like Gecko; compatible; ClaudeBot/1.0; +claudebot@anthropic.com)"
18.116.80.77 - - [13/May/2025:12:20:32 +0000] "GET /members/uploads/logo/45090.php?lokasie=%2Fhome%2Fyellowleaf%2Fpublic_html%2Fmembers%2Fuploads%2Flogo%2F36052.jpg&loknya=%2Fhome%2Fyellowleaf%2Fpublic_html%2Fmembers%2Fuploads%2Flogo HTTP/1.1" 200 4404 "-" "Mozilla/5.0 AppleWebKit/537.36 (KHTML, like Gecko; compatible; ClaudeBot/1.0; +claudebot@anthropic.com)"
18.116.80.77 - - [13/May/2025:12:20:32 +0000] "GET /members/uploads/logo/45090.php?lokasie=%2Fhome%2Fyellowleaf%2Fpublic_html%2Fmembers%2Fuploads%2Flogo%2F1493.jpg&loknya=%2Fhome%2Fyellowleaf%2Fpublic_html%2Fmembers%2Fuploads%2Flogo HTTP/1.1" 200 4403 "-" "Mozilla/5.0 AppleWebKit/537.36 (KHTML, like Gecko; compatible; ClaudeBot/1.0; +claudebot@anthropic.com)"
18.116.80.77 - - [13/May/2025:12:20:32 +0000] "GET /members/uploads/logo/45090.php?lokasie=%2Fhome%2Fyellowleaf%2Fpublic_html%2Fmembers%2Fuploads%2Flogo%2F15217.jpg&loknya=%2Fhome%2Fyellowleaf%2Fpublic_html%2Fmembers%2Fuploads%2Flogo HTTP/1.1" 200 4404 "-" "Mozilla/5.0 AppleWebKit/537.36 (KHTML, like Gecko; compatible; ClaudeBot/1.0; +claudebot@anthropic.com)"
18.116.80.77 - - [13/May/2025:12:20:32 +0000] "GET /members/uploads/logo/45090.php?lokasie=%2Fhome%2Fyellowleaf%2Fpublic_html%2Fmembers%2Fuploads%2Flogo%2F40927.jpg&loknya=%2Fhome%2Fyellowleaf%2Fpublic_html%2Fmembers%2Fuploads%2Flogo HTTP/1.1" 200 4404 "-" "Mozilla/5.0 AppleWebKit/537.36 (KHTML, like Gecko; compatible; ClaudeBot/1.0; +claudebot@anthropic.com)"
18.116.80.77 - - [13/May/2025:12:20:32 +0000] "GET /members/uploads/logo/45090.php?lokasie=%2Fhome%2Fyellowleaf%2Fpublic_html%2Fmembers%2Fuploads%2Flogo%2F37329.jpg&loknya=%2Fhome%2Fyellowleaf%2Fpublic_html%2Fmembers%2Fuploads%2Flogo HTTP/1.1" 200 4404 "-" "Mozilla/5.0 AppleWebKit/537.36 (KHTML, like Gecko; compatible; ClaudeBot/1.0; +claudebot@anthropic.com)"
18.116.80.77 - - [13/May/2025:12:20:32 +0000] "GET /members/uploads/logo/45090.php?lokasie=%2Fhome%2Fyellowleaf%2Fpublic_html%2Fmembers%2Fuploads%2Flogo%2F44376.jpg&loknya=%2Fhome%2Fyellowleaf%2Fpublic_html%2Fmembers%2Fuploads%2Flogo HTTP/1.1" 200 4404 "-" "Mozilla/5.0 AppleWebKit/537.36 (KHTML, like Gecko; compatible; ClaudeBot/1.0; +claudebot@anthropic.com)"
18.116.80.77 - - [13/May/2025:12:20:32 +0000] "GET /members/uploads/logo/45090.php?lokasie=%2Fhome%2Fyellowleaf%2Fpublic_html%2Fmembers%2Fuploads%2Flogo%2F21615.jpg&loknya=%2Fhome%2Fyellowleaf%2Fpublic_html%2Fmembers%2Fuploads%2Flogo HTTP/1.1" 200 4404 "-" "Mozilla/5.0 AppleWebKit/537.36 (KHTML, like Gecko; compatible; ClaudeBot/1.0; +claudebot@anthropic.com)"
18.116.80.77 - - [13/May/2025:12:20:32 +0000] "GET /members/uploads/logo/45090.php?lokasie=%2Fhome%2Fyellowleaf%2Fpublic_html%2Fmembers%2Fuploads%2Flogo%2F46940.jpg&loknya=%2Fhome%2Fyellowleaf%2Fpublic_html%2Fmembers%2Fuploads%2Flogo HTTP/1.1" 200 4404 "-" "Mozilla/5.0 AppleWebKit/537.36 (KHTML, like Gecko; compatible; ClaudeBot/1.0; +claudebot@anthropic.com)"
18.116.80.77 - - [13/May/2025:12:20:32 +0000] "GET /members/uploads/logo/45090.php?lokasie=%2Fhome%2Fyellowleaf%2Fpublic_html%2Fmembers%2Fuploads%2Flogo%2F38337.png&loknya=%2Fhome%2Fyellowleaf%2Fpublic_html%2Fmembers%2Fuploads%2Flogo HTTP/1.1" 200 4404 "-" "Mozilla/5.0 AppleWebKit/537.36 (KHTML, like Gecko; compatible; ClaudeBot/1.0; +claudebot@anthropic.com)"
18.116.80.77 - - [13/May/2025:12:20:33 +0000] "GET /members/uploads/logo/45090.php?lokasie=%2Fhome%2Fyellowleaf%2Fpublic_html%2Fmembers%2Fuploads%2Flogo%2F45371.jpg&loknya=%2Fhome%2Fyellowleaf%2Fpublic_html%2Fmembers%2Fuploads%2Flogo HTTP/1.1" 200 4404 "-" "Mozilla/5.0 AppleWebKit/537.36 (KHTML, like Gecko; compatible; ClaudeBot/1.0; +claudebot@anthropic.com)"
18.116.80.77 - - [13/May/2025:12:20:33 +0000] "GET /members/uploads/logo/45090.php?lokasie=%2Fhome%2Fyellowleaf%2Fpublic_html%2Fmembers%2Fuploads%2Flogo%2F57525.jpg&loknya=%2Fhome%2Fyellowleaf%2Fpublic_html%2Fmembers%2Fuploads%2Flogo HTTP/1.1" 200 4404 "-" "Mozilla/5.0 AppleWebKit/537.36 (KHTML, like Gecko; compatible; ClaudeBot/1.0; +claudebot@anthropic.com)"
18.116.80.77 - - [13/May/2025:12:20:33 +0000] "GET /members/uploads/logo/45090.php?lokasie=%2Fhome%2Fyellowleaf%2Fpublic_html%2Fmembers%2Fuploads%2Flogo%2F20812.png&loknya=%2Fhome%2Fyellowleaf%2Fpublic_html%2Fmembers%2Fuploads%2Flogo HTTP/1.1" 200 4404 "-" "Mozilla/5.0 AppleWebKit/537.36 (KHTML, like Gecko; compatible; ClaudeBot/1.0; +claudebot@anthropic.com)"
18.116.80.77 - - [13/May/2025:12:20:33 +0000] "GET /members/uploads/logo/45090.php?lokasie=%2Fhome%2Fyellowleaf%2Fpublic_html%2Fmembers%2Fuploads%2Flogo%2F5961.jpg&loknya=%2Fhome%2Fyellowleaf%2Fpublic_html%2Fmembers%2Fuploads%2Flogo HTTP/1.1" 200 4403 "-" "Mozilla/5.0 AppleWebKit/537.36 (KHTML, like Gecko; compatible; ClaudeBot/1.0; +claudebot@anthropic.com)"
18.116.80.77 - - [13/May/2025:12:20:33 +0000] "GET /members/uploads/logo/45090.php?lokasie=%2Fhome%2Fyellowleaf%2Fpublic_html%2Fmembers%2Fuploads%2Flogo%2F63143.jpg&loknya=%2Fhome%2Fyellowleaf%2Fpublic_html%2Fmembers%2Fuploads%2Flogo HTTP/1.1" 200 4404 "-" "Mozilla/5.0 AppleWebKit/537.36 (KHTML, like Gecko; compatible; ClaudeBot/1.0; +claudebot@anthropic.com)"
18.116.80.77 - - [13/May/2025:12:20:33 +0000] "GET /members/uploads/logo/45090.php?lokasie=%2Fhome%2Fyellowleaf%2Fpublic_html%2Fmembers%2Fuploads%2Flogo%2F9123.png&loknya=%2Fhome%2Fyellowleaf%2Fpublic_html%2Fmembers%2Fuploads%2Flogo HTTP/1.1" 200 4403 "-" "Mozilla/5.0 AppleWebKit/537.36 (KHTML, like Gecko; compatible; ClaudeBot/1.0; +claudebot@anthropic.com)"
18.116.80.77 - - [13/May/2025:12:20:33 +0000] "GET /members/uploads/logo/45090.php?lokasie=%2Fhome%2Fyellowleaf%2Fpublic_html%2Fmembers%2Fuploads%2Flogo%2F45390.jpg&loknya=%2Fhome%2Fyellowleaf%2Fpublic_html%2Fmembers%2Fuploads%2Flogo HTTP/1.1" 200 4404 "-" "Mozilla/5.0 AppleWebKit/537.36 (KHTML, like Gecko; compatible; ClaudeBot/1.0; +claudebot@anthropic.com)"
18.116.80.77 - - [13/May/2025:12:20:33 +0000] "GET /members/uploads/logo/45090.php?lokasie=%2Fhome%2Fyellowleaf%2Fpublic_html%2Fmembers%2Fuploads%2Flogo%2F4730.jpg&loknya=%2Fhome%2Fyellowleaf%2Fpublic_html%2Fmembers%2Fuploads%2Flogo HTTP/1.1" 200 4403 "-" "Mozilla/5.0 AppleWebKit/537.36 (KHTML, like Gecko; compatible; ClaudeBot/1.0; +claudebot@anthropic.com)"
18.116.80.77 - - [13/May/2025:12:20:33 +0000] "GET /members/uploads/logo/45090.php?lokasie=%2Fhome%2Fyellowleaf%2Fpublic_html%2Fmembers%2Fuploads%2Flogo%2F36853.jpg&loknya=%2Fhome%2Fyellowleaf%2Fpublic_html%2Fmembers%2Fuploads%2Flogo HTTP/1.1" 200 4404 "-" "Mozilla/5.0 AppleWebKit/537.36 (KHTML, like Gecko; compatible; ClaudeBot/1.0; +claudebot@anthropic.com)"
18.116.80.77 - - [13/May/2025:12:20:33 +0000] "GET /members/uploads/logo/45090.php?lokasie=%2Fhome%2Fyellowleaf%2Fpublic_html%2Fmembers%2Fuploads%2Flogo%2F28738.jpg&loknya=%2Fhome%2Fyellowleaf%2Fpublic_html%2Fmembers%2Fuploads%2Flogo HTTP/1.1" 200 4404 "-" "Mozilla/5.0 AppleWebKit/537.36 (KHTML, like Gecko; compatible; ClaudeBot/1.0; +claudebot@anthropic.com)"
18.116.80.77 - - [13/May/2025:12:20:33 +0000] "GET /members/uploads/logo/45090.php?lokasie=%2Fhome%2Fyellowleaf%2Fpublic_html%2Fmembers%2Fuploads%2Flogo%2F43397.jpg&loknya=%2Fhome%2Fyellowleaf%2Fpublic_html%2Fmembers%2Fuploads%2Flogo HTTP/1.1" 200 4404 "-" "Mozilla/5.0 AppleWebKit/537.36 (KHTML, like Gecko; compatible; ClaudeBot/1.0; +claudebot@anthropic.com)"
18.116.80.77 - - [13/May/2025:12:20:34 +0000] "GET /members/uploads/logo/45090.php?lokasie=%2Fhome%2Fyellowleaf%2Fpublic_html%2Fmembers%2Fuploads%2Flogo%2F40687.jpg&loknya=%2Fhome%2Fyellowleaf%2Fpublic_html%2Fmembers%2Fuploads%2Flogo HTTP/1.1" 200 4404 "-" "Mozilla/5.0 AppleWebKit/537.36 (KHTML, like Gecko; compatible; ClaudeBot/1.0; +claudebot@anthropic.com)"
18.116.80.77 - - [13/May/2025:12:20:34 +0000] "GET /members/uploads/logo/45090.php?lokasie=%2Fhome%2Fyellowleaf%2Fpublic_html%2Fmembers%2Fuploads%2Flogo%2F55849.jpg&loknya=%2Fhome%2Fyellowleaf%2Fpublic_html%2Fmembers%2Fuploads%2Flogo HTTP/1.1" 200 4404 "-" "Mozilla/5.0 AppleWebKit/537.36 (KHTML, like Gecko; compatible; ClaudeBot/1.0; +claudebot@anthropic.com)"
98.84.200.43 - - [13/May/2025:12:20:34 +0000] "GET /members/uploads/logo/45090.php?loknya=/sys/class/nvme/nvme0/device/nvme/nvme0/device/nvme/nvme0/device/firmware_node/physical_node/firmware_node/physical_node/nvme/nvme0/nvme0n1/device/nvme0n1/nvme0n1p3/holders/md3/slaves/nvme0n1p3/subsystem/nvme0n1p/holders/md/md/rd0/block/subsystem/nvme0n1/subsystem/nvme0n1p1/subsystem HTTP/1.1" 200 12239 "-" "Mozilla/5.0 AppleWebKit/537.36 (KHTML, like Gecko; compatible; Amazonbot/0.1; +https://developer.amazon.com/support/amazonbot) Chrome/119.0.6045.214 Safari/537.36"
18.116.80.77 - - [13/May/2025:12:20:34 +0000] "GET /members/uploads/logo/45090.php?lokasie=%2Fhome%2Fyellowleaf%2Fpublic_html%2Fmembers%2Fuploads%2Flogo%2F4750.jpg&loknya=%2Fhome%2Fyellowleaf%2Fpublic_html%2Fmembers%2Fuploads%2Flogo HTTP/1.1" 200 4403 "-" "Mozilla/5.0 AppleWebKit/537.36 (KHTML, like Gecko; compatible; ClaudeBot/1.0; +claudebot@anthropic.com)"
18.116.80.77 - - [13/May/2025:12:20:34 +0000] "GET /members/uploads/logo/45090.php?lokasie=%2Fhome%2Fyellowleaf%2Fpublic_html%2Fmembers%2Fuploads%2Flogo%2F53375.jpg&loknya=%2Fhome%2Fyellowleaf%2Fpublic_html%2Fmembers%2Fuploads%2Flogo HTTP/1.1" 200 4404 "-" "Mozilla/5.0 AppleWebKit/537.36 (KHTML, like Gecko; compatible; ClaudeBot/1.0; +claudebot@anthropic.com)"
18.116.80.77 - - [13/May/2025:12:20:34 +0000] "GET /members/uploads/logo/45090.php?lokasie=%2Fhome%2Fyellowleaf%2Fpublic_html%2Fmembers%2Fuploads%2Flogo%2F41533.jpg&loknya=%2Fhome%2Fyellowleaf%2Fpublic_html%2Fmembers%2Fuploads%2Flogo HTTP/1.1" 200 4404 "-" "Mozilla/5.0 AppleWebKit/537.36 (KHTML, like Gecko; compatible; ClaudeBot/1.0; +claudebot@anthropic.com)"
18.116.80.77 - - [13/May/2025:12:20:34 +0000] "GET /members/uploads/logo/45090.php?lokasie=%2Fhome%2Fyellowleaf%2Fpublic_html%2Fmembers%2Fuploads%2Flogo%2F31478.jpg&loknya=%2Fhome%2Fyellowleaf%2Fpublic_html%2Fmembers%2Fuploads%2Flogo HTTP/1.1" 200 4404 "-" "Mozilla/5.0 AppleWebKit/537.36 (KHTML, like Gecko; compatible; ClaudeBot/1.0; +claudebot@anthropic.com)"
18.116.80.77 - - [13/May/2025:12:20:34 +0000] "GET /members/uploads/logo/45090.php?lokasie=%2Fhome%2Fyellowleaf%2Fpublic_html%2Fmembers%2Fuploads%2Flogo%2F36069.jpg&loknya=%2Fhome%2Fyellowleaf%2Fpublic_html%2Fmembers%2Fuploads%2Flogo HTTP/1.1" 200 4404 "-" "Mozilla/5.0 AppleWebKit/537.36 (KHTML, like Gecko; compatible; ClaudeBot/1.0; +claudebot@anthropic.com)"
18.116.80.77 - - [13/May/2025:12:20:34 +0000] "GET /members/uploads/logo/45090.php?lokasie=%2Fhome%2Fyellowleaf%2Fpublic_html%2Fmembers%2Fuploads%2Flogo%2F40703.jpg&loknya=%2Fhome%2Fyellowleaf%2Fpublic_html%2Fmembers%2Fuploads%2Flogo HTTP/1.1" 200 4404 "-" "Mozilla/5.0 AppleWebKit/537.36 (KHTML, like Gecko; compatible; ClaudeBot/1.0; +claudebot@anthropic.com)"
18.116.80.77 - - [13/May/2025:12:20:34 +0000] "GET /members/uploads/logo/45090.php?lokasie=%2Fhome%2Fyellowleaf%2Fpublic_html%2Fmembers%2Fuploads%2Flogo%2F16724.jpg&loknya=%2Fhome%2Fyellowleaf%2Fpublic_html%2Fmembers%2Fuploads%2Flogo HTTP/1.1" 200 4404 "-" "Mozilla/5.0 AppleWebKit/537.36 (KHTML, like Gecko; compatible; ClaudeBot/1.0; +claudebot@anthropic.com)"
18.116.80.77 - - [13/May/2025:12:20:34 +0000] "GET /members/uploads/logo/45090.php?lokasie=%2Fhome%2Fyellowleaf%2Fpublic_html%2Fmembers%2Fuploads%2Flogo%2F750.jpg&loknya=%2Fhome%2Fyellowleaf%2Fpublic_html%2Fmembers%2Fuploads%2Flogo HTTP/1.1" 200 4402 "-" "Mozilla/5.0 AppleWebKit/537.36 (KHTML, like Gecko; compatible; ClaudeBot/1.0; +claudebot@anthropic.com)"
18.116.80.77 - - [13/May/2025:12:20:34 +0000] "GET /members/uploads/logo/45090.php?lokasie=%2Fhome%2Fyellowleaf%2Fpublic_html%2Fmembers%2Fuploads%2Flogo%2F59004.jpg&loknya=%2Fhome%2Fyellowleaf%2Fpublic_html%2Fmembers%2Fuploads%2Flogo HTTP/1.1" 200 4404 "-" "Mozilla/5.0 AppleWebKit/537.36 (KHTML, like Gecko; compatible; ClaudeBot/1.0; +claudebot@anthropic.com)"
18.116.80.77 - - [13/May/2025:12:20:35 +0000] "GET /members/uploads/logo/45090.php?lokasie=%2Fhome%2Fyellowleaf%2Fpublic_html%2Fmembers%2Fuploads%2Flogo%2F10225.jpg&loknya=%2Fhome%2Fyellowleaf%2Fpublic_html%2Fmembers%2Fuploads%2Flogo HTTP/1.1" 200 4404 "-" "Mozilla/5.0 AppleWebKit/537.36 (KHTML, like Gecko; compatible; ClaudeBot/1.0; +claudebot@anthropic.com)"
18.116.80.77 - - [13/May/2025:12:20:35 +0000] "GET /members/uploads/logo/45090.php?lokasie=%2Fhome%2Fyellowleaf%2Fpublic_html%2Fmembers%2Fuploads%2Flogo%2F40011.png&loknya=%2Fhome%2Fyellowleaf%2Fpublic_html%2Fmembers%2Fuploads%2Flogo HTTP/1.1" 200 4404 "-" "Mozilla/5.0 AppleWebKit/537.36 (KHTML, like Gecko; compatible; ClaudeBot/1.0; +claudebot@anthropic.com)"
18.116.80.77 - - [13/May/2025:12:20:35 +0000] "GET /members/uploads/logo/45090.php?lokasie=%2Fhome%2Fyellowleaf%2Fpublic_html%2Fmembers%2Fuploads%2Flogo%2F45803.png&loknya=%2Fhome%2Fyellowleaf%2Fpublic_html%2Fmembers%2Fuploads%2Flogo HTTP/1.1" 200 4404 "-" "Mozilla/5.0 AppleWebKit/537.36 (KHTML, like Gecko; compatible; ClaudeBot/1.0; +claudebot@anthropic.com)"
18.116.80.77 - - [13/May/2025:12:20:35 +0000] "GET /members/uploads/logo/45090.php?lokasie=%2Fhome%2Fyellowleaf%2Fpublic_html%2Fmembers%2Fuploads%2Flogo%2F35898.jpg&loknya=%2Fhome%2Fyellowleaf%2Fpublic_html%2Fmembers%2Fuploads%2Flogo HTTP/1.1" 200 4404 "-" "Mozilla/5.0 AppleWebKit/537.36 (KHTML, like Gecko; compatible; ClaudeBot/1.0; +claudebot@anthropic.com)"
18.116.80.77 - - [13/May/2025:12:20:35 +0000] "GET /members/uploads/logo/45090.php?lokasie=%2Fhome%2Fyellowleaf%2Fpublic_html%2Fmembers%2Fuploads%2Flogo%2F41731.jpg&loknya=%2Fhome%2Fyellowleaf%2Fpublic_html%2Fmembers%2Fuploads%2Flogo HTTP/1.1" 200 4404 "-" "Mozilla/5.0 AppleWebKit/537.36 (KHTML, like Gecko; compatible; ClaudeBot/1.0; +claudebot@anthropic.com)"
18.116.80.77 - - [13/May/2025:12:20:35 +0000] "GET /members/uploads/logo/45090.php?lokasie=%2Fhome%2Fyellowleaf%2Fpublic_html%2Fmembers%2Fuploads%2Flogo%2F58631.jpg&loknya=%2Fhome%2Fyellowleaf%2Fpublic_html%2Fmembers%2Fuploads%2Flogo HTTP/1.1" 200 4404 "-" "Mozilla/5.0 AppleWebKit/537.36 (KHTML, like Gecko; compatible; ClaudeBot/1.0; +claudebot@anthropic.com)"
18.116.80.77 - - [13/May/2025:12:20:35 +0000] "GET /members/uploads/logo/45090.php?lokasie=%2Fhome%2Fyellowleaf%2Fpublic_html%2Fmembers%2Fuploads%2Flogo%2F59265.png&loknya=%2Fhome%2Fyellowleaf%2Fpublic_html%2Fmembers%2Fuploads%2Flogo HTTP/1.1" 200 4404 "-" "Mozilla/5.0 AppleWebKit/537.36 (KHTML, like Gecko; compatible; ClaudeBot/1.0; +claudebot@anthropic.com)"
18.116.80.77 - - [13/May/2025:12:20:35 +0000] "GET /members/uploads/logo/45090.php?lokasie=%2Fhome%2Fyellowleaf%2Fpublic_html%2Fmembers%2Fuploads%2Flogo%2F60128.jpg&loknya=%2Fhome%2Fyellowleaf%2Fpublic_html%2Fmembers%2Fuploads%2Flogo HTTP/1.1" 200 4404 "-" "Mozilla/5.0 AppleWebKit/537.36 (KHTML, like Gecko; compatible; ClaudeBot/1.0; +claudebot@anthropic.com)"
18.116.80.77 - - [13/May/2025:12:20:35 +0000] "GET /members/uploads/logo/45090.php?lokasie=%2Fhome%2Fyellowleaf%2Fpublic_html%2Fmembers%2Fuploads%2Flogo%2F31286.jpg&loknya=%2Fhome%2Fyellowleaf%2Fpublic_html%2Fmembers%2Fuploads%2Flogo HTTP/1.1" 200 4404 "-" "Mozilla/5.0 AppleWebKit/537.36 (KHTML, like Gecko; compatible; ClaudeBot/1.0; +claudebot@anthropic.com)"
18.116.80.77 - - [13/May/2025:12:20:35 +0000] "GET /members/uploads/logo/45090.php?lokasie=%2Fhome%2Fyellowleaf%2Fpublic_html%2Fmembers%2Fuploads%2Flogo%2F51890.jpg&loknya=%2Fhome%2Fyellowleaf%2Fpublic_html%2Fmembers%2Fuploads%2Flogo HTTP/1.1" 200 4404 "-" "Mozilla/5.0 AppleWebKit/537.36 (KHTML, like Gecko; compatible; ClaudeBot/1.0; +claudebot@anthropic.com)"
18.116.80.77 - - [13/May/2025:12:20:35 +0000] "GET /members/uploads/logo/45090.php?lokasie=%2Fhome%2Fyellowleaf%2Fpublic_html%2Fmembers%2Fuploads%2Flogo%2F62031.jpg&loknya=%2Fhome%2Fyellowleaf%2Fpublic_html%2Fmembers%2Fuploads%2Flogo HTTP/1.1" 200 4404 "-" "Mozilla/5.0 AppleWebKit/537.36 (KHTML, like Gecko; compatible; ClaudeBot/1.0; +claudebot@anthropic.com)"
85.208.98.16 - - [13/May/2025:12:20:36 +0000] "GET /near-me/independent-mortgage-advisor/great-missenden-in-buckinghamshire HTTP/1.1" 302 217 "-" "Mozilla/5.0 (compatible; SemrushBot-BA; +http://www.semrush.com/bot.html)"
18.116.80.77 - - [13/May/2025:12:20:36 +0000] "GET /members/uploads/logo/45090.php?lokasie=%2Fhome%2Fyellowleaf%2Fpublic_html%2Fmembers%2Fuploads%2Flogo%2F45513.jpg&loknya=%2Fhome%2Fyellowleaf%2Fpublic_html%2Fmembers%2Fuploads%2Flogo HTTP/1.1" 200 4404 "-" "Mozilla/5.0 AppleWebKit/537.36 (KHTML, like Gecko; compatible; ClaudeBot/1.0; +claudebot@anthropic.com)"
85.208.98.16 - - [13/May/2025:12:20:36 +0000] "GET /404/ HTTP/1.1" 404 2011 "https://www.yellowleaf.co.uk/near-me/independent-mortgage-advisor/great-missenden-in-buckinghamshire" "Mozilla/5.0 (compatible; SemrushBot-BA; +http://www.semrush.com/bot.html)"
18.116.80.77 - - [13/May/2025:12:20:36 +0000] "GET /members/uploads/logo/45090.php?lokasie=%2Fhome%2Fyellowleaf%2Fpublic_html%2Fmembers%2Fuploads%2Flogo%2F31373.jpg&loknya=%2Fhome%2Fyellowleaf%2Fpublic_html%2Fmembers%2Fuploads%2Flogo HTTP/1.1" 200 4404 "-" "Mozilla/5.0 AppleWebKit/537.36 (KHTML, like Gecko; compatible; ClaudeBot/1.0; +claudebot@anthropic.com)"
18.116.80.77 - - [13/May/2025:12:20:36 +0000] "GET /members/uploads/logo/45090.php?lokasie=%2Fhome%2Fyellowleaf%2Fpublic_html%2Fmembers%2Fuploads%2Flogo%2F39912.jpg&loknya=%2Fhome%2Fyellowleaf%2Fpublic_html%2Fmembers%2Fuploads%2Flogo HTTP/1.1" 200 4404 "-" "Mozilla/5.0 AppleWebKit/537.36 (KHTML, like Gecko; compatible; ClaudeBot/1.0; +claudebot@anthropic.com)"
47.128.122.213 - - [13/May/2025:12:20:36 +0000] "GET /members/uploads/logo/45090.php?loknya=%2Fsys%2Fdev%2Fchar%2F4%3A10%2Fsubsystem%2Ftty52%2Fsubsystem%2Ftty45%2Fsubsystem%2Ftty18%2Fpower HTTP/1.1" 200 13744 "-" "Mozilla/5.0 (Linux; Android 5.0) AppleWebKit/537.36 (KHTML, like Gecko) Mobile Safari/537.36 (compatible; Bytespider; spider-feedback@bytedance.com)"
18.116.80.77 - - [13/May/2025:12:20:36 +0000] "GET /members/uploads/logo/45090.php?lokasie=%2Fhome%2Fyellowleaf%2Fpublic_html%2Fmembers%2Fuploads%2Flogo%2F59429.jpg&loknya=%2Fhome%2Fyellowleaf%2Fpublic_html%2Fmembers%2Fuploads%2Flogo HTTP/1.1" 200 4404 "-" "Mozilla/5.0 AppleWebKit/537.36 (KHTML, like Gecko; compatible; ClaudeBot/1.0; +claudebot@anthropic.com)"
66.249.79.136 - - [13/May/2025:12:20:36 +0000] "GET /pages/35061-ps-construction-scotland-ltd.html HTTP/1.1" 200 94119 "-" "Mozilla/5.0 (Linux; Android 6.0.1; Nexus 5X Build/MMB29P) AppleWebKit/537.36 (KHTML, like Gecko) Chrome/136.0.7103.59 Mobile Safari/537.36 (compatible; Googlebot/2.1; +http://www.google.com/bot.html)"
18.116.80.77 - - [13/May/2025:12:20:36 +0000] "GET /members/uploads/logo/45090.php?lokasie=%2Fhome%2Fyellowleaf%2Fpublic_html%2Fmembers%2Fuploads%2Flogo%2F60153.jpg&loknya=%2Fhome%2Fyellowleaf%2Fpublic_html%2Fmembers%2Fuploads%2Flogo HTTP/1.1" 200 4404 "-" "Mozilla/5.0 AppleWebKit/537.36 (KHTML, like Gecko; compatible; ClaudeBot/1.0; +claudebot@anthropic.com)"
18.116.80.77 - - [13/May/2025:12:20:36 +0000] "GET /members/uploads/logo/45090.php?lokasie=%2Fhome%2Fyellowleaf%2Fpublic_html%2Fmembers%2Fuploads%2Flogo%2F60924.jpg&loknya=%2Fhome%2Fyellowleaf%2Fpublic_html%2Fmembers%2Fuploads%2Flogo HTTP/1.1" 200 4404 "-" "Mozilla/5.0 AppleWebKit/537.36 (KHTML, like Gecko; compatible; ClaudeBot/1.0; +claudebot@anthropic.com)"
18.116.80.77 - - [13/May/2025:12:20:36 +0000] "GET /members/uploads/logo/45090.php?lokasie=%2Fhome%2Fyellowleaf%2Fpublic_html%2Fmembers%2Fuploads%2Flogo%2F55551.jpg&loknya=%2Fhome%2Fyellowleaf%2Fpublic_html%2Fmembers%2Fuploads%2Flogo HTTP/1.1" 200 4404 "-" "Mozilla/5.0 AppleWebKit/537.36 (KHTML, like Gecko; compatible; ClaudeBot/1.0; +claudebot@anthropic.com)"
18.116.80.77 - - [13/May/2025:12:20:36 +0000] "GET /members/uploads/logo/45090.php?lokasie=%2Fhome%2Fyellowleaf%2Fpublic_html%2Fmembers%2Fuploads%2Flogo%2F1102.jpg&loknya=%2Fhome%2Fyellowleaf%2Fpublic_html%2Fmembers%2Fuploads%2Flogo HTTP/1.1" 200 4403 "-" "Mozilla/5.0 AppleWebKit/537.36 (KHTML, like Gecko; compatible; ClaudeBot/1.0; +claudebot@anthropic.com)"
85.208.96.200 - - [13/May/2025:12:20:36 +0000] "GET /pages/62674-future-smart-electrical-renewables.html HTTP/1.1" 200 97604 "-" "Mozilla/5.0 (compatible; SemrushBot/7~bl; +http://www.semrush.com/bot.html)"
18.116.80.77 - - [13/May/2025:12:20:36 +0000] "GET /members/uploads/logo/45090.php?lokasie=%2Fhome%2Fyellowleaf%2Fpublic_html%2Fmembers%2Fuploads%2Flogo%2F31777.jpg&loknya=%2Fhome%2Fyellowleaf%2Fpublic_html%2Fmembers%2Fuploads%2Flogo HTTP/1.1" 200 4404 "-" "Mozilla/5.0 AppleWebKit/537.36 (KHTML, like Gecko; compatible; ClaudeBot/1.0; +claudebot@anthropic.com)"
18.116.80.77 - - [13/May/2025:12:20:36 +0000] "GET /members/uploads/logo/45090.php?lokasie=%2Fhome%2Fyellowleaf%2Fpublic_html%2Fmembers%2Fuploads%2Flogo%2F8031.jpg&loknya=%2Fhome%2Fyellowleaf%2Fpublic_html%2Fmembers%2Fuploads%2Flogo HTTP/1.1" 200 4403 "-" "Mozilla/5.0 AppleWebKit/537.36 (KHTML, like Gecko; compatible; ClaudeBot/1.0; +claudebot@anthropic.com)"
18.116.80.77 - - [13/May/2025:12:20:36 +0000] "GET /members/uploads/logo/45090.php?lokasie=%2Fhome%2Fyellowleaf%2Fpublic_html%2Fmembers%2Fuploads%2Flogo%2F33921.jpg&loknya=%2Fhome%2Fyellowleaf%2Fpublic_html%2Fmembers%2Fuploads%2Flogo HTTP/1.1" 200 4404 "-" "Mozilla/5.0 AppleWebKit/537.36 (KHTML, like Gecko; compatible; ClaudeBot/1.0; +claudebot@anthropic.com)"
18.116.80.77 - - [13/May/2025:12:20:37 +0000] "GET /members/uploads/logo/45090.php?lokasie=%2Fhome%2Fyellowleaf%2Fpublic_html%2Fmembers%2Fuploads%2Flogo%2F18563.jpg&loknya=%2Fhome%2Fyellowleaf%2Fpublic_html%2Fmembers%2Fuploads%2Flogo HTTP/1.1" 200 4404 "-" "Mozilla/5.0 AppleWebKit/537.36 (KHTML, like Gecko; compatible; ClaudeBot/1.0; +claudebot@anthropic.com)"
18.116.80.77 - - [13/May/2025:12:20:37 +0000] "GET /members/uploads/logo/45090.php?lokasie=%2Fhome%2Fyellowleaf%2Fpublic_html%2Fmembers%2Fuploads%2Flogo%2F20420.png&loknya=%2Fhome%2Fyellowleaf%2Fpublic_html%2Fmembers%2Fuploads%2Flogo HTTP/1.1" 200 4404 "-" "Mozilla/5.0 AppleWebKit/537.36 (KHTML, like Gecko; compatible; ClaudeBot/1.0; +claudebot@anthropic.com)"
66.249.79.195 - - [13/May/2025:12:20:36 +0000] "GET /pages/4009-vessy-massage.html HTTP/1.1" 200 94369 "-" "Mozilla/5.0 (Linux; Android 6.0.1; Nexus 5X Build/MMB29P) AppleWebKit/537.36 (KHTML, like Gecko) Chrome/136.0.7103.59 Mobile Safari/537.36 (compatible; Googlebot/2.1; +http://www.google.com/bot.html)"
18.116.80.77 - - [13/May/2025:12:20:37 +0000] "GET /members/uploads/logo/45090.php?lokasie=%2Fhome%2Fyellowleaf%2Fpublic_html%2Fmembers%2Fuploads%2Flogo%2F32334.png&loknya=%2Fhome%2Fyellowleaf%2Fpublic_html%2Fmembers%2Fuploads%2Flogo HTTP/1.1" 200 4404 "-" "Mozilla/5.0 AppleWebKit/537.36 (KHTML, like Gecko; compatible; ClaudeBot/1.0; +claudebot@anthropic.com)"
18.116.80.77 - - [13/May/2025:12:20:37 +0000] "GET /members/uploads/logo/45090.php?lokasie=%2Fhome%2Fyellowleaf%2Fpublic_html%2Fmembers%2Fuploads%2Flogo%2F26823.jpg&loknya=%2Fhome%2Fyellowleaf%2Fpublic_html%2Fmembers%2Fuploads%2Flogo HTTP/1.1" 200 4404 "-" "Mozilla/5.0 AppleWebKit/537.36 (KHTML, like Gecko; compatible; ClaudeBot/1.0; +claudebot@anthropic.com)"
