78.153.140.177 - - [14/May/2025:00:09:55 +0000] "GET /Media HTTP/1.1" 301 235 "-" "Mozilla/5.0 (X11; Linux x86_64) adbeat.com/policy AppleWebKit/537.21 (KHTML, like Gecko) Firefox/34.0 Safari/537.21"
78.153.140.177 - - [14/May/2025:00:09:55 +0000] "GET /Server HTTP/1.1" 301 236 "-" "Mozilla/5.0 (Macintosh; Intel Mac OS X 10_14_3) AppleWebKit/605.1.15 (KHTML, like Gecko)"
78.153.140.177 - - [14/May/2025:00:09:56 +0000] "GET /Staging HTTP/1.1" 301 237 "-" "Mozilla/5.0 (Windows  U  Windows NT 5.1  en-US) AppleWebKit/534.12 (KHTML, like Gecko) Chrome/9.0.583.0 Safari/534.12"
78.153.140.177 - - [14/May/2025:00:09:56 +0000] "GET /Twilio HTTP/1.1" 301 236 "-" "Mozilla/5.0 (X11; U; Linux i686; es-ES; rv:1.9.1.9) Gecko/20100317 SUSE/3.5.9-0.1 Firefox/3.5.9"
78.153.140.177 - - [14/May/2025:00:09:56 +0000] "GET /Config HTTP/1.1" 301 236 "-" "Mozilla/4.0 (compatible; MSIE 8.0; Windows NT 6.0)"
78.153.140.177 - - [14/May/2025:00:09:56 +0000] "GET /Stage HTTP/1.1" 301 235 "-" "Mozilla/5.0 (Linux; Android 5.1.1; SM-T330NU Build/LMY47X) AppleWebKit/537.36 (KHTML, like Gecko) Chrome/45.0.2454.84 Safari/537.36"
78.153.140.177 - - [14/May/2025:00:09:57 +0000] "GET /BACKEND HTTP/1.1" 301 237 "-" "Mozilla/5.0 (Linux; Android 7.1.2; Nexus 6P Build/N2G48C) AppleWebKit/537.36 (KHTML, like Gecko) Chrome/60.0.3112.107 Mobile Safari/537.36"
78.153.140.177 - - [14/May/2025:00:09:57 +0000] "GET /ADMIN HTTP/1.1" 301 235 "-" "Opera/9.02 (Windows NT 5.1; U; de)"
78.153.140.177 - - [14/May/2025:00:09:57 +0000] "GET /APP HTTP/1.1" 301 233 "-" "Mozilla/5.0 (Linux; Android 7.0; SM-G920F Build/NRD90M) AppleWebKit/537.36 (KHTML, like Gecko) Chrome/65.0.3325.109 Mobile Safari/537.36"
78.153.140.177 - - [14/May/2025:00:09:57 +0000] "GET /VENDOR HTTP/1.1" 301 236 "-" "Mozilla/5.0 (Linux; U; Android 4.0.4; en-us; DROID BIONIC 4G Build/6.7.2-223_DBN_M4-23) AppleWebKit/534.30 (KHTML, like Gecko) Version/4.0 Mobile Safari/534.30"
78.153.140.177 - - [14/May/2025:00:09:57 +0000] "GET /CRM HTTP/1.1" 301 233 "-" "Mozilla/5.0 (Windows NT 10.0; WOW64; Trident/7.0; LCTE; rv:11.0) like Gecko"
78.153.140.177 - - [14/May/2025:00:09:58 +0000] "GET /MEDIA HTTP/1.1" 301 235 "-" "Mozilla/5.0 (Windows NT 6.1; rv:7.0) Gecko/20110814 Firefox/7.0"
78.153.140.177 - - [14/May/2025:00:09:58 +0000] "GET /SERVER HTTP/1.1" 301 236 "-" "Mozilla/5.0 (iPad; U; CPU OS 4_3_4 like Mac OS X; ja-jp) AppleWebKit/533.17.9 (KHTML, like Gecko) Version/5.0.2 Mobile/8K2 Safari/6533.18.5"
78.153.140.177 - - [14/May/2025:00:09:59 +0000] "GET /STAGING HTTP/1.1" 301 237 "-" "Mozilla/5.0 (Windows; U; Windows NT 5.1; nb-NO) AppleWebKit/528.16 (KHTML, like Gecko) Version/4.0 Safari/528.16"
78.153.140.177 - - [14/May/2025:00:09:59 +0000] "GET /TWILIO HTTP/1.1" 301 236 "-" "Mozilla/5.0 (X11; U; Linux i686; fr; rv:1.7.8) Gecko/20050524 Fedora/1.0.4-4 Firefox/1.0.4"
78.153.140.177 - - [14/May/2025:00:09:59 +0000] "GET /CONFIG HTTP/1.1" 301 236 "-" "Mozilla/5.0 (Windows; U; Windows NT 6.0; en-US) AppleWebKit/532.2 (KHTML, like Gecko) Chrome/4.0.222.12 Safari/532.2"
78.153.140.177 - - [14/May/2025:00:10:00 +0000] "GET /STAGE HTTP/1.1" 301 235 "-" "Mozilla/5.0 (Linux; Android 8.0.0; Pixel XL Build/OPR6.170623.012) AppleWebKit/537.36 (KHTML, like Gecko) Chrome/60.0.3112.107 Mobile Safari/537.36"
78.153.140.177 - - [14/May/2025:00:10:00 +0000] "GET /t HTTP/1.1" 301 231 "-" "Mozilla/5.0 (Macintosh; Intel Mac OS X 10_13_3) AppleWebKit/604.5.3 (KHTML, like Gecko) Version/11.0.3 Safari/604.5.3"
78.153.140.177 - - [14/May/2025:00:10:01 +0000] "GET /test HTTP/1.1" 301 234 "-" "Mozilla/5.0 (Macintosh; Intel Mac OS X 10_9_5) AppleWebKit 537.36 (KHTML, like Gecko) Chrome"
78.153.140.177 - - [14/May/2025:00:10:01 +0000] "GET /Test HTTP/1.1" 301 234 "-" "Opera/9.80 (Linux sh4; U; HbbTV/1.1.1 (+PVR; Loewe; SL150; LOH/3.10;;) CE-HTML/1.0 Config(L:deu,CC:DEU); en) Presto/2.10.250 Version/11.60"
78.153.140.177 - - [14/May/2025:00:10:01 +0000] "GET /TEST HTTP/1.1" 301 234 "-" "Mozilla/5.0 (X11; U; Linux i686; en-US; rv:1.8.1.19) Gecko/20081216 Fedora/2.0.0.19-1.fc8 Firefox/2.0.0.19 pango-text"
78.153.140.177 - - [14/May/2025:00:10:01 +0000] "GET /sql/test HTTP/1.1" 301 238 "-" "Mozilla/5.0 (Android 6.0.1; Mobile; rv:55.0) Gecko/55.0 Firefox/55.0"
78.153.140.177 - - [14/May/2025:00:10:01 +0000] "GET /aws/test HTTP/1.1" 301 238 "-" "Mozilla/5.0 (X11; U; Linux i686; de; rv:1.9.2.21) Gecko/20110830 Ubuntu/10.10 (maverick) Firefox/3.6.21"
78.153.140.177 - - [14/May/2025:00:10:01 +0000] "GET /www/test HTTP/1.1" 301 238 "-" "Mozilla/5.0 (X11; U; Linux x86_64; ja; rv:1.9.1.4) Gecko/20091016 SUSE/3.5.4-1.1.2 Firefox/3.5.4"
78.153.140.177 - - [14/May/2025:00:10:02 +0000] "GET /pub/test HTTP/1.1" 301 238 "-" "Mozilla/5.0 (Windows NT 10.0; Win64; x64; rv:51.0) Gecko/20100101 Firefox/51.0"
216.244.66.197 - - [14/May/2025:00:10:27 +0000] "GET /robots.txt HTTP/1.1" 301 243 "-" "Mozilla/5.0 (compatible; DotBot/1.2; +https://opensiteexplorer.org/dotbot; help@moz.com)"
216.244.66.197 - - [14/May/2025:00:10:27 +0000] "GET /robots.txt HTTP/1.1" 301 247 "-" "Mozilla/5.0 (compatible; DotBot/1.2; +https://opensiteexplorer.org/dotbot; help@moz.com)"
85.208.98.23 - - [14/May/2025:00:11:05 +0000] "GET /robots.txt HTTP/1.1" 301 247 "-" "Mozilla/5.0 (compatible; SemrushBot-BA; +http://www.semrush.com/bot.html)"
212.8.248.108 - - [14/May/2025:00:14:12 +0000] "GET /pages/41675-stl-communications-ltd.html HTTP/1.0" 301 276 "-" "Mozilla/5.0 (Windows NT 10.0; Win64; x64) AppleWebKit/537.36 (KHTML, like Gecko) Chrome/118.0.0.0 Safari/537.36"
93.174.93.12 - - [14/May/2025:00:14:18 +0000] "\x16\x03\x02\x01o\x01" 403 - "-" "-"
196.17.115.83 - - [14/May/2025:00:14:32 +0000] "GET / HTTP/1.1" 301 233 "-" "Mozilla/5.0 (Macintosh; Intel Mac OS X 10.12; rv:57.0) Gecko/20100101 Firefox/57.0"
196.18.159.79 - - [14/May/2025:00:19:02 +0000] "GET /pages/14111-just-stone.html HTTP/1.1" 301 260 "-" "Mozilla/5.0 (X11; Linux x86_64) AppleWebKit/537.36 (KHTML, like Gecko) Chrome/64.0.3282.186 Safari/537.36"
185.218.86.4 - - [14/May/2025:00:23:19 +0000] "GET / HTTP/1.1" 301 230 "-" "Mozilla/5.0 (Windows NT 10.0; Win64; x64) AppleWebKit/537.36 (KHTML, like Gecko) Chrome/90.0.4430.85 Safari/537.36 Edg/90.0.818.46"
85.208.98.23 - - [14/May/2025:00:23:46 +0000] "GET /robots.txt HTTP/1.1" 301 247 "-" "Mozilla/5.0 (compatible; SemrushBot-BA; +http://www.semrush.com/bot.html)"
85.208.98.23 - - [14/May/2025:00:23:46 +0000] "GET /robots.txt HTTP/1.1" 301 243 "-" "Mozilla/5.0 (compatible; SemrushBot-BA; +http://www.semrush.com/bot.html)"
47.242.183.144 - - [14/May/2025:00:24:01 +0000] "HEAD /robots.txt HTTP/1.1" 301 - "-" "Mozilla/5.0 (Windows NT 6.0; Win64; x64) AppleWebKit/537.36 (KHTML, like Gecko) Chrome/75.0.2424.152 Safari/537.36"
47.242.183.144 - - [14/May/2025:00:24:02 +0000] "GET /robots.txt HTTP/1.1" 301 243 "-" "Mozilla/5.0 (Windows NT 6.0; Win64; x64) AppleWebKit/537.36 (KHTML, like Gecko) Chrome/75.0.2424.152 Safari/537.36"
4.227.36.104 - - [14/May/2025:00:26:38 +0000] "GET /robots.txt HTTP/1.1" 301 247 "-" "Mozilla/5.0 AppleWebKit/537.36 (KHTML, like Gecko; compatible; GPTBot/1.2; +https://openai.com/gptbot)"
20.171.207.136 - - [14/May/2025:00:26:40 +0000] "GET / HTTP/1.1" 301 237 "-" "Mozilla/5.0 AppleWebKit/537.36 (KHTML, like Gecko; compatible; GPTBot/1.2; +https://openai.com/gptbot)"
85.208.98.23 - - [14/May/2025:00:26:51 +0000] "GET /robots.txt HTTP/1.1" 301 247 "-" "Mozilla/5.0 (compatible; SemrushBot-BA; +http://www.semrush.com/bot.html)"
85.208.98.23 - - [14/May/2025:00:26:51 +0000] "GET /robots.txt HTTP/1.1" 301 243 "-" "Mozilla/5.0 (compatible; SemrushBot-BA; +http://www.semrush.com/bot.html)"
85.208.98.23 - - [14/May/2025:00:27:41 +0000] "GET /robots.txt HTTP/1.1" 301 243 "-" "Mozilla/5.0 (compatible; SemrushBot-BA; +http://www.semrush.com/bot.html)"
85.208.98.23 - - [14/May/2025:00:27:41 +0000] "GET /robots.txt HTTP/1.1" 301 247 "-" "Mozilla/5.0 (compatible; SemrushBot-BA; +http://www.semrush.com/bot.html)"
85.208.98.23 - - [14/May/2025:00:31:05 +0000] "GET /robots.txt HTTP/1.1" 301 247 "-" "Mozilla/5.0 (compatible; SemrushBot-BA; +http://www.semrush.com/bot.html)"
85.208.98.23 - - [14/May/2025:00:31:05 +0000] "GET /robots.txt HTTP/1.1" 301 243 "-" "Mozilla/5.0 (compatible; SemrushBot-BA; +http://www.semrush.com/bot.html)"
85.208.98.23 - - [14/May/2025:00:31:35 +0000] "GET /robots.txt HTTP/1.1" 301 247 "-" "Mozilla/5.0 (compatible; SemrushBot-BA; +http://www.semrush.com/bot.html)"
85.208.98.23 - - [14/May/2025:00:31:35 +0000] "GET /robots.txt HTTP/1.1" 301 243 "-" "Mozilla/5.0 (compatible; SemrushBot-BA; +http://www.semrush.com/bot.html)"
152.53.51.16 - - [14/May/2025:00:31:45 +0000] "GET /members/uploads/2/8122_2.jpg HTTP/1.1" 301 265 "-" "Mozilla/5.0 (Windows NT 10.0; Win64; x64) AppleWebKit/537.36 (KHTML, like Gecko) Chrome/100.0.9041.586 Safari/537.36"
85.208.98.23 - - [14/May/2025:00:31:47 +0000] "GET /robots.txt HTTP/1.1" 301 247 "-" "Mozilla/5.0 (compatible; SemrushBot-BA; +http://www.semrush.com/bot.html)"
154.81.156.7 - - [14/May/2025:00:32:20 +0000] "GET / HTTP/1.1" 301 233 "-" "curl/7.81.0"
85.208.98.23 - - [14/May/2025:00:36:09 +0000] "GET /robots.txt HTTP/1.1" 301 247 "-" "Mozilla/5.0 (compatible; SemrushBot-BA; +http://www.semrush.com/bot.html)"
85.208.98.23 - - [14/May/2025:00:36:09 +0000] "GET /robots.txt HTTP/1.1" 301 243 "-" "Mozilla/5.0 (compatible; SemrushBot-BA; +http://www.semrush.com/bot.html)"
194.145.227.125 - - [14/May/2025:00:40:16 +0000] "GET /elfinder/php/connector.minimal.php HTTP/1.1" 301 267 "-" "ALittle Client"
85.208.98.23 - - [14/May/2025:00:42:29 +0000] "GET /robots.txt HTTP/1.1" 301 247 "-" "Mozilla/5.0 (compatible; SemrushBot-BA; +http://www.semrush.com/bot.html)"
85.208.98.23 - - [14/May/2025:00:42:29 +0000] "GET /robots.txt HTTP/1.1" 301 247 "-" "Mozilla/5.0 (compatible; SemrushBot-BA; +http://www.semrush.com/bot.html)"
85.208.98.23 - - [14/May/2025:00:43:15 +0000] "GET /robots.txt HTTP/1.1" 301 243 "-" "Mozilla/5.0 (compatible; SemrushBot-BA; +http://www.semrush.com/bot.html)"
85.208.98.23 - - [14/May/2025:00:43:15 +0000] "GET /robots.txt HTTP/1.1" 301 247 "-" "Mozilla/5.0 (compatible; SemrushBot-BA; +http://www.semrush.com/bot.html)"
167.71.66.190 - - [14/May/2025:00:44:23 +0000] "GET / HTTP/1.1" 301 237 "-" "Mozilla/5.0 (X11; Linux x86_64; rv:136.0) Gecko/20100101 Firefox/136.0"
154.81.156.54 - - [14/May/2025:00:44:35 +0000] "GET / HTTP/1.1" 301 233 "-" "curl/7.81.0"
85.208.98.23 - - [14/May/2025:00:46:38 +0000] "GET /robots.txt HTTP/1.1" 301 247 "-" "Mozilla/5.0 (compatible; SemrushBot-BA; +http://www.semrush.com/bot.html)"
85.208.98.23 - - [14/May/2025:00:46:40 +0000] "GET /robots.txt HTTP/1.1" 301 243 "-" "Mozilla/5.0 (compatible; SemrushBot-BA; +http://www.semrush.com/bot.html)"
85.208.98.23 - - [14/May/2025:00:46:55 +0000] "GET /robots.txt HTTP/1.1" 301 243 "-" "Mozilla/5.0 (compatible; SemrushBot-BA; +http://www.semrush.com/bot.html)"
85.208.98.23 - - [14/May/2025:00:46:56 +0000] "GET /robots.txt HTTP/1.1" 301 247 "-" "Mozilla/5.0 (compatible; SemrushBot-BA; +http://www.semrush.com/bot.html)"
85.208.98.23 - - [14/May/2025:00:47:06 +0000] "GET /robots.txt HTTP/1.1" 301 247 "-" "Mozilla/5.0 (compatible; SemrushBot-BA; +http://www.semrush.com/bot.html)"
85.208.98.23 - - [14/May/2025:00:48:05 +0000] "GET /robots.txt HTTP/1.1" 301 247 "-" "Mozilla/5.0 (compatible; SemrushBot-BA; +http://www.semrush.com/bot.html)"
196.18.158.72 - - [14/May/2025:00:49:13 +0000] "GET /pages/35430-dexters-shoreditch-estate-agents.html HTTP/1.1" 301 286 "-" "Mozilla/5.0 (Macintosh; Intel Mac OS X 10_11_2) AppleWebKit/537.36 (KHTML, like Gecko) Chrome/64.0.3282.186 Safari/537.36"
85.208.98.23 - - [14/May/2025:00:51:25 +0000] "GET /robots.txt HTTP/1.1" 301 247 "-" "Mozilla/5.0 (compatible; SemrushBot-BA; +http://www.semrush.com/bot.html)"
85.208.98.23 - - [14/May/2025:00:52:14 +0000] "GET /robots.txt HTTP/1.1" 301 247 "-" "Mozilla/5.0 (compatible; SemrushBot-BA; +http://www.semrush.com/bot.html)"
85.208.98.23 - - [14/May/2025:00:52:17 +0000] "GET /robots.txt HTTP/1.1" 301 243 "-" "Mozilla/5.0 (compatible; SemrushBot-BA; +http://www.semrush.com/bot.html)"
78.153.140.93 - - [14/May/2025:00:52:48 +0000] "GET /.env HTTP/1.1" 301 234 "-" "Mozilla/5.0 (Windows NT 10.0; Win64; x64) AppleWebKit/537.36 (KHTML, like Gecko) Chrome/116.0.5845.140 Safari/537.36"
78.153.140.93 - - [14/May/2025:00:52:48 +0000] "POST / HTTP/1.1" 301 230 "-" "Mozilla/5.0 (Windows NT 10.0; Win64; x64) AppleWebKit/537.36 (KHTML, like Gecko) Chrome/116.0.5845.140 Safari/537.36"
216.244.66.197 - - [14/May/2025:00:54:10 +0000] "GET /robots.txt HTTP/1.1" 301 243 "-" "Mozilla/5.0 (compatible; DotBot/1.2; +https://opensiteexplorer.org/dotbot; help@moz.com)"
216.244.66.197 - - [14/May/2025:00:54:10 +0000] "GET /robots.txt HTTP/1.1" 301 247 "-" "Mozilla/5.0 (compatible; DotBot/1.2; +https://opensiteexplorer.org/dotbot; help@moz.com)"
45.156.128.122 - - [14/May/2025:00:55:16 +0000] "GET / HTTP/1.1" 301 237 "-" "Mozilla/5.0 (Windows NT 10.0; Win64; x64) AppleWebKit/537.36 (KHTML, like Gecko) Chrome/60.0.3112.113 Safari/537.36"
45.156.128.123 - - [14/May/2025:00:55:16 +0000] "GET /aspera/faspex/ HTTP/1.1" 301 251 "-" "Mozilla/5.0 (Windows NT 10.0; Win64; x64) AppleWebKit/537.36 (KHTML, like Gecko) Chrome/60.0.3112.113 Safari/537.36"
45.156.128.123 - - [14/May/2025:00:55:16 +0000] "GET / HTTP/1.1" 301 237 "-" "Mozilla/5.0 (Windows NT 10.0; Win64; x64) AppleWebKit/537.36 (KHTML, like Gecko) Chrome/60.0.3112.113 Safari/537.36"
45.156.128.121 - - [14/May/2025:00:55:35 +0000] "GET /favicon.ico HTTP/1.1" 301 248 "-" "Mozilla/5.0 (Windows NT 10.0; WOW64) AppleWebKit/537.36 (KHTML, like Gecko) Chrome/66.0.3359.117 Safari/537.36"
45.156.128.122 - - [14/May/2025:00:55:35 +0000] "GET /license.txt HTTP/1.1" 301 248 "-" "Mozilla/5.0 (Windows NT 10.0; Win64; x64) AppleWebKit/537.36 (KHTML, like Gecko) Chrome/60.0.3112.113 Safari/537.36"
45.156.128.121 - - [14/May/2025:00:55:57 +0000] "GET /wp-json HTTP/1.1" 301 244 "-" "Mozilla/5.0 (Windows NT 10.0; Win64; x64) AppleWebKit/537.36 (KHTML, like Gecko) Chrome/60.0.3112.113 Safari/537.36"
85.208.98.23 - - [14/May/2025:00:57:05 +0000] "GET /robots.txt HTTP/1.1" 301 247 "-" "Mozilla/5.0 (compatible; SemrushBot-BA; +http://www.semrush.com/bot.html)"
154.81.156.35 - - [14/May/2025:00:58:11 +0000] "GET / HTTP/1.1" 301 233 "-" "curl/7.81.0"
85.208.98.23 - - [14/May/2025:01:02:20 +0000] "GET /robots.txt HTTP/1.1" 301 247 "-" "Mozilla/5.0 (compatible; SemrushBot-BA; +http://www.semrush.com/bot.html)"
85.208.98.23 - - [14/May/2025:01:02:20 +0000] "GET /robots.txt HTTP/1.1" 301 243 "-" "Mozilla/5.0 (compatible; SemrushBot-BA; +http://www.semrush.com/bot.html)"
85.208.98.23 - - [14/May/2025:01:03:28 +0000] "GET /robots.txt HTTP/1.1" 301 243 "-" "Mozilla/5.0 (compatible; SemrushBot-BA; +http://www.semrush.com/bot.html)"
85.208.98.23 - - [14/May/2025:01:03:29 +0000] "GET /robots.txt HTTP/1.1" 301 247 "-" "Mozilla/5.0 (compatible; SemrushBot-BA; +http://www.semrush.com/bot.html)"
40.77.167.56 - - [14/May/2025:01:04:05 +0000] "GET /business/bridgend.html HTTP/1.1" 301 255 "-" "Mozilla/5.0 AppleWebKit/537.36 (KHTML, like Gecko; compatible; bingbot/2.0; +http://www.bing.com/bingbot.htm) Chrome/116.0.1938.76 Safari/537.36"
85.208.98.23 - - [14/May/2025:01:06:49 +0000] "GET /robots.txt HTTP/1.1" 301 243 "-" "Mozilla/5.0 (compatible; SemrushBot-BA; +http://www.semrush.com/bot.html)"
85.208.98.23 - - [14/May/2025:01:06:49 +0000] "GET /robots.txt HTTP/1.1" 301 247 "-" "Mozilla/5.0 (compatible; SemrushBot-BA; +http://www.semrush.com/bot.html)"
85.208.98.23 - - [14/May/2025:01:07:27 +0000] "GET /robots.txt HTTP/1.1" 301 247 "-" "Mozilla/5.0 (compatible; SemrushBot-BA; +http://www.semrush.com/bot.html)"
85.208.98.23 - - [14/May/2025:01:07:27 +0000] "GET /robots.txt HTTP/1.1" 301 243 "-" "Mozilla/5.0 (compatible; SemrushBot-BA; +http://www.semrush.com/bot.html)"
121.159.85.116 - - [14/May/2025:01:10:31 +0000] "GET / HTTP/1.0" 301 233 "-" "curl/7.88.1"
85.208.98.23 - - [14/May/2025:01:12:27 +0000] "GET /robots.txt HTTP/1.1" 301 247 "-" "Mozilla/5.0 (compatible; SemrushBot-BA; +http://www.semrush.com/bot.html)"
85.208.98.23 - - [14/May/2025:01:12:27 +0000] "GET /robots.txt HTTP/1.1" 301 243 "-" "Mozilla/5.0 (compatible; SemrushBot-BA; +http://www.semrush.com/bot.html)"
148.251.121.91 - - [14/May/2025:01:12:55 +0000] "GET /robots.txt HTTP/1.1" 301 243 "-" "DomainStatsBot/1.0 (https://domainstats.com/pages/our-bot)"
148.251.121.91 - - [14/May/2025:01:12:55 +0000] "HEAD / HTTP/1.1" 301 - "-" "DomainStatsBot/1.0 (https://domainstats.com/pages/our-bot)"
195.3.221.137 - - [14/May/2025:01:16:18 +0000] "GET /goform/formJsonAjaxReq HTTP/1.1" 301 255 "-" "Mozilla/5.0 (Windows NT 10.0; Win64; x64) AppleWebKit/537.36 (KHTML, like Gecko) Chrome/131.0.6778.140 Safari/537.36"
85.208.98.23 - - [14/May/2025:01:17:03 +0000] "GET /robots.txt HTTP/1.1" 301 247 "-" "Mozilla/5.0 (compatible; SemrushBot-BA; +http://www.semrush.com/bot.html)"
85.208.98.23 - - [14/May/2025:01:17:50 +0000] "GET /robots.txt HTTP/1.1" 301 247 "-" "Mozilla/5.0 (compatible; SemrushBot-BA; +http://www.semrush.com/bot.html)"
85.208.98.23 - - [14/May/2025:01:17:50 +0000] "GET /robots.txt HTTP/1.1" 301 243 "-" "Mozilla/5.0 (compatible; SemrushBot-BA; +http://www.semrush.com/bot.html)"
85.208.98.23 - - [14/May/2025:01:19:08 +0000] "GET /robots.txt HTTP/1.1" 301 243 "-" "Mozilla/5.0 (compatible; SemrushBot-BA; +http://www.semrush.com/bot.html)"
85.208.98.23 - - [14/May/2025:01:19:08 +0000] "GET /robots.txt HTTP/1.1" 301 247 "-" "Mozilla/5.0 (compatible; SemrushBot-BA; +http://www.semrush.com/bot.html)"
85.208.98.23 - - [14/May/2025:01:19:24 +0000] "GET /robots.txt HTTP/1.1" 301 243 "-" "Mozilla/5.0 (compatible; SemrushBot-BA; +http://www.semrush.com/bot.html)"
85.208.98.23 - - [14/May/2025:01:21:05 +0000] "GET /robots.txt HTTP/1.1" 301 247 "-" "Mozilla/5.0 (compatible; SemrushBot-BA; +http://www.semrush.com/bot.html)"
85.208.98.23 - - [14/May/2025:01:23:20 +0000] "GET /robots.txt HTTP/1.1" 301 247 "-" "Mozilla/5.0 (compatible; SemrushBot-BA; +http://www.semrush.com/bot.html)"
85.208.98.23 - - [14/May/2025:01:23:20 +0000] "GET /robots.txt HTTP/1.1" 301 243 "-" "Mozilla/5.0 (compatible; SemrushBot-BA; +http://www.semrush.com/bot.html)"
85.208.98.23 - - [14/May/2025:01:27:32 +0000] "GET /robots.txt HTTP/1.1" 301 243 "-" "Mozilla/5.0 (compatible; SemrushBot-BA; +http://www.semrush.com/bot.html)"
80.82.77.202 - - [14/May/2025:01:28:17 +0000] "\x16\x03\x02\x01o\x01" 403 - "-" "-"
45.135.194.53 - - [14/May/2025:01:29:09 +0000] "GET / HTTP/1.1" 301 233 "-" "-"
85.208.98.23 - - [14/May/2025:01:30:10 +0000] "GET /robots.txt HTTP/1.1" 301 247 "-" "Mozilla/5.0 (compatible; SemrushBot-BA; +http://www.semrush.com/bot.html)"
85.208.98.23 - - [14/May/2025:01:30:10 +0000] "GET /robots.txt HTTP/1.1" 301 243 "-" "Mozilla/5.0 (compatible; SemrushBot-BA; +http://www.semrush.com/bot.html)"
85.208.98.23 - - [14/May/2025:01:32:29 +0000] "GET /robots.txt HTTP/1.1" 301 247 "-" "Mozilla/5.0 (compatible; SemrushBot-BA; +http://www.semrush.com/bot.html)"
85.208.98.23 - - [14/May/2025:01:36:23 +0000] "GET /robots.txt HTTP/1.1" 301 247 "-" "Mozilla/5.0 (compatible; SemrushBot-BA; +http://www.semrush.com/bot.html)"
85.208.98.23 - - [14/May/2025:01:36:34 +0000] "GET /robots.txt HTTP/1.1" 301 243 "-" "Mozilla/5.0 (compatible; SemrushBot-BA; +http://www.semrush.com/bot.html)"
85.208.98.23 - - [14/May/2025:01:36:34 +0000] "GET /robots.txt HTTP/1.1" 301 247 "-" "Mozilla/5.0 (compatible; SemrushBot-BA; +http://www.semrush.com/bot.html)"
85.208.98.23 - - [14/May/2025:01:38:21 +0000] "GET /robots.txt HTTP/1.1" 301 247 "-" "Mozilla/5.0 (compatible; SemrushBot-BA; +http://www.semrush.com/bot.html)"
85.208.98.23 - - [14/May/2025:01:38:37 +0000] "GET /robots.txt HTTP/1.1" 301 247 "-" "Mozilla/5.0 (compatible; SemrushBot-BA; +http://www.semrush.com/bot.html)"
85.208.98.23 - - [14/May/2025:01:38:37 +0000] "GET /robots.txt HTTP/1.1" 301 243 "-" "Mozilla/5.0 (compatible; SemrushBot-BA; +http://www.semrush.com/bot.html)"
216.244.66.197 - - [14/May/2025:01:38:50 +0000] "GET /robots.txt HTTP/1.1" 301 243 "-" "Mozilla/5.0 (compatible; DotBot/1.2; +https://opensiteexplorer.org/dotbot; help@moz.com)"
216.244.66.197 - - [14/May/2025:01:38:50 +0000] "GET /robots.txt HTTP/1.1" 301 247 "-" "Mozilla/5.0 (compatible; DotBot/1.2; +https://opensiteexplorer.org/dotbot; help@moz.com)"
57.141.0.20 - - [14/May/2025:01:43:54 +0000] "GET /pages/3507-charmed-bakehouse.html HTTP/1.1" 301 270 "-" "meta-externalagent/1.1 (+https://developers.facebook.com/docs/sharing/webmasters/crawler)"
85.208.98.23 - - [14/May/2025:01:45:33 +0000] "GET /robots.txt HTTP/1.1" 301 243 "-" "Mozilla/5.0 (compatible; SemrushBot-BA; +http://www.semrush.com/bot.html)"
85.208.98.23 - - [14/May/2025:01:45:33 +0000] "GET /robots.txt HTTP/1.1" 301 247 "-" "Mozilla/5.0 (compatible; SemrushBot-BA; +http://www.semrush.com/bot.html)"
85.208.98.23 - - [14/May/2025:01:45:58 +0000] "GET /robots.txt HTTP/1.1" 301 247 "-" "Mozilla/5.0 (compatible; SemrushBot-BA; +http://www.semrush.com/bot.html)"
85.208.98.23 - - [14/May/2025:01:51:53 +0000] "GET /robots.txt HTTP/1.1" 301 247 "-" "Mozilla/5.0 (compatible; SemrushBot-BA; +http://www.semrush.com/bot.html)"
196.18.159.80 - - [14/May/2025:01:52:02 +0000] "GET /pages/38794-grosvenor-billinghurst-woking-estate-agents.html HTTP/1.1" 301 297 "-" "Mozilla/5.0 (Macintosh; Intel Mac OS X 10_9_5) AppleWebKit/537.36 (KHTML, like Gecko) Chrome/64.0.3282.186 Safari/537.36"
85.208.98.23 - - [14/May/2025:01:52:07 +0000] "GET /robots.txt HTTP/1.1" 301 247 "-" "Mozilla/5.0 (compatible; SemrushBot-BA; +http://www.semrush.com/bot.html)"
85.208.98.23 - - [14/May/2025:01:53:56 +0000] "GET /robots.txt HTTP/1.1" 301 243 "-" "Mozilla/5.0 (compatible; SemrushBot-BA; +http://www.semrush.com/bot.html)"
85.208.98.23 - - [14/May/2025:01:53:56 +0000] "GET /robots.txt HTTP/1.1" 301 247 "-" "Mozilla/5.0 (compatible; SemrushBot-BA; +http://www.semrush.com/bot.html)"
78.153.140.93 - - [14/May/2025:02:01:36 +0000] "GET /.env HTTP/1.1" 301 234 "-" "Mozilla/5.0 (Windows NT 10.0; Win64; x64) AppleWebKit/537.36 (KHTML, like Gecko) Chrome/116.0.5845.140 Safari/537.36"
78.153.140.93 - - [14/May/2025:02:01:36 +0000] "POST / HTTP/1.1" 301 230 "-" "Mozilla/5.0 (Windows NT 10.0; Win64; x64) AppleWebKit/537.36 (KHTML, like Gecko) Chrome/116.0.5845.140 Safari/537.36"
85.208.98.23 - - [14/May/2025:02:01:43 +0000] "GET /robots.txt HTTP/1.1" 301 247 "-" "Mozilla/5.0 (compatible; SemrushBot-BA; +http://www.semrush.com/bot.html)"
85.208.98.23 - - [14/May/2025:02:06:37 +0000] "GET /robots.txt HTTP/1.1" 301 247 "-" "Mozilla/5.0 (compatible; SemrushBot-BA; +http://www.semrush.com/bot.html)"
85.208.98.23 - - [14/May/2025:02:06:37 +0000] "GET /robots.txt HTTP/1.1" 301 243 "-" "Mozilla/5.0 (compatible; SemrushBot-BA; +http://www.semrush.com/bot.html)"
85.208.98.23 - - [14/May/2025:02:07:26 +0000] "GET /robots.txt HTTP/1.1" 301 247 "-" "Mozilla/5.0 (compatible; SemrushBot-BA; +http://www.semrush.com/bot.html)"
147.185.133.79 - - [14/May/2025:02:08:23 +0000] "GET / HTTP/1.1" 301 233 "-" "Expanse, a Palo Alto Networks company, searches across the global IPv4 space multiple times per day to identify customers' presences on the Internet. If you would like to be excluded from our scans, please send IP addresses/domains to: scaninfo@paloaltonetworks.com"
147.185.133.79 - - [14/May/2025:02:08:23 +0000] "\x16\x03\x01" 403 - "-" "-"
147.185.133.79 - - [14/May/2025:02:08:24 +0000] "\x16\x03\x01" 403 - "-" "-"
85.208.98.23 - - [14/May/2025:02:09:00 +0000] "GET /robots.txt HTTP/1.1" 301 247 "-" "Mozilla/5.0 (compatible; SemrushBot-BA; +http://www.semrush.com/bot.html)"
85.208.98.23 - - [14/May/2025:02:09:00 +0000] "GET /robots.txt HTTP/1.1" 301 243 "-" "Mozilla/5.0 (compatible; SemrushBot-BA; +http://www.semrush.com/bot.html)"
85.208.98.23 - - [14/May/2025:02:09:15 +0000] "GET /robots.txt HTTP/1.1" 301 247 "-" "Mozilla/5.0 (compatible; SemrushBot-BA; +http://www.semrush.com/bot.html)"
154.81.156.54 - - [14/May/2025:02:09:24 +0000] "GET / HTTP/1.1" 301 233 "-" "curl/7.81.0"
85.208.98.23 - - [14/May/2025:02:11:14 +0000] "GET /robots.txt HTTP/1.1" 301 247 "-" "Mozilla/5.0 (compatible; SemrushBot-BA; +http://www.semrush.com/bot.html)"
85.208.98.23 - - [14/May/2025:02:13:25 +0000] "GET /robots.txt HTTP/1.1" 301 243 "-" "Mozilla/5.0 (compatible; SemrushBot-BA; +http://www.semrush.com/bot.html)"
85.208.98.23 - - [14/May/2025:02:13:25 +0000] "GET /robots.txt HTTP/1.1" 301 247 "-" "Mozilla/5.0 (compatible; SemrushBot-BA; +http://www.semrush.com/bot.html)"
185.180.141.57 - - [14/May/2025:02:15:12 +0000] "GET / HTTP/1.1" 301 237 "-" "Mozilla/5.0 (Windows NT 10.0; WOW64) AppleWebKit/537.36 (KHTML, like Gecko) Chrome/66.0.3359.117 Safari/537.36"
218.70.255.56 - - [14/May/2025:02:15:26 +0000] "GET /members/uploads/logo/1041.jpg HTTP/1.1" 301 266 "-" "Mozilla/5.0"
114.199.196.153 - - [14/May/2025:02:17:11 +0000] "GET / HTTP/1.0" 301 233 "-" "curl/7.88.1"
85.208.98.23 - - [14/May/2025:02:22:22 +0000] "GET /robots.txt HTTP/1.1" 301 247 "-" "Mozilla/5.0 (compatible; SemrushBot-BA; +http://www.semrush.com/bot.html)"
85.208.98.23 - - [14/May/2025:02:22:23 +0000] "GET /robots.txt HTTP/1.1" 301 243 "-" "Mozilla/5.0 (compatible; SemrushBot-BA; +http://www.semrush.com/bot.html)"
216.244.66.197 - - [14/May/2025:02:22:50 +0000] "GET /robots.txt HTTP/1.1" 301 243 "-" "Mozilla/5.0 (compatible; DotBot/1.2; +https://opensiteexplorer.org/dotbot; help@moz.com)"
216.244.66.197 - - [14/May/2025:02:22:50 +0000] "GET /robots.txt HTTP/1.1" 301 247 "-" "Mozilla/5.0 (compatible; DotBot/1.2; +https://opensiteexplorer.org/dotbot; help@moz.com)"
154.81.156.7 - - [14/May/2025:02:23:36 +0000] "GET / HTTP/1.1" 301 233 "-" "curl/7.81.0"
27.112.66.18 - - [14/May/2025:02:24:02 +0000] "GET /pages/63554-china-manufacturer-of-extension-springs-and-tension-springs.html HTTP/1.1" 301 313 "-" "Mozilla/5.0 (X11; Ubuntu; Linux i686; rv:114.0) Gecko/20100101 Firefox/114.0"
27.112.66.18 - - [14/May/2025:02:24:08 +0000] "GET /pages/63554-china-manufacturer-of-extension-springs-and-tension-springs.html HTTP/1.1" 301 313 "https://www.yellowleaf.co.uk/pages/63554-china-manufacturer-of-extension-springs-and-tension-springs.html" "Mozilla/5.0 (X11; Ubuntu; Linux i686; rv:114.0) Gecko/20100101 Firefox/114.0"
64.62.197.23 - - [14/May/2025:02:25:16 +0000] "GET / HTTP/1.1" 301 230 "-" "Mozilla/5.0 (Macintosh; Intel Mac OS X 10_15_7) AppleWebKit/605.1.15 (KHTML, like Gecko) Version/17.4.1 Safari/605.1.15"
64.62.197.30 - - [14/May/2025:02:26:51 +0000] "GET / HTTP/1.1" 301 230 "-" "Mozilla/5.0 (Windows NT 10.0; Win64; x64) AppleWebKit/537.36 (KHTML, like Gecko) Chrome/125.0.0.0 Safari/537.36 Edg/125.0.0.0"
185.218.84.178 - - [14/May/2025:02:26:59 +0000] "GET / HTTP/1.1" 301 230 "-" "Mozilla/5.0 (Windows NT 10.0; Win64; x64) AppleWebKit/537.36 (KHTML, like Gecko) Chrome/90.0.4430.85 Safari/537.36 Edg/90.0.818.46"
64.62.197.30 - - [14/May/2025:02:27:39 +0000] "GET /favicon.ico HTTP/1.1" 301 241 "-" "Mozilla/5.0 (Macintosh; Intel Mac OS X 10.15; rv:109.0) Gecko/20100101 Firefox/110.0"
64.62.197.20 - - [14/May/2025:02:28:15 +0000] "GET /geoserver/web/ HTTP/1.1" 301 244 "-" "Mozilla/5.0 (Macintosh; Intel Mac OS X 10_15_7) AppleWebKit/605.1.15 (KHTML, like Gecko) Version/17.4.1 Safari/605.1.15"
85.208.98.23 - - [14/May/2025:02:28:50 +0000] "GET /robots.txt HTTP/1.1" 301 247 "-" "Mozilla/5.0 (compatible; SemrushBot-BA; +http://www.semrush.com/bot.html)"
85.208.98.23 - - [14/May/2025:02:29:53 +0000] "GET /robots.txt HTTP/1.1" 301 243 "-" "Mozilla/5.0 (compatible; SemrushBot-BA; +http://www.semrush.com/bot.html)"
85.208.98.23 - - [14/May/2025:02:29:53 +0000] "GET /robots.txt HTTP/1.1" 301 247 "-" "Mozilla/5.0 (compatible; SemrushBot-BA; +http://www.semrush.com/bot.html)"
54.36.148.82 - - [14/May/2025:02:34:43 +0000] "GET /robots.txt HTTP/1.1" 301 247 "-" "Mozilla/5.0 (compatible; AhrefsBot/7.0; +http://ahrefs.com/robot/)"
43.157.38.131 - - [14/May/2025:02:38:47 +0000] "GET / HTTP/1.1" 301 237 "-" "Mozilla/5.0 (iPhone; CPU iPhone OS 13_2_3 like Mac OS X) AppleWebKit/605.1.15 (KHTML, like Gecko) Version/13.0.3 Mobile/15E148 Safari/604.1"
195.20.18.145 - - [14/May/2025:02:41:16 +0000] "GET /elfinder/php/connector.minimal.php HTTP/1.1" 301 267 "-" "ALittle Client"
66.249.79.134 - - [14/May/2025:02:43:11 +0000] "GET /ads.txt HTTP/1.1" 301 240 "-" "Mozilla/5.0 (compatible; Googlebot/2.1; +http://www.google.com/bot.html)"
85.208.98.23 - - [14/May/2025:02:45:12 +0000] "GET /robots.txt HTTP/1.1" 301 243 "-" "Mozilla/5.0 (compatible; SemrushBot-BA; +http://www.semrush.com/bot.html)"
85.208.98.23 - - [14/May/2025:02:45:12 +0000] "GET /robots.txt HTTP/1.1" 301 247 "-" "Mozilla/5.0 (compatible; SemrushBot-BA; +http://www.semrush.com/bot.html)"
40.124.174.245 - - [14/May/2025:02:46:07 +0000] "MGLNDD_51.89.169.208_80\n" 403 - "-" "-"
52.167.144.229 - - [14/May/2025:02:53:03 +0000] "GET /business/edinburgh.html?page=3 HTTP/1.1" 301 263 "-" "Mozilla/5.0 AppleWebKit/537.36 (KHTML, like Gecko; compatible; bingbot/2.0; +http://www.bing.com/bingbot.htm) Chrome/116.0.1938.76 Safari/537.36"
85.208.98.23 - - [14/May/2025:02:55:57 +0000] "GET /robots.txt HTTP/1.1" 301 247 "-" "Mozilla/5.0 (compatible; SemrushBot-BA; +http://www.semrush.com/bot.html)"
185.191.171.8 - - [14/May/2025:02:56:38 +0000] "GET /pages/53426-birmingham-window-and-door-repairs.html HTTP/1.1" 301 284 "-" "Mozilla/5.0 (compatible; SemrushBot/7~bl; +http://www.semrush.com/bot.html)"
185.218.86.4 - - [14/May/2025:03:00:07 +0000] "GET / HTTP/1.1" 301 230 "-" "Mozilla/5.0 (Windows NT 10.0; Win64; x64) AppleWebKit/537.36 (KHTML, like Gecko) Chrome/90.0.4430.85 Safari/537.36 Edg/90.0.818.46"
158.220.97.202 - - [14/May/2025:03:00:31 +0000] "GET /wp-includes/js/jquery/jquery.js HTTP/1.1" 301 264 "-" "-"

Youez - 2016 - github.com/yon3zu
LinuXploit