170.39.218.60 - - [13/May/2025:19:52:02 +0000] "GET / HTTP/1.1" 301 237 "-" "Mozilla/5.0 (Windows NT 10.0; Win64; x64) AppleWebKit/537.36 Chrome/121.0.0.0"
85.208.98.23 - - [13/May/2025:19:53:05 +0000] "GET /robots.txt HTTP/1.1" 301 247 "-" "Mozilla/5.0 (compatible; SemrushBot-BA; +http://www.semrush.com/bot.html)"
124.156.225.181 - - [13/May/2025:19:54:41 +0000] "GET / HTTP/1.1" 301 230 "-" "Mozilla/5.0 (iPhone; CPU iPhone OS 13_2_3 like Mac OS X) AppleWebKit/605.1.15 (KHTML, like Gecko) Version/13.0.3 Mobile/15E148 Safari/604.1"
103.109.103.43 - - [13/May/2025:19:57:07 +0000] "POST /?s=captcha&test=-1 HTTP/1.1" 301 255 "-" "Mozilla/5.0 (Windows NT 10.0; WOW64; rv:48.0) Gecko/20100101 Firefox/48.0"
85.208.98.23 - - [13/May/2025:20:00:38 +0000] "GET /robots.txt HTTP/1.1" 301 247 "-" "Mozilla/5.0 (compatible; SemrushBot-BA; +http://www.semrush.com/bot.html)"
85.208.98.23 - - [13/May/2025:20:00:39 +0000] "GET /robots.txt HTTP/1.1" 301 243 "-" "Mozilla/5.0 (compatible; SemrushBot-BA; +http://www.semrush.com/bot.html)"
66.56.86.13 - - [13/May/2025:20:00:44 +0000] "GET /VERM/VERM_AJAX_functions.php?function=log_custom_report&8QG2Q=DC6OF HTTP/1.1" 301 301 "-" "Mozilla/5.0 (X11; Linux x86_64; rv:1.9.7.20) Gecko/8833-03-16 05:58:30 Firefox/3.6.1"
66.56.86.13 - - [13/May/2025:20:00:45 +0000] "GET /VERM/VERM_AJAX_functions.php?function=log_custom_report&EJJ7X=ZDU3O HTTP/1.1" 301 301 "-" "Mozilla/5.0 (X11; Linux x86_64; rv:1.9.7.20) Gecko/8833-03-16 05:58:30 Firefox/3.6.1"
66.56.86.13 - - [13/May/2025:20:00:45 +0000] "GET /VERM/VERM_AJAX_functions.php?function=log_custom_report&UE1LF=Z5REB HTTP/1.1" 301 301 "-" "Mozilla/5.0 (X11; Linux x86_64; rv:1.9.7.20) Gecko/8833-03-16 05:58:30 Firefox/3.6.1"
66.56.86.13 - - [13/May/2025:20:00:45 +0000] "GET /VERM/VERM_AJAX_functions.php?function=log_custom_report&IN5TB=0OI1J HTTP/1.1" 301 301 "-" "Mozilla/5.0 (X11; Linux x86_64; rv:1.9.7.20) Gecko/8833-03-16 05:58:30 Firefox/3.6.1"
66.56.86.13 - - [13/May/2025:20:00:46 +0000] "GET /VERM/VERM_AJAX_functions.php?function=log_custom_report&YAZ3G=DS3MP HTTP/1.1" 301 301 "-" "Mozilla/5.0 (X11; Linux x86_64; rv:1.9.7.20) Gecko/8833-03-16 05:58:30 Firefox/3.6.1"
66.56.86.13 - - [13/May/2025:20:00:46 +0000] "GET /VERM/VERM_AJAX_functions.php?function=log_custom_report&1EE38=ONOD2 HTTP/1.1" 301 301 "-" "Mozilla/5.0 (X11; Linux x86_64; rv:1.9.7.20) Gecko/8833-03-16 05:58:30 Firefox/3.6.1"
141.98.11.82 - - [13/May/2025:20:01:15 +0000] "GET / HTTP/1.1" 301 230 "-" "Mozilla/5.0 (Windows NT 10.0; Win64; x64) AppleWebKit/537.36 (KHTML, like Gecko) Chrome/90.0.4430.85 Safari/537.36 Edg/90.0.818.46"
59.151.244.58 - - [13/May/2025:20:02:32 +0000] "GET / HTTP/1.0" 301 233 "-" "curl/7.88.1"
170.205.30.58 - - [13/May/2025:20:02:44 +0000] "GET /zwso.php HTTP/1.1" 301 241 "http://www.google.com" "Mozilla/5.0 (Linux; Android 7.0)"
69.171.230.14 - - [13/May/2025:20:09:24 +0000] "GET /robots.txt HTTP/1.1" 301 243 "-" "facebookexternalhit/1.1 (+http://www.facebook.com/externalhit_uatext.php)"
57.141.0.28 - - [13/May/2025:20:09:25 +0000] "GET /near-me/rug-cleanings/croydon-in-greater-london HTTP/1.1" 301 280 "-" "meta-externalagent/1.1 (+https://developers.facebook.com/docs/sharing/webmasters/crawler)"
85.208.98.23 - - [13/May/2025:20:18:56 +0000] "GET /robots.txt HTTP/1.1" 301 243 "-" "Mozilla/5.0 (compatible; SemrushBot-BA; +http://www.semrush.com/bot.html)"
85.208.98.23 - - [13/May/2025:20:18:56 +0000] "GET /robots.txt HTTP/1.1" 301 247 "-" "Mozilla/5.0 (compatible; SemrushBot-BA; +http://www.semrush.com/bot.html)"
85.208.98.23 - - [13/May/2025:20:19:42 +0000] "GET /robots.txt HTTP/1.1" 301 247 "-" "Mozilla/5.0 (compatible; SemrushBot-BA; +http://www.semrush.com/bot.html)"
85.208.98.23 - - [13/May/2025:20:21:35 +0000] "GET /robots.txt HTTP/1.1" 301 243 "-" "Mozilla/5.0 (compatible; SemrushBot-BA; +http://www.semrush.com/bot.html)"
85.208.98.23 - - [13/May/2025:20:25:01 +0000] "GET /robots.txt HTTP/1.1" 301 247 "-" "Mozilla/5.0 (compatible; SemrushBot-BA; +http://www.semrush.com/bot.html)"
85.208.98.23 - - [13/May/2025:20:26:30 +0000] "GET /robots.txt HTTP/1.1" 301 247 "-" "Mozilla/5.0 (compatible; SemrushBot-BA; +http://www.semrush.com/bot.html)"
85.208.98.23 - - [13/May/2025:20:26:30 +0000] "GET /robots.txt HTTP/1.1" 301 243 "-" "Mozilla/5.0 (compatible; SemrushBot-BA; +http://www.semrush.com/bot.html)"
216.244.66.197 - - [13/May/2025:20:29:55 +0000] "GET /robots.txt HTTP/1.1" 301 243 "-" "Mozilla/5.0 (compatible; DotBot/1.2; +https://opensiteexplorer.org/dotbot; help@moz.com)"
216.244.66.197 - - [13/May/2025:20:29:55 +0000] "GET /robots.txt HTTP/1.1" 301 247 "-" "Mozilla/5.0 (compatible; DotBot/1.2; +https://opensiteexplorer.org/dotbot; help@moz.com)"
85.208.98.23 - - [13/May/2025:20:30:02 +0000] "GET /robots.txt HTTP/1.1" 301 247 "-" "Mozilla/5.0 (compatible; SemrushBot-BA; +http://www.semrush.com/bot.html)"
139.162.251.127 - - [13/May/2025:20:32:18 +0000] "GET / HTTP/1.0" 301 217 "-" "-"
85.208.98.23 - - [13/May/2025:20:33:39 +0000] "GET /robots.txt HTTP/1.1" 301 247 "-" "Mozilla/5.0 (compatible; SemrushBot-BA; +http://www.semrush.com/bot.html)"
139.162.251.127 - - [13/May/2025:20:33:40 +0000] "GET / HTTP/1.1" 301 238 "-" "Mozilla/5.0 (X11; Linux x86_64) AppleWebKit/537.36 (KHTML"
139.162.251.127 - - [13/May/2025:20:33:41 +0000] "GET /favicon.ico HTTP/1.1" 301 249 "-" "Mozilla/5.0 (X11; Linux x86_64) AppleWebKit/537.36 (KHTML"
139.162.251.127 - - [13/May/2025:20:33:50 +0000] "\x16\x03\x01\x02" 403 - "-" "-"
139.162.251.127 - - [13/May/2025:20:34:02 +0000] "GET / HTTP/1.0" 301 217 "-" "-"
139.162.251.127 - - [13/May/2025:20:34:02 +0000] "GET / HTTP/1.1" 301 238 "-" "-"
85.208.98.23 - - [13/May/2025:20:34:26 +0000] "GET /robots.txt HTTP/1.1" 301 243 "-" "Mozilla/5.0 (compatible; SemrushBot-BA; +http://www.semrush.com/bot.html)"
85.208.98.23 - - [13/May/2025:20:34:26 +0000] "GET /robots.txt HTTP/1.1" 301 247 "-" "Mozilla/5.0 (compatible; SemrushBot-BA; +http://www.semrush.com/bot.html)"
85.208.98.23 - - [13/May/2025:20:36:34 +0000] "GET /robots.txt HTTP/1.1" 301 243 "-" "Mozilla/5.0 (compatible; SemrushBot-BA; +http://www.semrush.com/bot.html)"
85.208.98.23 - - [13/May/2025:20:36:34 +0000] "GET /robots.txt HTTP/1.1" 301 247 "-" "Mozilla/5.0 (compatible; SemrushBot-BA; +http://www.semrush.com/bot.html)"
20.29.47.111 - - [13/May/2025:20:38:43 +0000] "GET /developmentserver/metadatauploader HTTP/1.1" 301 264 "-" "Mozilla/5.0 zgrab/0.x"
85.208.98.23 - - [13/May/2025:20:40:29 +0000] "GET /robots.txt HTTP/1.1" 301 243 "-" "Mozilla/5.0 (compatible; SemrushBot-BA; +http://www.semrush.com/bot.html)"
85.208.98.23 - - [13/May/2025:20:40:30 +0000] "GET /robots.txt HTTP/1.1" 301 247 "-" "Mozilla/5.0 (compatible; SemrushBot-BA; +http://www.semrush.com/bot.html)"
85.208.98.23 - - [13/May/2025:20:40:45 +0000] "GET /robots.txt HTTP/1.1" 301 243 "-" "Mozilla/5.0 (compatible; SemrushBot-BA; +http://www.semrush.com/bot.html)"
85.208.98.23 - - [13/May/2025:20:40:47 +0000] "GET /robots.txt HTTP/1.1" 301 247 "-" "Mozilla/5.0 (compatible; SemrushBot-BA; +http://www.semrush.com/bot.html)"
45.145.118.185 - - [13/May/2025:20:41:50 +0000] "GET /pages/48434-basildon-window-and-door-repairs.html HTTP/1.1" 301 286 "-" "Mozilla/5.0 (Windows NT 10.0; Win64; x64) AppleWebKit/537.36 (KHTML, like Gecko) Chrome/114.0.0.0 Safari/537.36 Edg/114.0.1264.71"
85.208.98.23 - - [13/May/2025:20:42:08 +0000] "GET /robots.txt HTTP/1.1" 301 247 "-" "Mozilla/5.0 (compatible; SemrushBot-BA; +http://www.semrush.com/bot.html)"
85.208.98.23 - - [13/May/2025:20:42:09 +0000] "GET /robots.txt HTTP/1.1" 301 243 "-" "Mozilla/5.0 (compatible; SemrushBot-BA; +http://www.semrush.com/bot.html)"
154.81.156.54 - - [13/May/2025:20:44:13 +0000] "GET / HTTP/1.1" 301 233 "-" "curl/7.81.0"
85.208.98.16 - - [13/May/2025:20:44:18 +0000] "GET /pages/13335-silver-touch-technologies-uk-ltd.html HTTP/1.1" 301 286 "-" "Mozilla/5.0 (compatible; SemrushBot-BA; +http://www.semrush.com/bot.html)"
85.208.98.23 - - [13/May/2025:20:45:11 +0000] "GET /robots.txt HTTP/1.1" 301 247 "-" "Mozilla/5.0 (compatible; SemrushBot-BA; +http://www.semrush.com/bot.html)"
85.208.98.23 - - [13/May/2025:20:47:14 +0000] "GET /robots.txt HTTP/1.1" 301 247 "-" "Mozilla/5.0 (compatible; SemrushBot-BA; +http://www.semrush.com/bot.html)"
85.208.98.23 - - [13/May/2025:20:47:14 +0000] "GET /robots.txt HTTP/1.1" 301 243 "-" "Mozilla/5.0 (compatible; SemrushBot-BA; +http://www.semrush.com/bot.html)"
49.51.233.95 - - [13/May/2025:20:51:01 +0000] "GET / HTTP/1.1" 301 233 "-" "Mozilla/5.0 (iPhone; CPU iPhone OS 13_2_3 like Mac OS X) AppleWebKit/605.1.15 (KHTML, like Gecko) Version/13.0.3 Mobile/15E148 Safari/604.1"
85.208.98.23 - - [13/May/2025:20:51:59 +0000] "GET /robots.txt HTTP/1.1" 301 247 "-" "Mozilla/5.0 (compatible; SemrushBot-BA; +http://www.semrush.com/bot.html)"
85.208.98.23 - - [13/May/2025:20:51:59 +0000] "GET /robots.txt HTTP/1.1" 301 243 "-" "Mozilla/5.0 (compatible; SemrushBot-BA; +http://www.semrush.com/bot.html)"
212.8.248.108 - - [13/May/2025:20:53:08 +0000] "GET /pages/41675-stl-communications-ltd.html HTTP/1.0" 301 276 "-" "Mozilla/5.0 (Windows NT 10.0; Win64; x64) AppleWebKit/537.36 (KHTML, like Gecko) Chrome/118.0.0.0 Safari/537.36"
173.249.34.240 - - [13/May/2025:20:54:01 +0000] "GET /blog/wp-content/themes/hello_dolly_v2.php HTTP/1.1" 301 278 "www.google.com" "Mozilla/5.0 (Linux; Android 7.0; SM-G892A Build/NRD90M; wv) AppleWebKit/537.36 (KHTML, like Gecko) Version/4.0 Chrome/60.0.3112.107 Mobile Safari/537.36"
173.249.34.240 - - [13/May/2025:20:54:02 +0000] "GET /wordpress/wp-content/themes/include.php HTTP/1.1" 301 276 "www.google.com" "Mozilla/5.0 (Linux; Android 7.0; SM-G892A Build/NRD90M; wv) AppleWebKit/537.36 (KHTML, like Gecko) Version/4.0 Chrome/60.0.3112.107 Mobile Safari/537.36"
173.249.34.240 - - [13/May/2025:20:54:03 +0000] "GET /site/wp-content/plugins/WordPressCore/include.php HTTP/1.1" 301 286 "www.google.com" "Mozilla/5.0 (Linux; Android 7.0; SM-G892A Build/NRD90M; wv) AppleWebKit/537.36 (KHTML, like Gecko) Version/4.0 Chrome/60.0.3112.107 Mobile Safari/537.36"
66.249.79.134 - - [13/May/2025:20:55:55 +0000] "GET /robots.txt HTTP/1.1" 301 243 "-" "Mozilla/5.0 (compatible; Googlebot/2.1; +http://www.google.com/bot.html)"
66.249.79.133 - - [13/May/2025:20:55:56 +0000] "GET / HTTP/1.1" 301 233 "-" "Mozilla/5.0 (Linux; Android 6.0.1; Nexus 5X Build/MMB29P) AppleWebKit/537.36 (KHTML, like Gecko) Chrome/136.0.7103.59 Mobile Safari/537.36 (compatible; Googlebot/2.1; +http://www.google.com/bot.html)"
85.208.98.23 - - [13/May/2025:20:57:43 +0000] "GET /robots.txt HTTP/1.1" 301 243 "-" "Mozilla/5.0 (compatible; SemrushBot-BA; +http://www.semrush.com/bot.html)"
85.208.98.23 - - [13/May/2025:20:57:45 +0000] "GET /robots.txt HTTP/1.1" 301 247 "-" "Mozilla/5.0 (compatible; SemrushBot-BA; +http://www.semrush.com/bot.html)"
85.208.98.23 - - [13/May/2025:21:03:00 +0000] "GET /robots.txt HTTP/1.1" 301 247 "-" "Mozilla/5.0 (compatible; SemrushBot-BA; +http://www.semrush.com/bot.html)"
85.208.98.23 - - [13/May/2025:21:03:02 +0000] "GET /robots.txt HTTP/1.1" 301 243 "-" "Mozilla/5.0 (compatible; SemrushBot-BA; +http://www.semrush.com/bot.html)"
185.218.84.178 - - [13/May/2025:21:03:48 +0000] "GET / HTTP/1.1" 301 230 "-" "Mozilla/5.0 (Windows NT 10.0; Win64; x64) AppleWebKit/537.36 (KHTML, like Gecko) Chrome/90.0.4430.85 Safari/537.36 Edg/90.0.818.46"
114.119.130.23 - - [13/May/2025:21:04:40 +0000] "GET /pages/14471-all-counties-plastering.html HTTP/1.1" 301 273 "http://yellowleaf.co.uk/pages/14471-all-counties-plastering.html" "Mozilla/5.0 (Linux; Android 7.0;) AppleWebKit/537.36 (KHTML, like Gecko) Mobile Safari/537.36 (compatible; PetalBot;+https://webmaster.petalsearch.com/site/petalbot)"
154.81.156.35 - - [13/May/2025:21:04:44 +0000] "GET / HTTP/1.1" 301 233 "-" "curl/7.81.0"
114.119.141.206 - - [13/May/2025:21:05:43 +0000] "GET /members/edit_2.html?adid=487 HTTP/1.1" 301 265 "-" "Mozilla/5.0 (Linux; Android 7.0;) AppleWebKit/537.36 (KHTML, like Gecko) Mobile Safari/537.36 (compatible; PetalBot;+https://webmaster.petalsearch.com/site/petalbot)"
86.186.243.160 - - [13/May/2025:21:09:24 +0000] "GET / HTTP/1.0" 301 233 "-" "curl/7.88.1"
69.171.249.116 - - [13/May/2025:21:12:00 +0000] "GET /robots.txt HTTP/1.1" 301 243 "-" "facebookexternalhit/1.1 (+http://www.facebook.com/externalhit_uatext.php)"
57.141.0.17 - - [13/May/2025:21:12:21 +0000] "GET /near-me/locksmith-services/croydon-in-greater-london HTTP/1.1" 301 285 "-" "meta-externalagent/1.1 (+https://developers.facebook.com/docs/sharing/webmasters/crawler)"
85.208.98.23 - - [13/May/2025:21:13:26 +0000] "GET /robots.txt HTTP/1.1" 301 247 "-" "Mozilla/5.0 (compatible; SemrushBot-BA; +http://www.semrush.com/bot.html)"
85.208.98.23 - - [13/May/2025:21:13:26 +0000] "GET /robots.txt HTTP/1.1" 301 243 "-" "Mozilla/5.0 (compatible; SemrushBot-BA; +http://www.semrush.com/bot.html)"
85.208.98.23 - - [13/May/2025:21:13:57 +0000] "GET /robots.txt HTTP/1.1" 301 247 "-" "Mozilla/5.0 (compatible; SemrushBot-BA; +http://www.semrush.com/bot.html)"
216.244.66.197 - - [13/May/2025:21:14:12 +0000] "GET /robots.txt HTTP/1.1" 301 243 "-" "Mozilla/5.0 (compatible; DotBot/1.2; +https://opensiteexplorer.org/dotbot; help@moz.com)"
216.244.66.197 - - [13/May/2025:21:14:12 +0000] "GET /robots.txt HTTP/1.1" 301 247 "-" "Mozilla/5.0 (compatible; DotBot/1.2; +https://opensiteexplorer.org/dotbot; help@moz.com)"
85.208.98.23 - - [13/May/2025:21:16:21 +0000] "GET /robots.txt HTTP/1.1" 301 243 "-" "Mozilla/5.0 (compatible; SemrushBot-BA; +http://www.semrush.com/bot.html)"
85.208.98.31 - - [13/May/2025:21:16:42 +0000] "GET /pages/15367-ncc-home-learning.html HTTP/1.1" 301 271 "-" "Mozilla/5.0 (compatible; SemrushBot-BA; +http://www.semrush.com/bot.html)"
85.208.98.23 - - [13/May/2025:21:18:13 +0000] "GET /robots.txt HTTP/1.1" 301 243 "-" "Mozilla/5.0 (compatible; SemrushBot-BA; +http://www.semrush.com/bot.html)"
85.208.98.23 - - [13/May/2025:21:18:13 +0000] "GET /robots.txt HTTP/1.1" 301 247 "-" "Mozilla/5.0 (compatible; SemrushBot-BA; +http://www.semrush.com/bot.html)"
69.171.249.116 - - [13/May/2025:21:19:00 +0000] "GET /robots.txt HTTP/1.1" 301 243 "-" "facebookexternalhit/1.1 (+http://www.facebook.com/externalhit_uatext.php)"
57.141.0.12 - - [13/May/2025:21:19:10 +0000] "GET /near-me/locksmiths/croydon-in-greater-london HTTP/1.1" 301 277 "-" "meta-externalagent/1.1 (+https://developers.facebook.com/docs/sharing/webmasters/crawler)"
85.208.98.20 - - [13/May/2025:21:19:52 +0000] "GET /pages/9244-first-tunnels-limited.html HTTP/1.1" 301 274 "-" "Mozilla/5.0 (compatible; SemrushBot-BA; +http://www.semrush.com/bot.html)"
179.43.152.115 - - [13/May/2025:21:20:48 +0000] "\x16\x03\x01" 403 - "-" "-"
179.43.152.115 - - [13/May/2025:21:20:48 +0000] "GET / HTTP/1.1" 403 - "-" "-"
179.43.152.115 - - [13/May/2025:21:20:48 +0000] "GET / HTTP/1.1" 301 230 "-" "l9tcpid/v1.1.0"
179.43.152.115 - - [13/May/2025:21:20:48 +0000] "GET /.env HTTP/1.1" 301 234 "-" "l9explore/1.2.2"
179.43.152.115 - - [13/May/2025:21:20:48 +0000] "GET /.env.stage HTTP/1.1" 301 240 "-" "l9explore/1.2.2"
179.43.152.115 - - [13/May/2025:21:20:48 +0000] "GET /.env.testing HTTP/1.1" 301 242 "-" "l9explore/1.2.2"
179.43.152.115 - - [13/May/2025:21:20:48 +0000] "GET /backup/.git/config HTTP/1.1" 301 248 "-" "l9explore/1.2.2"
179.43.152.115 - - [13/May/2025:21:20:48 +0000] "GET /config.json HTTP/1.1" 301 241 "-" "l9explore/1.2.2"
179.43.152.115 - - [13/May/2025:21:20:48 +0000] "GET /.env.default HTTP/1.1" 301 242 "-" "l9explore/1.2.2"
179.43.152.115 - - [13/May/2025:21:20:48 +0000] "GET /.env_sample HTTP/1.1" 301 241 "-" "l9explore/1.2.2"
179.43.152.115 - - [13/May/2025:21:20:48 +0000] "GET /.env.testing.local HTTP/1.1" 301 248 "-" "l9explore/1.2.2"
179.43.152.115 - - [13/May/2025:21:20:48 +0000] "GET /.env.backup HTTP/1.1" 301 241 "-" "l9explore/1.2.2"
179.43.152.115 - - [13/May/2025:21:20:48 +0000] "GET /.env.prod HTTP/1.1" 301 239 "-" "l9explore/1.2.2"
179.43.152.115 - - [13/May/2025:21:20:48 +0000] "GET /.env.qa HTTP/1.1" 301 237 "-" "l9explore/1.2.2"
179.43.152.115 - - [13/May/2025:21:20:48 +0000] "GET /api/.env HTTP/1.1" 301 238 "-" "l9explore/1.2.2"
179.43.152.115 - - [13/May/2025:21:20:48 +0000] "GET /prod/.env HTTP/1.1" 301 239 "-" "l9explore/1.2.2"
179.43.152.115 - - [13/May/2025:21:20:48 +0000] "GET /.env.config HTTP/1.1" 301 241 "-" "l9explore/1.2.2"
179.43.152.115 - - [13/May/2025:21:20:48 +0000] "GET /settings/.env HTTP/1.1" 301 243 "-" "l9explore/1.2.2"
179.43.152.115 - - [13/May/2025:21:20:49 +0000] "GET /api/.git/config HTTP/1.1" 301 245 "-" "l9explore/1.2.2"
179.43.152.115 - - [13/May/2025:21:20:49 +0000] "GET /config/.git/config HTTP/1.1" 301 248 "-" "l9explore/1.2.2"
179.43.152.115 - - [13/May/2025:21:20:49 +0000] "GET /docker-compose.prod.yml HTTP/1.1" 301 253 "-" "l9explore/1.2.2"
179.43.152.115 - - [13/May/2025:21:20:49 +0000] "GET /.env.development.local HTTP/1.1" 301 252 "-" "l9explore/1.2.2"
179.43.152.115 - - [13/May/2025:21:20:49 +0000] "GET /.env.uat HTTP/1.1" 301 238 "-" "l9explore/1.2.2"
179.43.152.115 - - [13/May/2025:21:20:49 +0000] "GET /media../.git/config HTTP/1.1" 301 249 "-" "l9explore/1.2.2"
179.43.152.115 - - [13/May/2025:21:20:49 +0000] "GET /src/.git/config HTTP/1.1" 301 245 "-" "l9explore/1.2.2"
179.43.152.115 - - [13/May/2025:21:20:49 +0000] "GET /admin/.git/config HTTP/1.1" 301 247 "-" "l9explore/1.2.2"
179.43.152.115 - - [13/May/2025:21:20:49 +0000] "GET /www/.git/config HTTP/1.1" 301 245 "-" "l9explore/1.2.2"
179.43.152.115 - - [13/May/2025:21:20:49 +0000] "GET /.envrc HTTP/1.1" 301 236 "-" "l9explore/1.2.2"
179.43.152.115 - - [13/May/2025:21:20:49 +0000] "GET /config/.env HTTP/1.1" 301 241 "-" "l9explore/1.2.2"
179.43.152.115 - - [13/May/2025:21:20:49 +0000] "GET /assets../.git/config HTTP/1.1" 301 250 "-" "l9explore/1.2.2"
179.43.152.115 - - [13/May/2025:21:20:49 +0000] "GET /cms/.git/config HTTP/1.1" 301 245 "-" "l9explore/1.2.2"
179.43.152.115 - - [13/May/2025:21:20:49 +0000] "GET /public/.git/config HTTP/1.1" 301 248 "-" "l9explore/1.2.2"
179.43.152.115 - - [13/May/2025:21:20:49 +0000] "GET /dev/.git/config HTTP/1.1" 301 245 "-" "l9explore/1.2.2"
179.43.152.115 - - [13/May/2025:21:20:49 +0000] "GET /.env.local HTTP/1.1" 301 240 "-" "l9explore/1.2.2"
179.43.152.115 - - [13/May/2025:21:20:49 +0000] "GET /.env.save HTTP/1.1" 301 239 "-" "l9explore/1.2.2"
179.43.152.115 - - [13/May/2025:21:20:49 +0000] "GET /configuration/.env HTTP/1.1" 301 248 "-" "l9explore/1.2.2"
179.43.152.115 - - [13/May/2025:21:20:49 +0000] "GET /app/.git/config HTTP/1.1" 301 245 "-" "l9explore/1.2.2"
179.43.152.115 - - [13/May/2025:21:20:49 +0000] "GET /.env.live HTTP/1.1" 301 239 "-" "l9explore/1.2.2"
179.43.152.115 - - [13/May/2025:21:20:49 +0000] "GET /.env.production.local HTTP/1.1" 301 251 "-" "l9explore/1.2.2"
179.43.152.115 - - [13/May/2025:21:20:49 +0000] "GET /.env.sandbox HTTP/1.1" 301 242 "-" "l9explore/1.2.2"
179.43.152.115 - - [13/May/2025:21:20:49 +0000] "GET /.env.preprod HTTP/1.1" 301 242 "-" "l9explore/1.2.2"
179.43.152.115 - - [13/May/2025:21:20:49 +0000] "GET /.env.test HTTP/1.1" 301 239 "-" "l9explore/1.2.2"
179.43.152.115 - - [13/May/2025:21:20:50 +0000] "GET /project/.git/config HTTP/1.1" 301 249 "-" "l9explore/1.2.2"
179.43.152.115 - - [13/May/2025:21:20:50 +0000] "GET /.aws/credentials HTTP/1.1" 301 246 "-" "l9explore/1.2.2"
179.43.152.115 - - [13/May/2025:21:20:50 +0000] "GET /.env.prod.local HTTP/1.1" 301 245 "-" "l9explore/1.2.2"
179.43.152.115 - - [13/May/2025:21:20:50 +0000] "GET /.env.production HTTP/1.1" 301 245 "-" "l9explore/1.2.2"
179.43.152.115 - - [13/May/2025:21:20:50 +0000] "GET /data/.git/config HTTP/1.1" 301 246 "-" "l9explore/1.2.2"
179.43.152.115 - - [13/May/2025:21:20:50 +0000] "GET /.git/config HTTP/1.1" 301 241 "-" "l9explore/1.2.2"
179.43.152.115 - - [13/May/2025:21:20:50 +0000] "GET /.env.dev HTTP/1.1" 301 238 "-" "l9explore/1.2.2"
179.43.152.115 - - [13/May/2025:21:20:50 +0000] "GET /.env.dev.local HTTP/1.1" 301 244 "-" "l9explore/1.2.2"
179.43.152.115 - - [13/May/2025:21:20:50 +0000] "GET /.env.dist HTTP/1.1" 301 239 "-" "l9explore/1.2.2"
179.43.152.115 - - [13/May/2025:21:20:50 +0000] "GET /.env.secret HTTP/1.1" 301 241 "-" "l9explore/1.2.2"
179.43.152.115 - - [13/May/2025:21:20:50 +0000] "GET /core/.git/config HTTP/1.1" 301 246 "-" "l9explore/1.2.2"
179.43.152.115 - - [13/May/2025:21:20:50 +0000] "GET /server/.git/config HTTP/1.1" 301 248 "-" "l9explore/1.2.2"
179.43.152.115 - - [13/May/2025:21:20:50 +0000] "GET /static../.git/config HTTP/1.1" 301 250 "-" "l9explore/1.2.2"
179.43.152.115 - - [13/May/2025:21:20:50 +0000] "GET /media/.git/config HTTP/1.1" 301 247 "-" "l9explore/1.2.2"
179.43.152.115 - - [13/May/2025:21:20:50 +0000] "GET /.env.ci HTTP/1.1" 301 237 "-" "l9explore/1.2.2"
179.43.152.115 - - [13/May/2025:21:20:50 +0000] "GET /.env.staging.local HTTP/1.1" 301 248 "-" "l9explore/1.2.2"
179.43.152.115 - - [13/May/2025:21:20:50 +0000] "GET /build/.env HTTP/1.1" 301 240 "-" "l9explore/1.2.2"
179.43.152.115 - - [13/May/2025:21:20:50 +0000] "GET /.env.template HTTP/1.1" 301 243 "-" "l9explore/1.2.2"
179.43.152.115 - - [13/May/2025:21:20:50 +0000] "GET /files/.git/config HTTP/1.1" 301 247 "-" "l9explore/1.2.2"
179.43.152.115 - - [13/May/2025:21:20:50 +0000] "GET /.env.bak HTTP/1.1" 301 238 "-" "l9explore/1.2.2"
85.208.98.23 - - [13/May/2025:21:22:25 +0000] "GET /robots.txt HTTP/1.1" 301 243 "-" "Mozilla/5.0 (compatible; SemrushBot-BA; +http://www.semrush.com/bot.html)"
85.208.98.23 - - [13/May/2025:21:22:28 +0000] "GET /robots.txt HTTP/1.1" 301 247 "-" "Mozilla/5.0 (compatible; SemrushBot-BA; +http://www.semrush.com/bot.html)"
80.82.77.202 - - [13/May/2025:21:23:10 +0000] "GET / HTTP/1.0" 301 217 "-" "Mozilla/5.0 (Macintosh; Intel Mac OS X 10_14_2) AppleWebKit/537.36 (KHTML, like Gecko) Chrome/75.0.3770.142 Safari/537.36"
85.208.98.23 - - [13/May/2025:21:26:41 +0000] "GET /robots.txt HTTP/1.1" 301 247 "-" "Mozilla/5.0 (compatible; SemrushBot-BA; +http://www.semrush.com/bot.html)"
69.171.249.116 - - [13/May/2025:21:33:26 +0000] "GET /robots.txt HTTP/1.1" 301 243 "-" "facebookexternalhit/1.1 (+http://www.facebook.com/externalhit_uatext.php)"
57.141.0.7 - - [13/May/2025:21:33:48 +0000] "GET /pages/43580-lardner-locksmiths.html HTTP/1.1" 301 268 "-" "meta-externalagent/1.1 (+https://developers.facebook.com/docs/sharing/webmasters/crawler)"
185.218.86.4 - - [13/May/2025:21:39:14 +0000] "GET / HTTP/1.1" 301 230 "-" "Mozilla/5.0 (Windows NT 10.0; Win64; x64) AppleWebKit/537.36 (KHTML, like Gecko) Chrome/90.0.4430.85 Safari/537.36 Edg/90.0.818.46"
91.238.181.92 - - [13/May/2025:21:39:31 +0000] "\x03" 403 - "-" "-"
85.208.98.23 - - [13/May/2025:21:41:09 +0000] "GET /robots.txt HTTP/1.1" 301 247 "-" "Mozilla/5.0 (compatible; SemrushBot-BA; +http://www.semrush.com/bot.html)"
34.127.29.78 - - [13/May/2025:21:43:08 +0000] "GET /business/highland.html HTTP/1.1" 301 259 "-" "Mozilla/5.0 (Windows NT 10.0; Win64; x64) AppleWebKit/537.36 (KHTML, like Gecko) Chrome/123.0.0.0 Safari/537.36"
85.208.98.23 - - [13/May/2025:21:45:54 +0000] "GET /robots.txt HTTP/1.1" 301 247 "-" "Mozilla/5.0 (compatible; SemrushBot-BA; +http://www.semrush.com/bot.html)"
85.208.98.23 - - [13/May/2025:21:49:06 +0000] "GET /robots.txt HTTP/1.1" 301 247 "-" "Mozilla/5.0 (compatible; SemrushBot-BA; +http://www.semrush.com/bot.html)"
85.208.98.23 - - [13/May/2025:21:49:26 +0000] "GET /robots.txt HTTP/1.1" 301 247 "-" "Mozilla/5.0 (compatible; SemrushBot-BA; +http://www.semrush.com/bot.html)"
69.171.249.9 - - [13/May/2025:21:51:23 +0000] "GET /robots.txt HTTP/1.1" 301 243 "-" "facebookexternalhit/1.1 (+http://www.facebook.com/externalhit_uatext.php)"
57.141.0.5 - - [13/May/2025:21:51:30 +0000] "GET /near-me/end-of-tenancy-cleanings/wandsworth-in-greater-london HTTP/1.1" 301 294 "-" "meta-externalagent/1.1 (+https://developers.facebook.com/docs/sharing/webmasters/crawler)"
185.191.171.2 - - [13/May/2025:21:54:25 +0000] "GET /pages/48523-braintree-window-and-door-repairs.html HTTP/1.1" 301 287 "-" "Mozilla/5.0 (compatible; SemrushBot/7~bl; +http://www.semrush.com/bot.html)"
154.81.156.54 - - [13/May/2025:21:57:13 +0000] "GET / HTTP/1.1" 301 233 "-" "curl/7.81.0"
216.244.66.197 - - [13/May/2025:21:57:34 +0000] "GET /robots.txt HTTP/1.1" 301 243 "-" "Mozilla/5.0 (compatible; DotBot/1.2; +https://opensiteexplorer.org/dotbot; help@moz.com)"
216.244.66.197 - - [13/May/2025:21:57:34 +0000] "GET /robots.txt HTTP/1.1" 301 247 "-" "Mozilla/5.0 (compatible; DotBot/1.2; +https://opensiteexplorer.org/dotbot; help@moz.com)"
65.21.52.41 - - [13/May/2025:21:59:37 +0000] "GET /pages/36011-frequent-finance.html HTTP/1.0" 301 270 "-" "Mozilla/5.0 (X11; Ubuntu; Linux x86_64; rv:114.0) Gecko/20100101 Firefox/114.0"
65.21.52.41 - - [13/May/2025:21:59:39 +0000] "GET /pages/36011-frequent-finance.html HTTP/1.0" 301 270 "https://www.yellowleaf.co.uk/pages/36011-frequent-finance.html" "Mozilla/5.0 (X11; Ubuntu; Linux x86_64; rv:114.0) Gecko/20100101 Firefox/114.0"
69.171.249.7 - - [13/May/2025:22:02:45 +0000] "GET /robots.txt HTTP/1.1" 301 243 "-" "facebookexternalhit/1.1 (+http://www.facebook.com/externalhit_uatext.php)"
57.141.0.27 - - [13/May/2025:22:03:08 +0000] "GET /pages/43635-speakers-corner-ltd.html HTTP/1.1" 301 269 "-" "meta-externalagent/1.1 (+https://developers.facebook.com/docs/sharing/webmasters/crawler)"
154.81.156.7 - - [13/May/2025:22:03:33 +0000] "GET / HTTP/1.1" 301 233 "-" "curl/7.81.0"
85.208.98.23 - - [13/May/2025:22:06:53 +0000] "GET /robots.txt HTTP/1.1" 301 243 "-" "Mozilla/5.0 (compatible; SemrushBot-BA; +http://www.semrush.com/bot.html)"
85.208.98.23 - - [13/May/2025:22:06:53 +0000] "GET /robots.txt HTTP/1.1" 301 247 "-" "Mozilla/5.0 (compatible; SemrushBot-BA; +http://www.semrush.com/bot.html)"
85.208.98.23 - - [13/May/2025:22:07:12 +0000] "GET /robots.txt HTTP/1.1" 301 247 "-" "Mozilla/5.0 (compatible; SemrushBot-BA; +http://www.semrush.com/bot.html)"
85.208.98.23 - - [13/May/2025:22:07:19 +0000] "GET /robots.txt HTTP/1.1" 301 247 "-" "Mozilla/5.0 (compatible; SemrushBot-BA; +http://www.semrush.com/bot.html)"
85.208.98.23 - - [13/May/2025:22:07:32 +0000] "GET /robots.txt HTTP/1.1" 301 247 "-" "Mozilla/5.0 (compatible; SemrushBot-BA; +http://www.semrush.com/bot.html)"
85.208.98.23 - - [13/May/2025:22:07:55 +0000] "GET /robots.txt HTTP/1.1" 301 243 "-" "Mozilla/5.0 (compatible; SemrushBot-BA; +http://www.semrush.com/bot.html)"
85.208.98.23 - - [13/May/2025:22:07:55 +0000] "GET /robots.txt HTTP/1.1" 301 247 "-" "Mozilla/5.0 (compatible; SemrushBot-BA; +http://www.semrush.com/bot.html)"
85.208.98.23 - - [13/May/2025:22:10:32 +0000] "GET /robots.txt HTTP/1.1" 301 247 "-" "Mozilla/5.0 (compatible; SemrushBot-BA; +http://www.semrush.com/bot.html)"
85.208.98.23 - - [13/May/2025:22:10:32 +0000] "GET /robots.txt HTTP/1.1" 301 243 "-" "Mozilla/5.0 (compatible; SemrushBot-BA; +http://www.semrush.com/bot.html)"
149.71.56.164 - - [13/May/2025:22:13:21 +0000] "GET /pages/28999-7-seater-car-hire.html HTTP/1.1" 301 271 "-" "Mozilla/5.0 (X11; Linux i686) AppleWebKit/537.36 (KHTML, like Gecko) Chrome/114.0.0.0 Safari/537.36 Vivaldi/5.3.2679.68"
85.208.98.18 - - [13/May/2025:22:15:12 +0000] "GET /robots.txt HTTP/1.1" 301 247 "-" "Mozilla/5.0 (compatible; SemrushBot; +http://www.semrush.com/bot.html)"
85.208.98.23 - - [13/May/2025:22:16:04 +0000] "GET /robots.txt HTTP/1.1" 301 243 "-" "Mozilla/5.0 (compatible; SemrushBot-BA; +http://www.semrush.com/bot.html)"
85.208.98.23 - - [13/May/2025:22:16:04 +0000] "GET /robots.txt HTTP/1.1" 301 247 "-" "Mozilla/5.0 (compatible; SemrushBot-BA; +http://www.semrush.com/bot.html)"
89.248.172.30 - - [13/May/2025:22:18:20 +0000] "\x03" 403 - "-" "-"
69.171.249.112 - - [13/May/2025:22:18:28 +0000] "GET /robots.txt HTTP/1.1" 301 243 "-" "facebookexternalhit/1.1 (+http://www.facebook.com/externalhit_uatext.php)"
57.141.0.23 - - [13/May/2025:22:19:34 +0000] "GET /pages/43618-carpet-bright-uk.html HTTP/1.1" 301 266 "-" "meta-externalagent/1.1 (+https://developers.facebook.com/docs/sharing/webmasters/crawler)"
45.156.128.107 - - [13/May/2025:22:19:42 +0000] "GET / HTTP/1.1" 301 237 "-" "Mozilla/5.0 (Windows NT 10.0; Win64; x64) AppleWebKit/537.36 (KHTML, like Gecko) Chrome/60.0.3112.113 Safari/537.36"
45.156.128.108 - - [13/May/2025:22:19:42 +0000] "GET /aspera/faspex/ HTTP/1.1" 301 251 "-" "Mozilla/5.0 (Windows NT 10.0; Win64; x64) AppleWebKit/537.36 (KHTML, like Gecko) Chrome/60.0.3112.113 Safari/537.36"
45.156.128.106 - - [13/May/2025:22:19:42 +0000] "GET / HTTP/1.1" 301 237 "-" "Mozilla/5.0 (Windows NT 10.0; Win64; x64) AppleWebKit/537.36 (KHTML, like Gecko) Chrome/60.0.3112.113 Safari/537.36"
43.134.69.123 - - [13/May/2025:22:19:45 +0000] "GET / HTTP/1.1" 301 237 "https://google.com" "Mozilla/5.0 (Windows NT 10.0; Win64; x64) AppleWebKit/537.36 (KHTML, like Gecko) Chrome/116.0.0.0 Safari/537.36"
45.156.128.106 - - [13/May/2025:22:20:10 +0000] "GET /license.txt HTTP/1.1" 301 248 "-" "Mozilla/5.0 (Windows NT 10.0; Win64; x64) AppleWebKit/537.36 (KHTML, like Gecko) Chrome/60.0.3112.113 Safari/537.36"
45.156.128.108 - - [13/May/2025:22:20:43 +0000] "GET /wp-json HTTP/1.1" 301 244 "-" "Mozilla/5.0 (Windows NT 10.0; Win64; x64) AppleWebKit/537.36 (KHTML, like Gecko) Chrome/60.0.3112.113 Safari/537.36"
85.208.98.19 - - [13/May/2025:22:20:44 +0000] "GET /pages/11824-happy-beds.html HTTP/1.1" 301 264 "-" "Mozilla/5.0 (compatible; SemrushBot-BA; +http://www.semrush.com/bot.html)"
45.156.128.106 - - [13/May/2025:22:21:10 +0000] "GET /favicon.ico HTTP/1.1" 301 248 "-" "Mozilla/5.0 (Windows NT 10.0; WOW64) AppleWebKit/537.36 (KHTML, like Gecko) Chrome/66.0.3359.117 Safari/537.36"
85.208.98.23 - - [13/May/2025:22:21:11 +0000] "GET /robots.txt HTTP/1.1" 301 243 "-" "Mozilla/5.0 (compatible; SemrushBot-BA; +http://www.semrush.com/bot.html)"
80.82.65.75 - - [13/May/2025:22:22:36 +0000] "\x03" 403 - "-" "-"
85.208.98.23 - - [13/May/2025:22:22:51 +0000] "GET /robots.txt HTTP/1.1" 301 247 "-" "Mozilla/5.0 (compatible; SemrushBot-BA; +http://www.semrush.com/bot.html)"
85.208.98.23 - - [13/May/2025:22:22:55 +0000] "GET /robots.txt HTTP/1.1" 301 243 "-" "Mozilla/5.0 (compatible; SemrushBot-BA; +http://www.semrush.com/bot.html)"
85.208.98.23 - - [13/May/2025:22:23:53 +0000] "GET /robots.txt HTTP/1.1" 301 247 "-" "Mozilla/5.0 (compatible; SemrushBot-BA; +http://www.semrush.com/bot.html)"
85.208.98.23 - - [13/May/2025:22:23:54 +0000] "GET /robots.txt HTTP/1.1" 301 243 "-" "Mozilla/5.0 (compatible; SemrushBot-BA; +http://www.semrush.com/bot.html)"
85.208.98.23 - - [13/May/2025:22:25:49 +0000] "GET /robots.txt HTTP/1.1" 301 247 "-" "Mozilla/5.0 (compatible; SemrushBot-BA; +http://www.semrush.com/bot.html)"
85.208.98.23 - - [13/May/2025:22:25:49 +0000] "GET /robots.txt HTTP/1.1" 301 247 "-" "Mozilla/5.0 (compatible; SemrushBot-BA; +http://www.semrush.com/bot.html)"
85.208.98.23 - - [13/May/2025:22:25:49 +0000] "GET /robots.txt HTTP/1.1" 301 243 "-" "Mozilla/5.0 (compatible; SemrushBot-BA; +http://www.semrush.com/bot.html)"
85.208.98.23 - - [13/May/2025:22:27:06 +0000] "GET /robots.txt HTTP/1.1" 301 243 "-" "Mozilla/5.0 (compatible; SemrushBot-BA; +http://www.semrush.com/bot.html)"
85.208.98.23 - - [13/May/2025:22:27:06 +0000] "GET /robots.txt HTTP/1.1" 301 247 "-" "Mozilla/5.0 (compatible; SemrushBot-BA; +http://www.semrush.com/bot.html)"
85.208.98.23 - - [13/May/2025:22:31:42 +0000] "GET /robots.txt HTTP/1.1" 301 243 "-" "Mozilla/5.0 (compatible; SemrushBot-BA; +http://www.semrush.com/bot.html)"
85.208.98.23 - - [13/May/2025:22:31:42 +0000] "GET /robots.txt HTTP/1.1" 301 247 "-" "Mozilla/5.0 (compatible; SemrushBot-BA; +http://www.semrush.com/bot.html)"
85.208.98.20 - - [13/May/2025:22:32:32 +0000] "GET /pages/9626-seo-nuts.html HTTP/1.1" 301 261 "-" "Mozilla/5.0 (compatible; SemrushBot-BA; +http://www.semrush.com/bot.html)"
69.171.249.115 - - [13/May/2025:22:35:29 +0000] "GET /robots.txt HTTP/1.1" 301 243 "-" "facebookexternalhit/1.1 (+http://www.facebook.com/externalhit_uatext.php)"
57.141.0.30 - - [13/May/2025:22:35:54 +0000] "GET /business/west-sussex.html HTTP/1.1" 301 258 "-" "meta-externalagent/1.1 (+https://developers.facebook.com/docs/sharing/webmasters/crawler)"
205.210.31.45 - - [13/May/2025:22:38:43 +0000] "GET / HTTP/1.0" 301 217 "-" "Expanse, a Palo Alto Networks company, searches across the global IPv4 space multiple times per day to identify customers' presences on the Internet. If you would like to be excluded from our scans, please send IP addresses/domains to: scaninfo@paloaltonetworks.com"
85.208.98.23 - - [13/May/2025:22:40:31 +0000] "GET /robots.txt HTTP/1.1" 301 243 "-" "Mozilla/5.0 (compatible; SemrushBot-BA; +http://www.semrush.com/bot.html)"
85.208.98.23 - - [13/May/2025:22:40:32 +0000] "GET /robots.txt HTTP/1.1" 301 247 "-" "Mozilla/5.0 (compatible; SemrushBot-BA; +http://www.semrush.com/bot.html)"
114.119.154.81 - - [13/May/2025:22:40:35 +0000] "GET /members/edit_2.html?adid=3565 HTTP/1.1" 301 266 "http://www.yellowleaf.co.uk/pages/3565-garage-door-restore.html" "Mozilla/5.0 (Linux; Android 7.0;) AppleWebKit/537.36 (KHTML, like Gecko) Mobile Safari/537.36 (compatible; PetalBot;+https://webmaster.petalsearch.com/site/petalbot)"
216.244.66.197 - - [13/May/2025:22:42:52 +0000] "GET /robots.txt HTTP/1.1" 301 243 "-" "Mozilla/5.0 (compatible; DotBot/1.2; +https://opensiteexplorer.org/dotbot; help@moz.com)"
216.244.66.197 - - [13/May/2025:22:42:53 +0000] "GET /robots.txt HTTP/1.1" 301 247 "-" "Mozilla/5.0 (compatible; DotBot/1.2; +https://opensiteexplorer.org/dotbot; help@moz.com)"
85.208.98.23 - - [13/May/2025:22:46:48 +0000] "GET /robots.txt HTTP/1.1" 301 247 "-" "Mozilla/5.0 (compatible; SemrushBot-BA; +http://www.semrush.com/bot.html)"
85.208.98.23 - - [13/May/2025:22:46:48 +0000] "GET /robots.txt HTTP/1.1" 301 243 "-" "Mozilla/5.0 (compatible; SemrushBot-BA; +http://www.semrush.com/bot.html)"
85.208.98.23 - - [13/May/2025:22:51:01 +0000] "GET /robots.txt HTTP/1.1" 301 247 "-" "Mozilla/5.0 (compatible; SemrushBot-BA; +http://www.semrush.com/bot.html)"
49.142.2.52 - - [13/May/2025:22:52:36 +0000] "GET / HTTP/1.0" 301 233 "-" "curl/7.88.1"
85.208.98.23 - - [13/May/2025:22:55:10 +0000] "GET /robots.txt HTTP/1.1" 301 247 "-" "Mozilla/5.0 (compatible; SemrushBot-BA; +http://www.semrush.com/bot.html)"
85.208.98.23 - - [13/May/2025:22:56:15 +0000] "GET /robots.txt HTTP/1.1" 301 247 "-" "Mozilla/5.0 (compatible; SemrushBot-BA; +http://www.semrush.com/bot.html)"
85.208.98.23 - - [13/May/2025:22:57:07 +0000] "GET /robots.txt HTTP/1.1" 301 247 "-" "Mozilla/5.0 (compatible; SemrushBot-BA; +http://www.semrush.com/bot.html)"
85.208.98.23 - - [13/May/2025:22:57:07 +0000] "GET /robots.txt HTTP/1.1" 301 243 "-" "Mozilla/5.0 (compatible; SemrushBot-BA; +http://www.semrush.com/bot.html)"
85.208.98.23 - - [13/May/2025:22:58:39 +0000] "GET /robots.txt HTTP/1.1" 301 247 "-" "Mozilla/5.0 (compatible; SemrushBot-BA; +http://www.semrush.com/bot.html)"
85.208.98.23 - - [13/May/2025:22:58:39 +0000] "GET /robots.txt HTTP/1.1" 301 243 "-" "Mozilla/5.0 (compatible; SemrushBot-BA; +http://www.semrush.com/bot.html)"
85.208.98.23 - - [13/May/2025:23:00:26 +0000] "GET /robots.txt HTTP/1.1" 301 247 "-" "Mozilla/5.0 (compatible; SemrushBot-BA; +http://www.semrush.com/bot.html)"
85.208.98.23 - - [13/May/2025:23:00:26 +0000] "GET /robots.txt HTTP/1.1" 301 243 "-" "Mozilla/5.0 (compatible; SemrushBot-BA; +http://www.semrush.com/bot.html)"
69.171.249.15 - - [13/May/2025:23:00:43 +0000] "GET /robots.txt HTTP/1.1" 301 243 "-" "facebookexternalhit/1.1 (+http://www.facebook.com/externalhit_uatext.php)"
57.141.0.12 - - [13/May/2025:23:00:58 +0000] "GET /business/greater-london.html?page=155 HTTP/1.1" 301 270 "-" "meta-externalagent/1.1 (+https://developers.facebook.com/docs/sharing/webmasters/crawler)"
85.208.98.23 - - [13/May/2025:23:01:13 +0000] "GET /robots.txt HTTP/1.1" 301 243 "-" "Mozilla/5.0 (compatible; SemrushBot-BA; +http://www.semrush.com/bot.html)"
85.208.98.23 - - [13/May/2025:23:01:13 +0000] "GET /robots.txt HTTP/1.1" 301 247 "-" "Mozilla/5.0 (compatible; SemrushBot-BA; +http://www.semrush.com/bot.html)"
85.208.98.23 - - [13/May/2025:23:02:09 +0000] "GET /robots.txt HTTP/1.1" 301 243 "-" "Mozilla/5.0 (compatible; SemrushBot-BA; +http://www.semrush.com/bot.html)"
85.208.98.23 - - [13/May/2025:23:02:09 +0000] "GET /robots.txt HTTP/1.1" 301 247 "-" "Mozilla/5.0 (compatible; SemrushBot-BA; +http://www.semrush.com/bot.html)"
44.220.188.93 - - [13/May/2025:23:04:21 +0000] "GET / HTTP/1.1" 301 230 "-" "Mozilla/5.0 (Windows NT 6.2;en-US) AppleWebKit/537.32.36 (KHTML, live Gecko) Chrome/51.0.3078.109 Safari/537.32"
154.81.156.35 - - [13/May/2025:23:04:58 +0000] "GET / HTTP/1.1" 301 233 "-" "curl/7.81.0"
43.134.229.118 - - [13/May/2025:23:05:56 +0000] "GET / HTTP/1.1" 301 237 "-" "Mozilla/5.0 (Windows NT 10.0; Win64; x64) AppleWebKit/537.36 (KHTML, like Gecko) Chrome/110.0.0.0 Safari/537.36"
5.188.87.35 - - [13/May/2025:23:05:59 +0000] "POST /wp-login.php HTTP/1.1" 301 245 "-" "Mozilla/5.0 (iPhone; CPU iPhone OS 15_5 like Mac OS X) AppleWebKit/605.1.15 (KHTML, like Gecko) FxiOS/101 Mobile/15E148 Safari/605.1.15"
5.188.87.35 - - [13/May/2025:23:05:59 +0000] "POST /wp-login.php HTTP/1.1" 301 245 "-" "Mozilla/5.0 (Linux; U; Android 9; en-US; Pixel 3 XL) AppleWebKit/537.36 (KHTML, like Gecko) Chrome/105.0.5195.125 Mobile Safari/537.36"
5.188.87.35 - - [13/May/2025:23:05:59 +0000] "POST /wp-login.php HTTP/1.1" 301 245 "-" "Mozilla/5.0 (iPhone; CPU iPhone OS 15_5 like Mac OS X) AppleWebKit/605.1.15 (KHTML, like Gecko) FxiOS/101 Mobile/15E148 Safari/605.1.15"
5.188.87.35 - - [13/May/2025:23:05:59 +0000] "POST /wp-login.php HTTP/1.1" 301 245 "-" "Mozilla/5.0 (iPhone; CPU iPhone OS 15_5 like Mac OS X) AppleWebKit/605.1.15 (KHTML, like Gecko) FxiOS/101 Mobile/15E148 Safari/605.1.15"
5.188.87.35 - - [13/May/2025:23:05:59 +0000] "POST /wp-login.php HTTP/1.1" 301 245 "-" "Mozilla/5.0 (Windows NT 10.0; Win64; x64) AppleWebKit/537.36 (KHTML, like Gecko) Chrome/115.0.0.0 Safari/537.36"
5.188.87.35 - - [13/May/2025:23:05:59 +0000] "POST /wp-login.php HTTP/1.1" 301 245 "-" "Mozilla/5.0 (Windows NT 10.0; Win64; x64) AppleWebKit/537.36 (KHTML, like Gecko) Chrome/115.0.0.0 Safari/537.36"
85.208.98.23 - - [13/May/2025:23:06:21 +0000] "GET /robots.txt HTTP/1.1" 301 247 "-" "Mozilla/5.0 (compatible; SemrushBot-BA; +http://www.semrush.com/bot.html)"
85.208.98.23 - - [13/May/2025:23:07:49 +0000] "GET /robots.txt HTTP/1.1" 301 247 "-" "Mozilla/5.0 (compatible; SemrushBot-BA; +http://www.semrush.com/bot.html)"
85.208.98.23 - - [13/May/2025:23:07:49 +0000] "GET /robots.txt HTTP/1.1" 301 243 "-" "Mozilla/5.0 (compatible; SemrushBot-BA; +http://www.semrush.com/bot.html)"
85.208.98.23 - - [13/May/2025:23:07:59 +0000] "GET /robots.txt HTTP/1.1" 301 247 "-" "Mozilla/5.0 (compatible; SemrushBot-BA; +http://www.semrush.com/bot.html)"
156.242.35.248 - - [13/May/2025:23:09:06 +0000] "GET /pages/14443-david-sunderland-picture-framing.html HTTP/1.1" 301 286 "-" "Mozilla/5.0 (X11; Linux i686; rv:114.0) Gecko/20100101 Firefox/114.0"
85.208.98.23 - - [13/May/2025:23:12:44 +0000] "GET /robots.txt HTTP/1.1" 301 247 "-" "Mozilla/5.0 (compatible; SemrushBot-BA; +http://www.semrush.com/bot.html)"
85.208.98.23 - - [13/May/2025:23:13:07 +0000] "GET /robots.txt HTTP/1.1" 301 243 "-" "Mozilla/5.0 (compatible; SemrushBot-BA; +http://www.semrush.com/bot.html)"
85.208.98.23 - - [13/May/2025:23:13:07 +0000] "GET /robots.txt HTTP/1.1" 301 247 "-" "Mozilla/5.0 (compatible; SemrushBot-BA; +http://www.semrush.com/bot.html)"
85.208.98.23 - - [13/May/2025:23:14:02 +0000] "GET /robots.txt HTTP/1.1" 301 247 "-" "Mozilla/5.0 (compatible; SemrushBot-BA; +http://www.semrush.com/bot.html)"
85.208.98.23 - - [13/May/2025:23:14:18 +0000] "GET /robots.txt HTTP/1.1" 301 243 "-" "Mozilla/5.0 (compatible; SemrushBot-BA; +http://www.semrush.com/bot.html)"
85.208.98.23 - - [13/May/2025:23:14:18 +0000] "GET /robots.txt HTTP/1.1" 301 247 "-" "Mozilla/5.0 (compatible; SemrushBot-BA; +http://www.semrush.com/bot.html)"
85.208.98.23 - - [13/May/2025:23:15:47 +0000] "GET /robots.txt HTTP/1.1" 301 247 "-" "Mozilla/5.0 (compatible; SemrushBot-BA; +http://www.semrush.com/bot.html)"
85.208.98.23 - - [13/May/2025:23:15:47 +0000] "GET /robots.txt HTTP/1.1" 301 243 "-" "Mozilla/5.0 (compatible; SemrushBot-BA; +http://www.semrush.com/bot.html)"
3.129.209.49 - - [13/May/2025:23:16:17 +0000] "GET /robots.txt HTTP/1.1" 301 247 "-" "Mozilla/5.0 AppleWebKit/537.36 (KHTML, like Gecko; compatible; ClaudeBot/1.0; +claudebot@anthropic.com)"
3.129.209.49 - - [13/May/2025:23:16:18 +0000] "GET /pages/16877-home-sale-online.html HTTP/1.1" 301 270 "-" "Mozilla/5.0 AppleWebKit/537.36 (KHTML, like Gecko; compatible; ClaudeBot/1.0; +claudebot@anthropic.com)"
85.208.98.23 - - [13/May/2025:23:16:54 +0000] "GET /robots.txt HTTP/1.1" 301 247 "-" "Mozilla/5.0 (compatible; SemrushBot-BA; +http://www.semrush.com/bot.html)"
85.208.98.23 - - [13/May/2025:23:16:54 +0000] "GET /robots.txt HTTP/1.1" 301 243 "-" "Mozilla/5.0 (compatible; SemrushBot-BA; +http://www.semrush.com/bot.html)"
114.119.130.23 - - [13/May/2025:23:18:28 +0000] "GET /members/edit_2.html?adid=9667 HTTP/1.1" 301 266 "https://www.yellowleaf.co.uk/pages/9667-direct-storage-limited.html" "Mozilla/5.0 (Linux; Android 7.0;) AppleWebKit/537.36 (KHTML, like Gecko) Mobile Safari/537.36 (compatible; PetalBot;+https://webmaster.petalsearch.com/site/petalbot)"
141.98.11.82 - - [13/May/2025:23:18:43 +0000] "GET / HTTP/1.1" 301 233 "-" "Linux Gnu (cow)"
154.81.156.54 - - [13/May/2025:23:19:17 +0000] "GET / HTTP/1.1" 301 233 "-" "curl/7.81.0"
113.189.224.207 - - [13/May/2025:23:22:09 +0000] "GET http://yellowleaf.co.uk HTTP/1.1" 301 233 "-" "Mozilla/5.0 (Windows NT 10.0; Win64; x64; rv:123.0) Gecko/20100101 Firefox/123.0 Config/91.2.2121.13"
85.208.98.23 - - [13/May/2025:23:22:55 +0000] "GET /robots.txt HTTP/1.1" 301 247 "-" "Mozilla/5.0 (compatible; SemrushBot-BA; +http://www.semrush.com/bot.html)"
85.208.98.23 - - [13/May/2025:23:22:55 +0000] "GET /robots.txt HTTP/1.1" 301 243 "-" "Mozilla/5.0 (compatible; SemrushBot-BA; +http://www.semrush.com/bot.html)"
85.208.98.23 - - [13/May/2025:23:25:26 +0000] "GET /robots.txt HTTP/1.1" 301 247 "-" "Mozilla/5.0 (compatible; SemrushBot-BA; +http://www.semrush.com/bot.html)"
85.208.98.23 - - [13/May/2025:23:25:34 +0000] "GET /robots.txt HTTP/1.1" 301 247 "-" "Mozilla/5.0 (compatible; SemrushBot-BA; +http://www.semrush.com/bot.html)"
85.208.98.23 - - [13/May/2025:23:25:57 +0000] "GET /robots.txt HTTP/1.1" 301 243 "-" "Mozilla/5.0 (compatible; SemrushBot-BA; +http://www.semrush.com/bot.html)"
85.208.98.23 - - [13/May/2025:23:25:57 +0000] "GET /robots.txt HTTP/1.1" 301 247 "-" "Mozilla/5.0 (compatible; SemrushBot-BA; +http://www.semrush.com/bot.html)"
216.244.66.197 - - [13/May/2025:23:26:04 +0000] "GET /robots.txt HTTP/1.1" 301 243 "-" "Mozilla/5.0 (compatible; DotBot/1.2; +https://opensiteexplorer.org/dotbot; help@moz.com)"
85.208.98.23 - - [13/May/2025:23:27:26 +0000] "GET /robots.txt HTTP/1.1" 301 243 "-" "Mozilla/5.0 (compatible; SemrushBot-BA; +http://www.semrush.com/bot.html)"
85.208.98.23 - - [13/May/2025:23:27:26 +0000] "GET /robots.txt HTTP/1.1" 301 247 "-" "Mozilla/5.0 (compatible; SemrushBot-BA; +http://www.semrush.com/bot.html)"
85.208.98.23 - - [13/May/2025:23:27:41 +0000] "GET /robots.txt HTTP/1.1" 301 247 "-" "Mozilla/5.0 (compatible; SemrushBot-BA; +http://www.semrush.com/bot.html)"
85.208.98.23 - - [13/May/2025:23:32:45 +0000] "GET /robots.txt HTTP/1.1" 301 243 "-" "Mozilla/5.0 (compatible; SemrushBot-BA; +http://www.semrush.com/bot.html)"
85.208.98.23 - - [13/May/2025:23:38:42 +0000] "GET /robots.txt HTTP/1.1" 301 243 "-" "Mozilla/5.0 (compatible; SemrushBot-BA; +http://www.semrush.com/bot.html)"
85.208.98.23 - - [13/May/2025:23:38:42 +0000] "GET /robots.txt HTTP/1.1" 301 247 "-" "Mozilla/5.0 (compatible; SemrushBot-BA; +http://www.semrush.com/bot.html)"
85.208.98.23 - - [13/May/2025:23:38:43 +0000] "GET /robots.txt HTTP/1.1" 301 247 "-" "Mozilla/5.0 (compatible; SemrushBot-BA; +http://www.semrush.com/bot.html)"
85.208.98.23 - - [13/May/2025:23:39:18 +0000] "GET /robots.txt HTTP/1.1" 301 247 "-" "Mozilla/5.0 (compatible; SemrushBot-BA; +http://www.semrush.com/bot.html)"
85.208.98.23 - - [13/May/2025:23:40:52 +0000] "GET /robots.txt HTTP/1.1" 301 247 "-" "Mozilla/5.0 (compatible; SemrushBot-BA; +http://www.semrush.com/bot.html)"
85.208.98.23 - - [13/May/2025:23:41:29 +0000] "GET /robots.txt HTTP/1.1" 301 247 "-" "Mozilla/5.0 (compatible; SemrushBot-BA; +http://www.semrush.com/bot.html)"
85.208.98.23 - - [13/May/2025:23:42:56 +0000] "GET /robots.txt HTTP/1.1" 301 247 "-" "Mozilla/5.0 (compatible; SemrushBot-BA; +http://www.semrush.com/bot.html)"
85.208.98.23 - - [13/May/2025:23:42:56 +0000] "GET /robots.txt HTTP/1.1" 301 243 "-" "Mozilla/5.0 (compatible; SemrushBot-BA; +http://www.semrush.com/bot.html)"
154.83.103.144 - - [13/May/2025:23:44:49 +0000] "GET /.git/HEAD HTTP/1.1" 301 247 "-" "-"
154.83.103.144 - - [13/May/2025:23:44:49 +0000] "GET /.env HTTP/1.1" 301 242 "-" "Mozilla/5.0 (Windows NT 10.0; Win64; x64) AppleWebKit/537.36 (KHTML, like Gecko) Chrome/91.0.4472.124 Safari/537.36"
85.208.98.23 - - [13/May/2025:23:45:48 +0000] "GET /robots.txt HTTP/1.1" 301 247 "-" "Mozilla/5.0 (compatible; SemrushBot-BA; +http://www.semrush.com/bot.html)"
85.208.98.23 - - [13/May/2025:23:48:13 +0000] "GET /robots.txt HTTP/1.1" 301 243 "-" "Mozilla/5.0 (compatible; SemrushBot-BA; +http://www.semrush.com/bot.html)"
85.208.98.23 - - [13/May/2025:23:48:13 +0000] "GET /robots.txt HTTP/1.1" 301 247 "-" "Mozilla/5.0 (compatible; SemrushBot-BA; +http://www.semrush.com/bot.html)"
85.208.98.23 - - [13/May/2025:23:49:14 +0000] "GET /robots.txt HTTP/1.1" 301 247 "-" "Mozilla/5.0 (compatible; SemrushBot-BA; +http://www.semrush.com/bot.html)"
85.208.98.23 - - [13/May/2025:23:49:14 +0000] "GET /robots.txt HTTP/1.1" 301 243 "-" "Mozilla/5.0 (compatible; SemrushBot-BA; +http://www.semrush.com/bot.html)"
85.208.96.202 - - [13/May/2025:23:51:13 +0000] "GET /pages/51949-clactononsea-window-and-door-repairs.html HTTP/1.1" 301 290 "-" "Mozilla/5.0 (compatible; SemrushBot/7~bl; +http://www.semrush.com/bot.html)"
85.208.98.23 - - [13/May/2025:23:52:06 +0000] "GET /robots.txt HTTP/1.1" 301 247 "-" "Mozilla/5.0 (compatible; SemrushBot-BA; +http://www.semrush.com/bot.html)"
43.157.148.38 - - [13/May/2025:23:53:31 +0000] "GET / HTTP/1.1" 301 237 "-" "Mozilla/5.0 (iPhone; CPU iPhone OS 13_2_3 like Mac OS X) AppleWebKit/605.1.15 (KHTML, like Gecko) Version/13.0.3 Mobile/15E148 Safari/604.1"
103.241.72.84 - - [13/May/2025:23:53:44 +0000] "GET /static/common/user/uedit/php/controller.php?action=catchimage HTTP/1.1" 301 298 "-" "Mozilla/5.0 (Windows NT 10.0; WOW64; rv:48.0) Gecko/20100101 Firefox/48.0"
85.208.98.23 - - [13/May/2025:23:54:14 +0000] "GET /robots.txt HTTP/1.1" 301 243 "-" "Mozilla/5.0 (compatible; SemrushBot-BA; +http://www.semrush.com/bot.html)"
85.208.98.23 - - [13/May/2025:23:54:15 +0000] "GET /robots.txt HTTP/1.1" 301 247 "-" "Mozilla/5.0 (compatible; SemrushBot-BA; +http://www.semrush.com/bot.html)"
185.218.84.178 - - [13/May/2025:23:55:31 +0000] "GET / HTTP/1.1" 301 230 "-" "Mozilla/5.0 (Windows NT 10.0; Win64; x64) AppleWebKit/537.36 (KHTML, like Gecko) Chrome/90.0.4430.85 Safari/537.36 Edg/90.0.818.46"
103.131.71.28 - - [13/May/2025:23:57:37 +0000] "GET /robots.txt HTTP/1.1" 301 247 "-" "Mozilla/5.0 (compatible; coccocbot-image/1.0; +http://help.coccoc.com/searchengine)"
85.208.98.23 - - [13/May/2025:23:58:18 +0000] "GET /robots.txt HTTP/1.1" 301 243 "-" "Mozilla/5.0 (compatible; SemrushBot-BA; +http://www.semrush.com/bot.html)"
85.208.98.23 - - [14/May/2025:00:01:12 +0000] "GET /robots.txt HTTP/1.1" 301 247 "-" "Mozilla/5.0 (compatible; SemrushBot-BA; +http://www.semrush.com/bot.html)"
188.239.9.103 - - [14/May/2025:00:04:26 +0000] "GET /pages/59415-packaging-alpha.html?source=post_page-----be2bf2f98d2f--------------------------------------- HTTP/1.1" 301 342 "http://www.yellowleaf.co.uk/pages/59415-packaging-alpha.html?source=post_page-----be2bf2f98d2f---------------------------------------" "Mozilla/5.0 (Macintosh; Intel Mac OS X 10_15_7) AppleWebKit/537.36 (KHTML, like Gecko) Chrome/123.0.0.0 Safari/537.36"
85.208.98.23 - - [14/May/2025:00:06:06 +0000] "GET /robots.txt HTTP/1.1" 301 247 "-" "Mozilla/5.0 (compatible; SemrushBot-BA; +http://www.semrush.com/bot.html)"
85.208.98.23 - - [14/May/2025:00:06:13 +0000] "GET /robots.txt HTTP/1.1" 301 243 "-" "Mozilla/5.0 (compatible; SemrushBot-BA; +http://www.semrush.com/bot.html)"
85.208.98.23 - - [14/May/2025:00:07:30 +0000] "GET /robots.txt HTTP/1.1" 301 247 "-" "Mozilla/5.0 (compatible; SemrushBot-BA; +http://www.semrush.com/bot.html)"
141.98.11.82 - - [14/May/2025:00:07:38 +0000] "GET / HTTP/1.1" 301 230 "-" "Mozilla/5.0 (Windows NT 10.0; Win64; x64) AppleWebKit/537.36 (KHTML, like Gecko) Chrome/90.0.4430.85 Safari/537.36 Edg/90.0.818.46"
85.208.98.23 - - [14/May/2025:00:08:01 +0000] "GET /robots.txt HTTP/1.1" 301 247 "-" "Mozilla/5.0 (compatible; SemrushBot-BA; +http://www.semrush.com/bot.html)"
78.153.140.177 - - [14/May/2025:00:09:51 +0000] "GET /.env HTTP/1.1" 301 234 "-" "Mozilla/5.0 (Macintosh; Intel Mac OS X 10_10_5) AppleWebKit/537.36 (KHTML, like Gecko) Chrome/55.0.2883.95 Safari/537.36"
78.153.140.177 - - [14/May/2025:00:09:51 +0000] "\x16\x03\x01" 403 - "-" "-"
78.153.140.177 - - [14/May/2025:00:09:52 +0000] "GET / HTTP/1.1" 301 230 "-" "Mozilla/4.0 (Windows; MSIE 6.0; Windows NT 5.2)"
78.153.140.177 - - [14/May/2025:00:09:53 +0000] "GET /App HTTP/1.1" 301 233 "-" "Mozilla/5.0 (Linux; Android 4.4.2; HUAWEI Y625-U13 Build/HUAWEIY625-U13) AppleWebKit/537.36 (KHTML, like Gecko) Version/4.0 Chrome/30.0.0.0 Mobile Safari/537.36"
78.153.140.177 - - [14/May/2025:00:09:54 +0000] "GET /Vendor HTTP/1.1" 301 236 "-" "Mozilla/4.0 (compatible; MSIE 7.0; Windows NT 6.1; WOW64; Trident/4.0; SLCC2; .NET CLR 2.0.50727; .NET CLR 3.5.30729; .NET CLR 3.0.30729; Media Center PC 6.0)"
78.153.140.177 - - [14/May/2025:00:09:55 +0000] "GET /Crm HTTP/1.1" 301 233 "-" "Mozilla/5.0 (Windows NT 6.3; Win64; x64; Trident/7.0; Touch; MATBJS; rv:11.0) like Gecko"
