403Webshell
Server IP : 51.89.169.208  /  Your IP : 3.14.249.217
Web Server : Apache
System : Linux ns3209505.ip-198-244-202.eu 4.18.0-553.27.1.el8_10.x86_64 #1 SMP Tue Nov 5 04:50:16 EST 2024 x86_64
User : yellowleaf ( 1019)
PHP Version : 7.4.33
Disable Function : exec,passthru,shell_exec,system
MySQL : OFF  |  cURL : ON  |  WGET : ON  |  Perl : ON  |  Python : ON  |  Sudo : ON  |  Pkexec : ON
Directory :  /home/yellowleaf/access-logs/

Upload File :
current_dir [ Writeable ] document_root [ Writeable ]

 

Command :


[ Back ]     

Current File : /home/yellowleaf/access-logs/yellowleaf.co.uk
85.208.98.23 - - [13/May/2025:12:07:25 +0000] "GET /robots.txt HTTP/1.1" 301 247 "-" "Mozilla/5.0 (compatible; SemrushBot-BA; +http://www.semrush.com/bot.html)"
85.208.98.23 - - [13/May/2025:12:07:25 +0000] "GET /robots.txt HTTP/1.1" 301 243 "-" "Mozilla/5.0 (compatible; SemrushBot-BA; +http://www.semrush.com/bot.html)"
85.208.98.23 - - [13/May/2025:12:07:47 +0000] "GET /robots.txt HTTP/1.1" 301 247 "-" "Mozilla/5.0 (compatible; SemrushBot-BA; +http://www.semrush.com/bot.html)"
85.208.98.23 - - [13/May/2025:12:07:47 +0000] "GET /robots.txt HTTP/1.1" 301 243 "-" "Mozilla/5.0 (compatible; SemrushBot-BA; +http://www.semrush.com/bot.html)"
85.208.98.23 - - [13/May/2025:12:08:15 +0000] "GET /robots.txt HTTP/1.1" 301 247 "-" "Mozilla/5.0 (compatible; SemrushBot-BA; +http://www.semrush.com/bot.html)"
85.208.98.23 - - [13/May/2025:12:08:29 +0000] "GET /robots.txt HTTP/1.1" 301 247 "-" "Mozilla/5.0 (compatible; SemrushBot-BA; +http://www.semrush.com/bot.html)"
85.208.98.23 - - [13/May/2025:12:08:29 +0000] "GET /robots.txt HTTP/1.1" 301 243 "-" "Mozilla/5.0 (compatible; SemrushBot-BA; +http://www.semrush.com/bot.html)"
79.110.201.235 - - [13/May/2025:12:08:49 +0000] "GET //pages/64900-android-car-stereo-for-honda-fitcivic-2002-2009.html HTTP/1.0" 301 301 "-" "Mozilla/5.0 (Windows NT 10.0; Win64; x64) AppleWebKit/537.36 (KHTML, like Gecko) Chrome/114.0.0.0 Safari/537.36"
79.110.201.235 - - [13/May/2025:12:08:49 +0000] "GET //pages/64900-android-car-stereo-for-honda-fitcivic-2002-2009.html HTTP/1.0" 301 301 "https://www.yellowleaf.co.uk/pages/64900-android-car-stereo-for-honda-fitcivic-2002-2009.html" "Mozilla/5.0 (Windows NT 10.0; Win64; x64) AppleWebKit/537.36 (KHTML, like Gecko) Chrome/114.0.0.0 Safari/537.36"
176.65.144.168 - - [13/May/2025:12:10:36 +0000] "POST /boaform/admin/formLogin HTTP/1.1" 301 256 "-" "Mozilla"
85.208.98.23 - - [13/May/2025:12:12:43 +0000] "GET /robots.txt HTTP/1.1" 301 247 "-" "Mozilla/5.0 (compatible; SemrushBot-BA; +http://www.semrush.com/bot.html)"
85.208.98.23 - - [13/May/2025:12:13:32 +0000] "GET /robots.txt HTTP/1.1" 301 247 "-" "Mozilla/5.0 (compatible; SemrushBot-BA; +http://www.semrush.com/bot.html)"
85.208.98.23 - - [13/May/2025:12:13:39 +0000] "GET /robots.txt HTTP/1.1" 301 247 "-" "Mozilla/5.0 (compatible; SemrushBot-BA; +http://www.semrush.com/bot.html)"
85.208.98.23 - - [13/May/2025:12:13:39 +0000] "GET /robots.txt HTTP/1.1" 301 243 "-" "Mozilla/5.0 (compatible; SemrushBot-BA; +http://www.semrush.com/bot.html)"
85.208.98.23 - - [13/May/2025:12:16:10 +0000] "GET /robots.txt HTTP/1.1" 301 243 "-" "Mozilla/5.0 (compatible; SemrushBot-BA; +http://www.semrush.com/bot.html)"
85.208.98.23 - - [13/May/2025:12:16:10 +0000] "GET /robots.txt HTTP/1.1" 301 247 "-" "Mozilla/5.0 (compatible; SemrushBot-BA; +http://www.semrush.com/bot.html)"
216.244.66.197 - - [13/May/2025:12:23:11 +0000] "GET /robots.txt HTTP/1.1" 301 243 "-" "Mozilla/5.0 (compatible; DotBot/1.2; +https://opensiteexplorer.org/dotbot; help@moz.com)"
216.244.66.197 - - [13/May/2025:12:23:11 +0000] "GET /robots.txt HTTP/1.1" 301 247 "-" "Mozilla/5.0 (compatible; DotBot/1.2; +https://opensiteexplorer.org/dotbot; help@moz.com)"
85.208.98.23 - - [13/May/2025:12:23:17 +0000] "GET /robots.txt HTTP/1.1" 301 243 "-" "Mozilla/5.0 (compatible; SemrushBot-BA; +http://www.semrush.com/bot.html)"
85.208.98.23 - - [13/May/2025:12:23:18 +0000] "GET /robots.txt HTTP/1.1" 301 247 "-" "Mozilla/5.0 (compatible; SemrushBot-BA; +http://www.semrush.com/bot.html)"
85.208.98.23 - - [13/May/2025:12:23:59 +0000] "GET /robots.txt HTTP/1.1" 301 247 "-" "Mozilla/5.0 (compatible; SemrushBot-BA; +http://www.semrush.com/bot.html)"
34.78.186.176 - - [13/May/2025:12:26:56 +0000] "GET / HTTP/1.1" 301 237 "-" "Mozilla/5.0 (Windows NT 10.0; Win64; x64) AppleWebKit/537.36 (KHTML, like Gecko) Chrome/84.0.4147.105 Safari/537.36"
85.208.98.23 - - [13/May/2025:12:28:12 +0000] "GET /robots.txt HTTP/1.1" 301 243 "-" "Mozilla/5.0 (compatible; SemrushBot-BA; +http://www.semrush.com/bot.html)"
85.208.98.23 - - [13/May/2025:12:28:12 +0000] "GET /robots.txt HTTP/1.1" 301 247 "-" "Mozilla/5.0 (compatible; SemrushBot-BA; +http://www.semrush.com/bot.html)"
154.81.156.35 - - [13/May/2025:12:29:06 +0000] "GET / HTTP/1.1" 301 233 "-" "curl/7.81.0"
45.135.194.53 - - [13/May/2025:12:29:41 +0000] "GET / HTTP/1.1" 301 233 "-" "-"
34.236.41.241 - - [13/May/2025:12:32:31 +0000] "GET /members/uploads/3/1593_3.jpeg HTTP/1.1" 301 266 "-" "Mozilla/5.0 AppleWebKit/537.36 (KHTML, like Gecko; compatible; Amazonbot/0.1; +https://developer.amazon.com/support/amazonbot) Chrome/119.0.6045.214 Safari/537.36"
195.191.219.153 - - [13/May/2025:12:35:34 +0000] "GET /robots.txt HTTP/1.1" 301 247 "-" "Mozilla/5.0 (compatible; MJ12bot/v2.0.1; http://mj12bot.com/)"
185.218.84.178 - - [13/May/2025:12:35:34 +0000] "GET / HTTP/1.1" 301 230 "-" "Mozilla/5.0 (Windows NT 10.0; Win64; x64) AppleWebKit/537.36 (KHTML, like Gecko) Chrome/90.0.4430.85 Safari/537.36 Edg/90.0.818.46"
195.191.219.153 - - [13/May/2025:12:35:34 +0000] "GET / HTTP/1.1" 301 237 "-" "Mozilla/5.0 (compatible; MJ12bot/v2.0.1; http://mj12bot.com/)"
195.191.219.153 - - [13/May/2025:12:35:35 +0000] "GET /robots.txt HTTP/1.1" 301 243 "-" "Mozilla/5.0 (compatible; MJ12bot/v2.0.1; http://mj12bot.com/)"
195.191.219.153 - - [13/May/2025:12:35:35 +0000] "GET / HTTP/1.1" 301 233 "-" "Mozilla/5.0 (compatible; MJ12bot/v2.0.1; http://mj12bot.com/)"
213.136.84.241 - - [13/May/2025:12:35:54 +0000] "GET /output.zip HTTP/1.1" 301 247 "-" "Mozilla/5.0 (Windows NT 10.0; Win64; x64) AppleWebKit/537.36 (KHTML, like Gecko) Chrome/123.0.0.0 Safari/537.36"
213.136.84.241 - - [13/May/2025:12:35:54 +0000] "GET /ftp.zip HTTP/1.1" 301 244 "-" "Mozilla/5.0 (Windows NT 10.0; Win64; x64) AppleWebKit/537.36 (KHTML, like Gecko) Chrome/123.0.0.0 Safari/537.36"
213.136.84.241 - - [13/May/2025:12:35:54 +0000] "GET /html.zip HTTP/1.1" 301 245 "-" "Mozilla/5.0 (Windows NT 10.0; Win64; x64) AppleWebKit/537.36 (KHTML, like Gecko) Chrome/123.0.0.0 Safari/537.36"
213.136.84.241 - - [13/May/2025:12:35:54 +0000] "GET /bak.zip HTTP/1.1" 301 244 "-" "Mozilla/5.0 (Windows NT 10.0; Win64; x64) AppleWebKit/537.36 (KHTML, like Gecko) Chrome/123.0.0.0 Safari/537.36"
213.136.84.241 - - [13/May/2025:12:35:54 +0000] "GET /dbadmin.zip HTTP/1.1" 301 248 "-" "Mozilla/5.0 (Windows NT 10.0; Win64; x64) AppleWebKit/537.36 (KHTML, like Gecko) Chrome/123.0.0.0 Safari/537.36"
213.136.84.241 - - [13/May/2025:12:35:54 +0000] "GET /old.zip HTTP/1.1" 301 244 "-" "Mozilla/5.0 (Windows NT 10.0; Win64; x64) AppleWebKit/537.36 (KHTML, like Gecko) Chrome/123.0.0.0 Safari/537.36"
213.136.84.241 - - [13/May/2025:12:35:54 +0000] "GET /root.zip HTTP/1.1" 301 245 "-" "Mozilla/5.0 (Windows NT 10.0; Win64; x64) AppleWebKit/537.36 (KHTML, like Gecko) Chrome/123.0.0.0 Safari/537.36"
213.136.84.241 - - [13/May/2025:12:35:54 +0000] "GET /src.zip HTTP/1.1" 301 244 "-" "Mozilla/5.0 (Windows NT 10.0; Win64; x64) AppleWebKit/537.36 (KHTML, like Gecko) Chrome/123.0.0.0 Safari/537.36"
213.136.84.241 - - [13/May/2025:12:35:54 +0000] "GET /backup_3.zip HTTP/1.1" 301 249 "-" "Mozilla/5.0 (Windows NT 10.0; Win64; x64) AppleWebKit/537.36 (KHTML, like Gecko) Chrome/123.0.0.0 Safari/537.36"
213.136.84.241 - - [13/May/2025:12:35:54 +0000] "GET /admin.zip HTTP/1.1" 301 246 "-" "Mozilla/5.0 (Windows NT 10.0; Win64; x64) AppleWebKit/537.36 (KHTML, like Gecko) Chrome/123.0.0.0 Safari/537.36"
213.136.84.241 - - [13/May/2025:12:35:54 +0000] "GET /backups.zip HTTP/1.1" 301 248 "-" "Mozilla/5.0 (Windows NT 10.0; Win64; x64) AppleWebKit/537.36 (KHTML, like Gecko) Chrome/123.0.0.0 Safari/537.36"
213.136.84.241 - - [13/May/2025:12:35:54 +0000] "GET /package.zip HTTP/1.1" 301 248 "-" "Mozilla/5.0 (Windows NT 10.0; Win64; x64) AppleWebKit/537.36 (KHTML, like Gecko) Chrome/123.0.0.0 Safari/537.36"
213.136.84.241 - - [13/May/2025:12:35:54 +0000] "GET /api.zip HTTP/1.1" 301 244 "-" "Mozilla/5.0 (Windows NT 10.0; Win64; x64) AppleWebKit/537.36 (KHTML, like Gecko) Chrome/123.0.0.0 Safari/537.36"
213.136.84.241 - - [13/May/2025:12:35:54 +0000] "GET /db.zip HTTP/1.1" 301 243 "-" "Mozilla/5.0 (Windows NT 10.0; Win64; x64) AppleWebKit/537.36 (KHTML, like Gecko) Chrome/123.0.0.0 Safari/537.36"
213.136.84.241 - - [13/May/2025:12:35:54 +0000] "GET /base.zip HTTP/1.1" 301 245 "-" "Mozilla/5.0 (Windows NT 10.0; Win64; x64) AppleWebKit/537.36 (KHTML, like Gecko) Chrome/123.0.0.0 Safari/537.36"
213.136.84.241 - - [13/May/2025:12:35:54 +0000] "GET /administration.zip HTTP/1.1" 301 255 "-" "Mozilla/5.0 (Windows NT 10.0; Win64; x64) AppleWebKit/537.36 (KHTML, like Gecko) Chrome/123.0.0.0 Safari/537.36"
213.136.84.241 - - [13/May/2025:12:35:54 +0000] "GET /test.zip HTTP/1.1" 301 245 "-" "Mozilla/5.0 (Windows NT 10.0; Win64; x64) AppleWebKit/537.36 (KHTML, like Gecko) Chrome/123.0.0.0 Safari/537.36"
213.136.84.241 - - [13/May/2025:12:35:54 +0000] "GET /mailer.zip HTTP/1.1" 301 247 "-" "Mozilla/5.0 (Windows NT 10.0; Win64; x64) AppleWebKit/537.36 (KHTML, like Gecko) Chrome/123.0.0.0 Safari/537.36"
213.136.84.241 - - [13/May/2025:12:35:54 +0000] "GET /inetpub.zip HTTP/1.1" 301 248 "-" "Mozilla/5.0 (Windows NT 10.0; Win64; x64) AppleWebKit/537.36 (KHTML, like Gecko) Chrome/123.0.0.0 Safari/537.36"
213.136.84.241 - - [13/May/2025:12:35:54 +0000] "GET /apps.zip HTTP/1.1" 301 245 "-" "Mozilla/5.0 (Windows NT 10.0; Win64; x64) AppleWebKit/537.36 (KHTML, like Gecko) Chrome/123.0.0.0 Safari/537.36"
213.136.84.241 - - [13/May/2025:12:35:54 +0000] "GET /webapps.zip HTTP/1.1" 301 248 "-" "Mozilla/5.0 (Windows NT 10.0; Win64; x64) AppleWebKit/537.36 (KHTML, like Gecko) Chrome/123.0.0.0 Safari/537.36"
213.136.84.241 - - [13/May/2025:12:35:54 +0000] "GET /upload.zip HTTP/1.1" 301 247 "-" "Mozilla/5.0 (Windows NT 10.0; Win64; x64) AppleWebKit/537.36 (KHTML, like Gecko) Chrome/123.0.0.0 Safari/537.36"
213.136.84.241 - - [13/May/2025:12:35:54 +0000] "GET /Archive.zip HTTP/1.1" 301 248 "-" "Mozilla/5.0 (Windows NT 10.0; Win64; x64) AppleWebKit/537.36 (KHTML, like Gecko) Chrome/123.0.0.0 Safari/537.36"
213.136.84.241 - - [13/May/2025:12:35:54 +0000] "GET /web.zip HTTP/1.1" 301 244 "-" "Mozilla/5.0 (Windows NT 10.0; Win64; x64) AppleWebKit/537.36 (KHTML, like Gecko) Chrome/123.0.0.0 Safari/537.36"
213.136.84.241 - - [13/May/2025:12:35:54 +0000] "GET /uploads.zip HTTP/1.1" 301 248 "-" "Mozilla/5.0 (Windows NT 10.0; Win64; x64) AppleWebKit/537.36 (KHTML, like Gecko) Chrome/123.0.0.0 Safari/537.36"
213.136.84.241 - - [13/May/2025:12:35:54 +0000] "GET /s3.zip HTTP/1.1" 301 243 "-" "Mozilla/5.0 (Windows NT 10.0; Win64; x64) AppleWebKit/537.36 (KHTML, like Gecko) Chrome/123.0.0.0 Safari/537.36"
213.136.84.241 - - [13/May/2025:12:35:54 +0000] "GET /website.zip HTTP/1.1" 301 248 "-" "Mozilla/5.0 (Windows NT 10.0; Win64; x64) AppleWebKit/537.36 (KHTML, like Gecko) Chrome/123.0.0.0 Safari/537.36"
213.136.84.241 - - [13/May/2025:12:35:54 +0000] "GET /dashboard.zip HTTP/1.1" 301 250 "-" "Mozilla/5.0 (Windows NT 10.0; Win64; x64) AppleWebKit/537.36 (KHTML, like Gecko) Chrome/123.0.0.0 Safari/537.36"
213.136.84.241 - - [13/May/2025:12:35:54 +0000] "GET /administrators.zip HTTP/1.1" 301 255 "-" "Mozilla/5.0 (Windows NT 10.0; Win64; x64) AppleWebKit/537.36 (KHTML, like Gecko) Chrome/123.0.0.0 Safari/537.36"
213.136.84.241 - - [13/May/2025:12:35:54 +0000] "GET /tmp.zip HTTP/1.1" 301 244 "-" "Mozilla/5.0 (Windows NT 10.0; Win64; x64) AppleWebKit/537.36 (KHTML, like Gecko) Chrome/123.0.0.0 Safari/537.36"
213.136.84.241 - - [13/May/2025:12:35:54 +0000] "GET /database.zip HTTP/1.1" 301 249 "-" "Mozilla/5.0 (Windows NT 10.0; Win64; x64) AppleWebKit/537.36 (KHTML, like Gecko) Chrome/123.0.0.0 Safari/537.36"
213.136.84.241 - - [13/May/2025:12:35:54 +0000] "GET /backup.zip HTTP/1.1" 301 247 "-" "Mozilla/5.0 (Windows NT 10.0; Win64; x64) AppleWebKit/537.36 (KHTML, like Gecko) Chrome/123.0.0.0 Safari/537.36"
213.136.84.241 - - [13/May/2025:12:35:54 +0000] "GET /backup_1.zip HTTP/1.1" 301 249 "-" "Mozilla/5.0 (Windows NT 10.0; Win64; x64) AppleWebKit/537.36 (KHTML, like Gecko) Chrome/123.0.0.0 Safari/537.36"
213.136.84.241 - - [13/May/2025:12:35:54 +0000] "GET /users.zip HTTP/1.1" 301 246 "-" "Mozilla/5.0 (Windows NT 10.0; Win64; x64) AppleWebKit/537.36 (KHTML, like Gecko) Chrome/123.0.0.0 Safari/537.36"
213.136.84.241 - - [13/May/2025:12:35:54 +0000] "GET /backup_2.zip HTTP/1.1" 301 249 "-" "Mozilla/5.0 (Windows NT 10.0; Win64; x64) AppleWebKit/537.36 (KHTML, like Gecko) Chrome/123.0.0.0 Safari/537.36"
213.136.84.241 - - [13/May/2025:12:35:54 +0000] "GET /bin.zip HTTP/1.1" 301 244 "-" "Mozilla/5.0 (Windows NT 10.0; Win64; x64) AppleWebKit/537.36 (KHTML, like Gecko) Chrome/123.0.0.0 Safari/537.36"
213.136.84.241 - - [13/May/2025:12:35:54 +0000] "GET /configuration.zip HTTP/1.1" 301 254 "-" "Mozilla/5.0 (Windows NT 10.0; Win64; x64) AppleWebKit/537.36 (KHTML, like Gecko) Chrome/123.0.0.0 Safari/537.36"
213.136.84.241 - - [13/May/2025:12:35:54 +0000] "GET /conf/conf.zip HTTP/1.1" 301 250 "-" "Mozilla/5.0 (Windows NT 10.0; Win64; x64) AppleWebKit/537.36 (KHTML, like Gecko) Chrome/123.0.0.0 Safari/537.36"
213.136.84.241 - - [13/May/2025:12:35:54 +0000] "GET /support.zip HTTP/1.1" 301 248 "-" "Mozilla/5.0 (Windows NT 10.0; Win64; x64) AppleWebKit/537.36 (KHTML, like Gecko) Chrome/123.0.0.0 Safari/537.36"
213.136.84.241 - - [13/May/2025:12:35:54 +0000] "GET /public_html.zip HTTP/1.1" 301 252 "-" "Mozilla/5.0 (Windows NT 10.0; Win64; x64) AppleWebKit/537.36 (KHTML, like Gecko) Chrome/123.0.0.0 Safari/537.36"
213.136.84.241 - - [13/May/2025:12:35:54 +0000] "GET /Release.zip HTTP/1.1" 301 248 "-" "Mozilla/5.0 (Windows NT 10.0; Win64; x64) AppleWebKit/537.36 (KHTML, like Gecko) Chrome/123.0.0.0 Safari/537.36"
213.136.84.241 - - [13/May/2025:12:35:54 +0000] "GET /data.zip HTTP/1.1" 301 245 "-" "Mozilla/5.0 (Windows NT 10.0; Win64; x64) AppleWebKit/537.36 (KHTML, like Gecko) Chrome/123.0.0.0 Safari/537.36"
213.136.84.241 - - [13/May/2025:12:35:54 +0000] "GET /wordpress.zip HTTP/1.1" 301 250 "-" "Mozilla/5.0 (Windows NT 10.0; Win64; x64) AppleWebKit/537.36 (KHTML, like Gecko) Chrome/123.0.0.0 Safari/537.36"
213.136.84.241 - - [13/May/2025:12:35:54 +0000] "GET /aws.zip HTTP/1.1" 301 244 "-" "Mozilla/5.0 (Windows NT 10.0; Win64; x64) AppleWebKit/537.36 (KHTML, like Gecko) Chrome/123.0.0.0 Safari/537.36"
213.136.84.241 - - [13/May/2025:12:35:54 +0000] "GET /dump.zip HTTP/1.1" 301 245 "-" "Mozilla/5.0 (Windows NT 10.0; Win64; x64) AppleWebKit/537.36 (KHTML, like Gecko) Chrome/123.0.0.0 Safari/537.36"
213.136.84.241 - - [13/May/2025:12:35:54 +0000] "GET /app.zip HTTP/1.1" 301 244 "-" "Mozilla/5.0 (Windows NT 10.0; Win64; x64) AppleWebKit/537.36 (KHTML, like Gecko) Chrome/123.0.0.0 Safari/537.36"
213.136.84.241 - - [13/May/2025:12:35:54 +0000] "GET /www.zip HTTP/1.1" 301 244 "-" "Mozilla/5.0 (Windows NT 10.0; Win64; x64) AppleWebKit/537.36 (KHTML, like Gecko) Chrome/123.0.0.0 Safari/537.36"
213.136.84.241 - - [13/May/2025:12:35:54 +0000] "GET /dbdump.zip HTTP/1.1" 301 247 "-" "Mozilla/5.0 (Windows NT 10.0; Win64; x64) AppleWebKit/537.36 (KHTML, like Gecko) Chrome/123.0.0.0 Safari/537.36"
213.136.84.241 - - [13/May/2025:12:35:54 +0000] "GET /public.zip HTTP/1.1" 301 247 "-" "Mozilla/5.0 (Windows NT 10.0; Win64; x64) AppleWebKit/537.36 (KHTML, like Gecko) Chrome/123.0.0.0 Safari/537.36"
213.136.84.241 - - [13/May/2025:12:35:54 +0000] "GET /wwwroot.zip HTTP/1.1" 301 248 "-" "Mozilla/5.0 (Windows NT 10.0; Win64; x64) AppleWebKit/537.36 (KHTML, like Gecko) Chrome/123.0.0.0 Safari/537.36"
213.136.84.241 - - [13/May/2025:12:35:54 +0000] "GET /htdocs.zip HTTP/1.1" 301 247 "-" "Mozilla/5.0 (Windows NT 10.0; Win64; x64) AppleWebKit/537.36 (KHTML, like Gecko) Chrome/123.0.0.0 Safari/537.36"
213.136.84.241 - - [13/May/2025:12:35:54 +0000] "GET /sql.zip HTTP/1.1" 301 244 "-" "Mozilla/5.0 (Windows NT 10.0; Win64; x64) AppleWebKit/537.36 (KHTML, like Gecko) Chrome/123.0.0.0 Safari/537.36"
213.136.84.241 - - [13/May/2025:12:35:54 +0000] "GET /db_backup.zip HTTP/1.1" 301 250 "-" "Mozilla/5.0 (Windows NT 10.0; Win64; x64) AppleWebKit/537.36 (KHTML, like Gecko) Chrome/123.0.0.0 Safari/537.36"
213.136.84.241 - - [13/May/2025:12:35:54 +0000] "GET /temporary.zip HTTP/1.1" 301 250 "-" "Mozilla/5.0 (Windows NT 10.0; Win64; x64) AppleWebKit/537.36 (KHTML, like Gecko) Chrome/123.0.0.0 Safari/537.36"
213.136.84.241 - - [13/May/2025:12:35:54 +0000] "GET /admin.zip HTTP/1.1" 301 246 "-" "Mozilla/5.0 (Windows NT 10.0; Win64; x64) AppleWebKit/537.36 (KHTML, like Gecko) Chrome/123.0.0.0 Safari/537.36"
213.136.84.241 - - [13/May/2025:12:35:54 +0000] "GET /users.zip HTTP/1.1" 301 246 "-" "Mozilla/5.0 (Windows NT 10.0; Win64; x64) AppleWebKit/537.36 (KHTML, like Gecko) Chrome/123.0.0.0 Safari/537.36"
213.136.84.241 - - [13/May/2025:12:35:54 +0000] "GET /archive.zip HTTP/1.1" 301 248 "-" "Mozilla/5.0 (Windows NT 10.0; Win64; x64) AppleWebKit/537.36 (KHTML, like Gecko) Chrome/123.0.0.0 Safari/537.36"
213.136.84.241 - - [13/May/2025:12:35:54 +0000] "GET /dbase.zip HTTP/1.1" 301 246 "-" "Mozilla/5.0 (Windows NT 10.0; Win64; x64) AppleWebKit/537.36 (KHTML, like Gecko) Chrome/123.0.0.0 Safari/537.36"
213.136.84.241 - - [13/May/2025:12:35:54 +0000] "GET /backup_4.zip HTTP/1.1" 301 249 "-" "Mozilla/5.0 (Windows NT 10.0; Win64; x64) AppleWebKit/537.36 (KHTML, like Gecko) Chrome/123.0.0.0 Safari/537.36"
213.136.84.241 - - [13/May/2025:12:35:54 +0000] "GET /apis.zip HTTP/1.1" 301 245 "-" "Mozilla/5.0 (Windows NT 10.0; Win64; x64) AppleWebKit/537.36 (KHTML, like Gecko) Chrome/123.0.0.0 Safari/537.36"
213.136.84.241 - - [13/May/2025:12:35:54 +0000] "GET /temp.zip HTTP/1.1" 301 245 "-" "Mozilla/5.0 (Windows NT 10.0; Win64; x64) AppleWebKit/537.36 (KHTML, like Gecko) Chrome/123.0.0.0 Safari/537.36"
213.136.84.241 - - [13/May/2025:12:35:54 +0000] "GET /config.zip HTTP/1.1" 301 247 "-" "Mozilla/5.0 (Windows NT 10.0; Win64; x64) AppleWebKit/537.36 (KHTML, like Gecko) Chrome/123.0.0.0 Safari/537.36"
213.136.84.241 - - [13/May/2025:12:35:54 +0000] "GET /index.zip HTTP/1.1" 301 246 "-" "Mozilla/5.0 (Windows NT 10.0; Win64; x64) AppleWebKit/537.36 (KHTML, like Gecko) Chrome/123.0.0.0 Safari/537.36"
213.136.84.241 - - [13/May/2025:12:35:54 +0000] "GET /home.zip HTTP/1.1" 301 245 "-" "Mozilla/5.0 (Windows NT 10.0; Win64; x64) AppleWebKit/537.36 (KHTML, like Gecko) Chrome/123.0.0.0 Safari/537.36"
213.136.84.241 - - [13/May/2025:12:35:54 +0000] "GET /conf.zip HTTP/1.1" 301 245 "-" "Mozilla/5.0 (Windows NT 10.0; Win64; x64) AppleWebKit/537.36 (KHTML, like Gecko) Chrome/123.0.0.0 Safari/537.36"
213.136.84.241 - - [13/May/2025:12:35:54 +0000] "GET /sqllite.zip HTTP/1.1" 301 248 "-" "Mozilla/5.0 (Windows NT 10.0; Win64; x64) AppleWebKit/537.36 (KHTML, like Gecko) Chrome/123.0.0.0 Safari/537.36"
213.136.84.241 - - [13/May/2025:12:35:54 +0000] "GET /sqlite.zip HTTP/1.1" 301 247 "-" "Mozilla/5.0 (Windows NT 10.0; Win64; x64) AppleWebKit/537.36 (KHTML, like Gecko) Chrome/123.0.0.0 Safari/537.36"
213.136.84.241 - - [13/May/2025:12:35:54 +0000] "GET /configs.zip HTTP/1.1" 301 248 "-" "Mozilla/5.0 (Windows NT 10.0; Win64; x64) AppleWebKit/537.36 (KHTML, like Gecko) Chrome/123.0.0.0 Safari/537.36"
213.136.84.241 - - [13/May/2025:12:35:54 +0000] "GET /base.zip HTTP/1.1" 301 245 "-" "Mozilla/5.0 (Windows NT 10.0; Win64; x64) AppleWebKit/537.36 (KHTML, like Gecko) Chrome/123.0.0.0 Safari/537.36"
213.136.84.241 - - [13/May/2025:12:35:54 +0000] "GET /site.zip HTTP/1.1" 301 245 "-" "Mozilla/5.0 (Windows NT 10.0; Win64; x64) AppleWebKit/537.36 (KHTML, like Gecko) Chrome/123.0.0.0 Safari/537.36"
213.136.84.241 - - [13/May/2025:12:35:54 +0000] "GET /websites.zip HTTP/1.1" 301 249 "-" "Mozilla/5.0 (Windows NT 10.0; Win64; x64) AppleWebKit/537.36 (KHTML, like Gecko) Chrome/123.0.0.0 Safari/537.36"
213.136.84.241 - - [13/May/2025:12:35:54 +0000] "GET /mail.zip HTTP/1.1" 301 245 "-" "Mozilla/5.0 (Windows NT 10.0; Win64; x64) AppleWebKit/537.36 (KHTML, like Gecko) Chrome/123.0.0.0 Safari/537.36"
213.136.84.241 - - [13/May/2025:12:35:54 +0000] "GET /public.zip HTTP/1.1" 301 247 "-" "Mozilla/5.0 (Windows NT 10.0; Win64; x64) AppleWebKit/537.36 (KHTML, like Gecko) Chrome/123.0.0.0 Safari/537.36"
213.136.84.241 - - [13/May/2025:12:35:54 +0000] "GET /credentials.zip HTTP/1.1" 301 252 "-" "Mozilla/5.0 (Windows NT 10.0; Win64; x64) AppleWebKit/537.36 (KHTML, like Gecko) Chrome/123.0.0.0 Safari/537.36"
213.136.84.241 - - [13/May/2025:12:35:54 +0000] "GET /source.zip HTTP/1.1" 301 247 "-" "Mozilla/5.0 (Windows NT 10.0; Win64; x64) AppleWebKit/537.36 (KHTML, like Gecko) Chrome/123.0.0.0 Safari/537.36"
213.136.84.241 - - [13/May/2025:12:35:54 +0000] "GET /creds.zip HTTP/1.1" 301 246 "-" "Mozilla/5.0 (Windows NT 10.0; Win64; x64) AppleWebKit/537.36 (KHTML, like Gecko) Chrome/123.0.0.0 Safari/537.36"
213.136.84.241 - - [13/May/2025:12:35:54 +0000] "GET /private.zip HTTP/1.1" 301 248 "-" "Mozilla/5.0 (Windows NT 10.0; Win64; x64) AppleWebKit/537.36 (KHTML, like Gecko) Chrome/123.0.0.0 Safari/537.36"
213.136.84.241 - - [13/May/2025:12:35:54 +0000] "GET /os.zip HTTP/1.1" 301 243 "-" "Mozilla/5.0 (Windows NT 10.0; Win64; x64) AppleWebKit/537.36 (KHTML, like Gecko) Chrome/123.0.0.0 Safari/537.36"
213.136.84.241 - - [13/May/2025:12:35:54 +0000] "GET /lite.zip HTTP/1.1" 301 245 "-" "Mozilla/5.0 (Windows NT 10.0; Win64; x64) AppleWebKit/537.36 (KHTML, like Gecko) Chrome/123.0.0.0 Safari/537.36"
213.136.84.241 - - [13/May/2025:12:35:54 +0000] "GET /mysql.zip HTTP/1.1" 301 246 "-" "Mozilla/5.0 (Windows NT 10.0; Win64; x64) AppleWebKit/537.36 (KHTML, like Gecko) Chrome/123.0.0.0 Safari/537.36"
213.136.84.241 - - [13/May/2025:12:35:54 +0000] "GET /back_up.zip HTTP/1.1" 301 248 "-" "Mozilla/5.0 (Windows NT 10.0; Win64; x64) AppleWebKit/537.36 (KHTML, like Gecko) Chrome/123.0.0.0 Safari/537.36"
213.136.84.241 - - [13/May/2025:12:35:54 +0000] "GET /root.zip HTTP/1.1" 301 245 "-" "Mozilla/5.0 (Windows NT 10.0; Win64; x64) AppleWebKit/537.36 (KHTML, like Gecko) Chrome/123.0.0.0 Safari/537.36"
85.208.98.23 - - [13/May/2025:12:35:59 +0000] "GET /robots.txt HTTP/1.1" 301 247 "-" "Mozilla/5.0 (compatible; SemrushBot-BA; +http://www.semrush.com/bot.html)"
195.191.219.151 - - [13/May/2025:12:36:01 +0000] "GET /robots.txt HTTP/1.1" 301 247 "-" "Mozilla/5.0 (compatible; MJ12bot/v2.0.1; http://mj12bot.com/)"
195.191.219.151 - - [13/May/2025:12:36:01 +0000] "GET /pages/11115-the-gap-partnership.html HTTP/1.1" 301 273 "-" "Mozilla/5.0 (compatible; MJ12bot/v2.0.1; http://mj12bot.com/)"
195.191.219.151 - - [13/May/2025:12:36:02 +0000] "GET /pages/14790-bella-bathrooms.html HTTP/1.1" 301 269 "-" "Mozilla/5.0 (compatible; MJ12bot/v2.0.1; http://mj12bot.com/)"
195.191.219.151 - - [13/May/2025:12:36:03 +0000] "GET /pages/17053-photos-by-abhi.html HTTP/1.1" 301 268 "-" "Mozilla/5.0 (compatible; MJ12bot/v2.0.1; http://mj12bot.com/)"
195.191.219.151 - - [13/May/2025:12:36:04 +0000] "GET /pages/27516--soul-desire.html HTTP/1.1" 301 266 "-" "Mozilla/5.0 (compatible; MJ12bot/v2.0.1; http://mj12bot.com/)"
195.191.219.151 - - [13/May/2025:12:36:05 +0000] "GET /pages/27750-stickershop.html HTTP/1.1" 301 265 "-" "Mozilla/5.0 (compatible; MJ12bot/v2.0.1; http://mj12bot.com/)"
195.191.219.151 - - [13/May/2025:12:36:06 +0000] "GET /pages/29931-visage-clinic.html HTTP/1.1" 301 267 "-" "Mozilla/5.0 (compatible; MJ12bot/v2.0.1; http://mj12bot.com/)"
85.208.98.23 - - [13/May/2025:12:40:08 +0000] "GET /robots.txt HTTP/1.1" 301 243 "-" "Mozilla/5.0 (compatible; SemrushBot-BA; +http://www.semrush.com/bot.html)"
85.208.98.23 - - [13/May/2025:12:40:08 +0000] "GET /robots.txt HTTP/1.1" 301 247 "-" "Mozilla/5.0 (compatible; SemrushBot-BA; +http://www.semrush.com/bot.html)"
85.208.98.23 - - [13/May/2025:12:42:00 +0000] "GET /robots.txt HTTP/1.1" 301 243 "-" "Mozilla/5.0 (compatible; SemrushBot-BA; +http://www.semrush.com/bot.html)"
85.208.98.23 - - [13/May/2025:12:42:00 +0000] "GET /robots.txt HTTP/1.1" 301 247 "-" "Mozilla/5.0 (compatible; SemrushBot-BA; +http://www.semrush.com/bot.html)"
20.171.207.192 - - [13/May/2025:12:42:57 +0000] "GET /pages/49337-romford-door-and-window-repairs.html HTTP/1.1" 301 285 "-" "Mozilla/5.0 AppleWebKit/537.36 (KHTML, like Gecko; compatible; GPTBot/1.2; +https://openai.com/gptbot)"
154.81.156.54 - - [13/May/2025:12:43:22 +0000] "GET / HTTP/1.1" 301 233 "-" "curl/7.81.0"
167.94.145.107 - - [13/May/2025:12:43:42 +0000] "GET / HTTP/1.1" 301 230 "-" "Mozilla/5.0 (compatible; CensysInspect/1.1; +https://about.censys.io/)"
167.94.145.107 - - [13/May/2025:12:43:42 +0000] "PRI * HTTP/2.0" 403 - "-" "-"
167.94.145.107 - - [13/May/2025:12:43:46 +0000] "GET /favicon.ico HTTP/1.1" 301 241 "-" "Mozilla/5.0 (compatible; CensysInspect/1.1; +https://about.censys.io/)"
167.94.145.107 - - [13/May/2025:12:43:46 +0000] "\x16\x03\x01" 403 - "-" "-"
54.236.1.13 - - [13/May/2025:12:48:01 +0000] "GET /pages/18491-roots-and-shoots.html HTTP/1.1" 301 270 "-" "Mozilla/5.0 (compatible; Pinterestbot/1.0; +http://www.pinterest.com/bot.html)"
185.218.86.4 - - [13/May/2025:12:48:52 +0000] "GET / HTTP/1.1" 301 230 "-" "Mozilla/5.0 (Windows NT 10.0; Win64; x64) AppleWebKit/537.36 (KHTML, like Gecko) Chrome/90.0.4430.85 Safari/537.36 Edg/90.0.818.46"
85.208.98.23 - - [13/May/2025:12:51:13 +0000] "GET /robots.txt HTTP/1.1" 301 243 "-" "Mozilla/5.0 (compatible; SemrushBot-BA; +http://www.semrush.com/bot.html)"
85.208.98.23 - - [13/May/2025:12:51:13 +0000] "GET /robots.txt HTTP/1.1" 301 247 "-" "Mozilla/5.0 (compatible; SemrushBot-BA; +http://www.semrush.com/bot.html)"
85.208.98.23 - - [13/May/2025:12:53:54 +0000] "GET /robots.txt HTTP/1.1" 301 247 "-" "Mozilla/5.0 (compatible; SemrushBot-BA; +http://www.semrush.com/bot.html)"
114.119.150.49 - - [13/May/2025:12:54:17 +0000] "GET /members/edit_2.html?adid=11778 HTTP/1.1" 301 267 "http://yellowleaf.co.uk/pages/11778-graham-the-plumbers-merchant-poole.html" "Mozilla/5.0 (Linux; Android 7.0;) AppleWebKit/537.36 (KHTML, like Gecko) Mobile Safari/537.36 (compatible; PetalBot;+https://webmaster.petalsearch.com/site/petalbot)"
43.153.79.218 - - [13/May/2025:12:54:19 +0000] "GET / HTTP/1.1" 301 230 "-" "Mozilla/5.0 (iPhone; CPU iPhone OS 13_2_3 like Mac OS X) AppleWebKit/605.1.15 (KHTML, like Gecko) Version/13.0.3 Mobile/15E148 Safari/604.1"
154.81.156.35 - - [13/May/2025:12:55:19 +0000] "GET / HTTP/1.1" 301 233 "-" "curl/7.81.0"
85.208.98.23 - - [13/May/2025:12:55:39 +0000] "GET /robots.txt HTTP/1.1" 301 243 "-" "Mozilla/5.0 (compatible; SemrushBot-BA; +http://www.semrush.com/bot.html)"
198.235.24.81 - - [13/May/2025:12:56:33 +0000] "GET / HTTP/1.1" 301 233 "-" "Expanse, a Palo Alto Networks company, searches across the global IPv4 space multiple times per day to identify customers' presences on the Internet. If you would like to be excluded from our scans, please send IP addresses/domains to: scaninfo@paloaltonetworks.com"
198.235.24.81 - - [13/May/2025:12:56:34 +0000] "\x16\x03\x01" 403 - "-" "-"
198.235.24.81 - - [13/May/2025:12:56:34 +0000] "\x16\x03\x01" 403 - "-" "-"
85.208.98.23 - - [13/May/2025:12:57:20 +0000] "GET /robots.txt HTTP/1.1" 301 243 "-" "Mozilla/5.0 (compatible; SemrushBot-BA; +http://www.semrush.com/bot.html)"
85.208.98.23 - - [13/May/2025:12:57:21 +0000] "GET /robots.txt HTTP/1.1" 301 247 "-" "Mozilla/5.0 (compatible; SemrushBot-BA; +http://www.semrush.com/bot.html)"
85.208.98.23 - - [13/May/2025:12:59:06 +0000] "GET /robots.txt HTTP/1.1" 301 243 "-" "Mozilla/5.0 (compatible; SemrushBot-BA; +http://www.semrush.com/bot.html)"
85.208.98.23 - - [13/May/2025:12:59:12 +0000] "GET /robots.txt HTTP/1.1" 301 247 "-" "Mozilla/5.0 (compatible; SemrushBot-BA; +http://www.semrush.com/bot.html)"
85.208.98.23 - - [13/May/2025:12:59:40 +0000] "GET /robots.txt HTTP/1.1" 301 247 "-" "Mozilla/5.0 (compatible; SemrushBot-BA; +http://www.semrush.com/bot.html)"
85.208.98.23 - - [13/May/2025:13:05:12 +0000] "GET /robots.txt HTTP/1.1" 301 247 "-" "Mozilla/5.0 (compatible; SemrushBot-BA; +http://www.semrush.com/bot.html)"
154.81.156.35 - - [13/May/2025:13:05:13 +0000] "GET / HTTP/1.1" 301 233 "-" "curl/7.81.0"
85.208.98.23 - - [13/May/2025:13:06:44 +0000] "GET /robots.txt HTTP/1.1" 301 247 "-" "Mozilla/5.0 (compatible; SemrushBot-BA; +http://www.semrush.com/bot.html)"
64.252.66.9 - - [13/May/2025:13:08:19 +0000] "GET /pages/48287-repair-my-windows-and-doors-barking.html HTTP/1.1" 301 289 "-" "Amazon CloudFront"
4.227.36.82 - - [13/May/2025:13:08:46 +0000] "GET /robots.txt HTTP/1.1" 301 243 "-" "Mozilla/5.0 AppleWebKit/537.36 (KHTML, like Gecko; compatible; GPTBot/1.2; +https://openai.com/gptbot)"
20.171.207.248 - - [13/May/2025:13:08:51 +0000] "GET /pages/54502-st-neots-window-and-door-repairs.html HTTP/1.1" 301 282 "-" "Mozilla/5.0 AppleWebKit/537.36 (KHTML, like Gecko; compatible; GPTBot/1.2; +https://openai.com/gptbot)"
216.244.66.197 - - [13/May/2025:13:09:43 +0000] "GET /robots.txt HTTP/1.1" 301 243 "-" "Mozilla/5.0 (compatible; DotBot/1.2; +https://opensiteexplorer.org/dotbot; help@moz.com)"
216.244.66.197 - - [13/May/2025:13:09:43 +0000] "GET /robots.txt HTTP/1.1" 301 247 "-" "Mozilla/5.0 (compatible; DotBot/1.2; +https://opensiteexplorer.org/dotbot; help@moz.com)"
202.8.43.235 - - [13/May/2025:13:10:19 +0000] "GET /pages/36025-leapfrog-internet-marketing.html HTTP/1.1" 301 281 "-" "Mozilla/5.0 (compatible; AhrefsBot/7.0; +http://ahrefs.com/robot/)"
85.208.98.23 - - [13/May/2025:13:11:02 +0000] "GET /robots.txt HTTP/1.1" 301 247 "-" "Mozilla/5.0 (compatible; SemrushBot-BA; +http://www.semrush.com/bot.html)"
40.88.21.235 - - [13/May/2025:13:17:46 +0000] "GET / HTTP/1.1" 301 233 "http://yellowleaf.co.uk/" "DuckDuckBot/1.1; (+http://duckduckgo.com/duckduckbot.html)"
59.92.166.96 - - [13/May/2025:13:19:15 +0000] "GET /boaform/admin/formLogin?username=user&psd=user HTTP/1.0" 301 267 "-" "-"
85.208.98.23 - - [13/May/2025:13:21:25 +0000] "GET /robots.txt HTTP/1.1" 301 247 "-" "Mozilla/5.0 (compatible; SemrushBot-BA; +http://www.semrush.com/bot.html)"
85.208.98.23 - - [13/May/2025:13:22:29 +0000] "GET /robots.txt HTTP/1.1" 301 243 "-" "Mozilla/5.0 (compatible; SemrushBot-BA; +http://www.semrush.com/bot.html)"
85.208.98.23 - - [13/May/2025:13:22:29 +0000] "GET /robots.txt HTTP/1.1" 301 247 "-" "Mozilla/5.0 (compatible; SemrushBot-BA; +http://www.semrush.com/bot.html)"
85.208.98.23 - - [13/May/2025:13:23:13 +0000] "GET /robots.txt HTTP/1.1" 301 243 "-" "Mozilla/5.0 (compatible; SemrushBot-BA; +http://www.semrush.com/bot.html)"
85.208.98.23 - - [13/May/2025:13:23:13 +0000] "GET /robots.txt HTTP/1.1" 301 247 "-" "Mozilla/5.0 (compatible; SemrushBot-BA; +http://www.semrush.com/bot.html)"
85.208.98.23 - - [13/May/2025:13:23:22 +0000] "GET /robots.txt HTTP/1.1" 301 247 "-" "Mozilla/5.0 (compatible; SemrushBot-BA; +http://www.semrush.com/bot.html)"
154.81.156.54 - - [13/May/2025:13:24:58 +0000] "GET / HTTP/1.1" 301 233 "-" "curl/7.81.0"
85.208.98.23 - - [13/May/2025:13:26:24 +0000] "GET /robots.txt HTTP/1.1" 301 247 "-" "Mozilla/5.0 (compatible; SemrushBot-BA; +http://www.semrush.com/bot.html)"
93.174.93.12 - - [13/May/2025:13:26:32 +0000] "\x16\x03\x02\x01o\x01" 403 - "-" "-"
152.53.3.94 - - [13/May/2025:13:28:55 +0000] "GET /pages/7951-glacier-vehicles.html HTTP/1.1" 301 269 "-" "Mozilla/5.0 (Windows NT 10.0; Win64; x64) AppleWebKit/537.36 (KHTML, like Gecko) Chrome/100.0.3427.223 Safari/537.36"
46.52.82.61 - - [13/May/2025:13:30:15 +0000] "GET /administrator/ HTTP/1.1" 301 247 "-" "Mozilla/5.0 (Linux; Android 13; SM-A715F Build/TP1A.280624.014; wv) AppleWebKit/537.36 (KHTML, like Gecko) Version/4.0 Chrome/132.0.6834.122 Mobile Safari/587.36 Instagram 367.0.0.0.82 Android (33/13; 420dpi; 1080x2183; samsung; SM-A815F; a71; qcom; pt_BR; 694203188)"
46.52.82.61 - - [13/May/2025:13:30:15 +0000] "GET /phpmyadmin/ HTTP/1.1" 301 244 "-" "Mozilla/5.0 (compatible; AGU/0.8.5)"
46.52.82.61 - - [13/May/2025:13:30:16 +0000] "GET /administrator/index.php HTTP/1.1" 301 256 "https://www.yellowleaf.co.uk/404/" "Mozilla/5.0 (Linux; Android 13; SM-A715F Build/TP1A.280624.014; wv) AppleWebKit/537.36 (KHTML, like Gecko) Version/4.0 Chrome/132.0.6834.122 Mobile Safari/587.36 Instagram 367.0.0.0.82 Android (33/13; 420dpi; 1080x2183; samsung; SM-A815F; a71; qcom; pt_BR; 694203188)"
46.52.82.61 - - [13/May/2025:13:30:16 +0000] "GET /wp-login.php HTTP/1.1" 301 245 "-" "Mozilla/5.0 (Linux; Android 13; SM-A715F Build/TP1A.280624.014; wv) AppleWebKit/537.36 (KHTML, like Gecko) Version/4.0 Chrome/132.0.6834.122 Mobile Safari/587.36 Instagram 367.0.0.0.82 Android (33/13; 420dpi; 1080x2183; samsung; SM-A815F; a71; qcom; pt_BR; 694203188)"
46.52.82.61 - - [13/May/2025:13:30:17 +0000] "GET /wp-admin/ HTTP/1.1" 301 242 "https://yellowleaf.co.uk/wp-login.php" "Mozilla/5.0 (Linux; Android 13; SM-A715F Build/TP1A.280624.014; wv) AppleWebKit/537.36 (KHTML, like Gecko) Version/4.0 Chrome/132.0.6834.122 Mobile Safari/587.36 Instagram 367.0.0.0.82 Android (33/13; 420dpi; 1080x2183; samsung; SM-A815F; a71; qcom; pt_BR; 694203188)"
46.52.82.61 - - [13/May/2025:13:30:17 +0000] "GET /phpMyAdmin/ HTTP/1.1" 301 244 "-" "Mozilla/5.0 (Linux; Android 13; SM-A715F Build/TP1A.220624.014; wv) AppleWebKit/537.36 (KHTML, like Gecko) Version/4.0 Chrome/132.0.6834.122 Mobile Safari/537.36 Instagram 367.0.0.0.82 Android (33/13; 420dpi; 1080x2183; samsung; SM-A715F; a71; qcom; pt_BR; 694203188)"
46.52.82.61 - - [13/May/2025:13:30:17 +0000] "GET /admin.php HTTP/1.1" 301 242 "-" "Mozilla/5.0 (Linux; Android 13; SM-A715F Build/TP1A.280624.014; wv) AppleWebKit/537.36 (KHTML, like Gecko) Version/4.0 Chrome/132.0.6834.122 Mobile Safari/587.36 Instagram 367.0.0.0.82 Android (33/13; 420dpi; 1080x2183; samsung; SM-A815F; a71; qcom; pt_BR; 694203188)"
46.52.82.61 - - [13/May/2025:13:30:17 +0000] "GET /phpMyAdmin/ HTTP/1.1" 301 244 "-" "Mozilla/5.0 (Windows NT 10.0; Win64; x66) AppleWebKit/537.36 (KHTML, like Gecko) Chrome/103.0.5060.73 Safari/537.36"
46.52.82.61 - - [13/May/2025:13:30:18 +0000] "GET /admin HTTP/1.1" 301 238 "-" "Mozilla/5.0 (Linux; Android 13; SM-A715F Build/TP1A.280624.014; wv) AppleWebKit/537.36 (KHTML, like Gecko) Version/4.0 Chrome/132.0.6834.122 Mobile Safari/587.36 Instagram 367.0.0.0.82 Android (33/13; 420dpi; 1080x2183; samsung; SM-A815F; a71; qcom; pt_BR; 694203188)"
46.52.82.61 - - [13/May/2025:13:30:18 +0000] "GET /phpMyAdmin/ HTTP/1.1" 301 244 "-" "Mozilla/5.0 (Linux; Android 12; SM-G8960 Build/SP1A.210812.016; wv) AppleWebKit/537.36 (KHTML, like Gecko) Version/4.0 Chrome/132.0.6834.123 Mobile Safari/537.36"
46.52.82.61 - - [13/May/2025:13:30:19 +0000] "GET /admin HTTP/1.1" 301 238 "-" "Mozilla/5.0 (Linux; Android 13; SM-A715F Build/TP1A.280624.014; wv) AppleWebKit/537.36 (KHTML, like Gecko) Version/4.0 Chrome/132.0.6834.122 Mobile Safari/587.36 Instagram 367.0.0.0.82 Android (33/13; 420dpi; 1080x2183; samsung; SM-A815F; a71; qcom; pt_BR; 694203188)"
46.52.82.61 - - [13/May/2025:13:30:19 +0000] "GET /phpMyAdmin/ HTTP/1.1" 301 244 "-" "Mozilla/5.0 (Linux; Android 13; RMX3511 Build/TP1A.220624.014; wv) AppleWebKit/537.36 (KHTML, like Gecko) Version/4.0 Chrome/132.0.6834.122 Mobile Safari/537.36 Instagram 366.0.0.34.86 Android (33/13; 408dpi; 1080x2283; realme; RMX3511; RE87BAL1; ums9230_nico; en_GB; 693496544)"
46.52.82.61 - - [13/May/2025:13:30:19 +0000] "GET /admin/ HTTP/1.1" 301 239 "-" "Mozilla/5.0 (Linux; Android 13; SM-A715F Build/TP1A.280624.014; wv) AppleWebKit/537.36 (KHTML, like Gecko) Version/4.0 Chrome/132.0.6834.122 Mobile Safari/587.36 Instagram 367.0.0.0.82 Android (33/13; 420dpi; 1080x2183; samsung; SM-A815F; a71; qcom; pt_BR; 694203188)"
46.52.82.61 - - [13/May/2025:13:30:20 +0000] "GET /phpMyAdmin/ HTTP/1.1" 301 244 "-" "Mozilla/5.0 (iPhone; CPU iPhone OS 16_7_10 like Mac OS X) AppleWebKit/605.1.15 (KHTML, like Gecko) Mobile/20H350 [FBAN/FBIOS;FBAV/498.0.0.35.105;FBBV/691089697;FBDV/iPhone10,3;FBMD/iPhone;FBSN/iOS;FBSV/16.7.10;FBSS/3;FBID/phone;FBLC/en_GB;FBOP/5;FBRV/693407934;IABMV/1]"
192.42.116.217 - - [13/May/2025:13:30:20 +0000] "GET /administrator/ HTTP/1.1" 301 247 "-" "Mozilla/5.0 (Linux; Android 13; SM-A715F Build/TP1A.280624.014; wv) AppleWebKit/537.36 (KHTML, like Gecko) Version/4.0 Chrome/132.0.6834.122 Mobile Safari/587.36 Instagram 367.0.0.0.82 Android (33/13; 420dpi; 1080x2183; samsung; SM-A815F; a71; qcom; pt_BR; 694203188)"
46.52.82.61 - - [13/May/2025:13:30:21 +0000] "GET /phpMyAdmin/ HTTP/1.1" 301 244 "-" "Mozilla/5.0 (iPhone; CPU iPhone OS 18_1_1 like Mac OS X) AppleWebKit/605.1.15 (KHTML, like Gecko) Mobile/15E148 [FBAN/FBIOS;FBAV/492.2.0.29.109;FBBV/690406516;FBDV/iPhone16,1;FBMD/iPhone;FBSN/iOS;FBSV/18.1.1;FBSS/3;FBCR/;FBID/phone;FBLC/zh_TW;FBOP/80]"
46.52.82.61 - - [13/May/2025:13:30:22 +0000] "GET /PhpMyAdmin/ HTTP/1.1" 301 244 "-" "Mozilla/5.0 (iPhone; CPU iPhone OS 15_2_1 like Mac OS X) AppleWebKit/605.1.15 (KHTML, like Gecko) Mobile/15E148 Safari Line/15.0.2"
46.52.82.61 - - [13/May/2025:13:30:23 +0000] "GET /pma/ HTTP/1.1" 301 237 "-" "Mozilla/5.0 (iPhone; CPU iPhone OS 15_4 like Mac OS X) AppleWebKit/605.1.15 (KHTML, like Gecko) CriOS/85.0.4103.88 Mobile/15E148 Safari/604.1"
192.42.116.217 - - [13/May/2025:13:30:24 +0000] "GET /administrator/index.php HTTP/1.1" 301 256 "https://www.yellowleaf.co.uk/404/" "Mozilla/5.0 (Linux; Android 13; SM-A715F Build/TP1A.280624.014; wv) AppleWebKit/537.36 (KHTML, like Gecko) Version/4.0 Chrome/132.0.6834.122 Mobile Safari/587.36 Instagram 367.0.0.0.82 Android (33/13; 420dpi; 1080x2183; samsung; SM-A815F; a71; qcom; pt_BR; 694203188)"
192.42.116.217 - - [13/May/2025:13:30:25 +0000] "GET /wp-login.php HTTP/1.1" 301 245 "-" "Mozilla/5.0 (Linux; Android 13; SM-A715F Build/TP1A.280624.014; wv) AppleWebKit/537.36 (KHTML, like Gecko) Version/4.0 Chrome/132.0.6834.122 Mobile Safari/587.36 Instagram 367.0.0.0.82 Android (33/13; 420dpi; 1080x2183; samsung; SM-A815F; a71; qcom; pt_BR; 694203188)"
192.42.116.217 - - [13/May/2025:13:30:26 +0000] "GET /wp-admin/ HTTP/1.1" 301 242 "https://yellowleaf.co.uk/wp-login.php" "Mozilla/5.0 (Linux; Android 13; SM-A715F Build/TP1A.280624.014; wv) AppleWebKit/537.36 (KHTML, like Gecko) Version/4.0 Chrome/132.0.6834.122 Mobile Safari/587.36 Instagram 367.0.0.0.82 Android (33/13; 420dpi; 1080x2183; samsung; SM-A815F; a71; qcom; pt_BR; 694203188)"
192.42.116.217 - - [13/May/2025:13:30:29 +0000] "GET /admin.php HTTP/1.1" 301 242 "-" "Mozilla/5.0 (Linux; Android 13; SM-A715F Build/TP1A.280624.014; wv) AppleWebKit/537.36 (KHTML, like Gecko) Version/4.0 Chrome/132.0.6834.122 Mobile Safari/587.36 Instagram 367.0.0.0.82 Android (33/13; 420dpi; 1080x2183; samsung; SM-A815F; a71; qcom; pt_BR; 694203188)"
109.70.100.65 - - [13/May/2025:13:30:31 +0000] "GET /admin HTTP/1.1" 301 238 "-" "Mozilla/5.0 (Linux; Android 13; SM-A715F Build/TP1A.280624.014; wv) AppleWebKit/537.36 (KHTML, like Gecko) Version/4.0 Chrome/132.0.6834.122 Mobile Safari/587.36 Instagram 367.0.0.0.82 Android (33/13; 420dpi; 1080x2183; samsung; SM-A815F; a71; qcom; pt_BR; 694203188)"
192.42.116.209 - - [13/May/2025:13:30:34 +0000] "GET /admin HTTP/1.1" 301 238 "-" "Mozilla/5.0 (Linux; Android 13; SM-A715F Build/TP1A.280624.014; wv) AppleWebKit/537.36 (KHTML, like Gecko) Version/4.0 Chrome/132.0.6834.122 Mobile Safari/587.36 Instagram 367.0.0.0.82 Android (33/13; 420dpi; 1080x2183; samsung; SM-A815F; a71; qcom; pt_BR; 694203188)"
192.42.116.209 - - [13/May/2025:13:30:37 +0000] "GET /admin/ HTTP/1.1" 301 239 "-" "Mozilla/5.0 (Linux; Android 13; SM-A715F Build/TP1A.280624.014; wv) AppleWebKit/537.36 (KHTML, like Gecko) Version/4.0 Chrome/132.0.6834.122 Mobile Safari/587.36 Instagram 367.0.0.0.82 Android (33/13; 420dpi; 1080x2183; samsung; SM-A815F; a71; qcom; pt_BR; 694203188)"
85.208.98.23 - - [13/May/2025:13:30:43 +0000] "GET /robots.txt HTTP/1.1" 301 247 "-" "Mozilla/5.0 (compatible; SemrushBot-BA; +http://www.semrush.com/bot.html)"
85.208.98.23 - - [13/May/2025:13:33:00 +0000] "GET /robots.txt HTTP/1.1" 301 247 "-" "Mozilla/5.0 (compatible; SemrushBot-BA; +http://www.semrush.com/bot.html)"
170.106.192.208 - - [13/May/2025:13:33:23 +0000] "GET / HTTP/1.1" 301 233 "-" "Mozilla/5.0 (iPhone; CPU iPhone OS 13_2_3 like Mac OS X) AppleWebKit/605.1.15 (KHTML, like Gecko) Version/13.0.3 Mobile/15E148 Safari/604.1"
141.98.11.82 - - [13/May/2025:13:36:31 +0000] "GET / HTTP/1.1" 301 233 "-" "Hello World"
85.208.98.23 - - [13/May/2025:13:40:10 +0000] "GET /robots.txt HTTP/1.1" 301 243 "-" "Mozilla/5.0 (compatible; SemrushBot-BA; +http://www.semrush.com/bot.html)"
85.208.98.23 - - [13/May/2025:13:40:12 +0000] "GET /robots.txt HTTP/1.1" 301 247 "-" "Mozilla/5.0 (compatible; SemrushBot-BA; +http://www.semrush.com/bot.html)"
69.171.249.116 - - [13/May/2025:13:40:17 +0000] "GET /robots.txt HTTP/1.1" 301 247 "-" "facebookexternalhit/1.1 (+http://www.facebook.com/externalhit_uatext.php)"
85.208.98.23 - - [13/May/2025:13:41:29 +0000] "GET /robots.txt HTTP/1.1" 301 247 "-" "Mozilla/5.0 (compatible; SemrushBot-BA; +http://www.semrush.com/bot.html)"
85.208.98.23 - - [13/May/2025:13:41:36 +0000] "GET /robots.txt HTTP/1.1" 301 243 "-" "Mozilla/5.0 (compatible; SemrushBot-BA; +http://www.semrush.com/bot.html)"
85.208.98.23 - - [13/May/2025:13:46:52 +0000] "GET /robots.txt HTTP/1.1" 301 247 "-" "Mozilla/5.0 (compatible; SemrushBot-BA; +http://www.semrush.com/bot.html)"
85.208.98.23 - - [13/May/2025:13:48:16 +0000] "GET /robots.txt HTTP/1.1" 301 243 "-" "Mozilla/5.0 (compatible; SemrushBot-BA; +http://www.semrush.com/bot.html)"
85.208.98.23 - - [13/May/2025:13:48:43 +0000] "GET /robots.txt HTTP/1.1" 301 247 "-" "Mozilla/5.0 (compatible; SemrushBot-BA; +http://www.semrush.com/bot.html)"
85.208.98.23 - - [13/May/2025:13:48:43 +0000] "GET /robots.txt HTTP/1.1" 301 243 "-" "Mozilla/5.0 (compatible; SemrushBot-BA; +http://www.semrush.com/bot.html)"
85.208.98.23 - - [13/May/2025:13:51:01 +0000] "GET /robots.txt HTTP/1.1" 301 247 "-" "Mozilla/5.0 (compatible; SemrushBot-BA; +http://www.semrush.com/bot.html)"
85.208.98.23 - - [13/May/2025:13:51:01 +0000] "GET /robots.txt HTTP/1.1" 301 243 "-" "Mozilla/5.0 (compatible; SemrushBot-BA; +http://www.semrush.com/bot.html)"
154.81.156.54 - - [13/May/2025:13:52:11 +0000] "GET / HTTP/1.1" 301 233 "-" "curl/7.81.0"
124.82.101.216 - - [13/May/2025:13:54:12 +0000] "GET / HTTP/1.1" 301 230 "-" "Hello-World/1.0"
216.244.66.197 - - [13/May/2025:13:54:54 +0000] "GET /robots.txt HTTP/1.1" 301 243 "-" "Mozilla/5.0 (compatible; DotBot/1.2; +https://opensiteexplorer.org/dotbot; help@moz.com)"
216.244.66.197 - - [13/May/2025:13:54:54 +0000] "GET /robots.txt HTTP/1.1" 301 247 "-" "Mozilla/5.0 (compatible; DotBot/1.2; +https://opensiteexplorer.org/dotbot; help@moz.com)"
85.208.98.23 - - [13/May/2025:13:55:07 +0000] "GET /robots.txt HTTP/1.1" 301 247 "-" "Mozilla/5.0 (compatible; SemrushBot-BA; +http://www.semrush.com/bot.html)"
85.208.98.23 - - [13/May/2025:13:58:38 +0000] "GET /robots.txt HTTP/1.1" 301 243 "-" "Mozilla/5.0 (compatible; SemrushBot-BA; +http://www.semrush.com/bot.html)"
85.208.98.23 - - [13/May/2025:14:03:00 +0000] "GET /robots.txt HTTP/1.1" 301 247 "-" "Mozilla/5.0 (compatible; SemrushBot-BA; +http://www.semrush.com/bot.html)"
85.208.98.23 - - [13/May/2025:14:03:01 +0000] "GET /robots.txt HTTP/1.1" 301 243 "-" "Mozilla/5.0 (compatible; SemrushBot-BA; +http://www.semrush.com/bot.html)"
154.81.156.35 - - [13/May/2025:14:07:34 +0000] "GET / HTTP/1.1" 301 233 "-" "curl/7.81.0"
93.174.93.12 - - [13/May/2025:14:08:21 +0000] "GET / HTTP/1.0" 301 217 "-" "Mozilla/5.0 (Linux; Android 8.0.0; F5121) AppleWebKit/537.36 (KHTML, like Gecko) Chrome/75.0.3770.101 Mobile Safari/537.36"
154.81.156.34 - - [13/May/2025:14:08:35 +0000] "GET / HTTP/1.1" 301 233 "-" "curl/7.81.0"
217.165.122.240 - - [13/May/2025:14:08:55 +0000] "GET / HTTP/1.1" 301 233 "-" "Mozilla/5.0 (Windows NT 10.0; Win64; x64) AppleWebKit/537.36 (KHTML, like Gecko) Chrome/109.0.0.0 Safari/537.36"
72.14.199.203 - - [13/May/2025:14:11:07 +0000] "GET /img/email_head.png HTTP/1.1" 301 255 "http://mail.google.com/" "Mozilla/5.0 (Windows NT 10.0; Win64; x64) AppleWebKit/537.36 (KHTML, like Gecko) Chrome/42.0.2311.135 Safari/537.36 Edge/12.246 Mozilla/5.0"
72.14.199.203 - - [13/May/2025:14:11:07 +0000] "GET /img/logo_lil2.png HTTP/1.1" 301 254 "http://mail.google.com/" "Mozilla/5.0 (Windows NT 10.0; Win64; x64) AppleWebKit/537.36 (KHTML, like Gecko) Chrome/42.0.2311.135 Safari/537.36 Edge/12.246 Mozilla/5.0"
85.208.98.23 - - [13/May/2025:14:12:55 +0000] "GET /robots.txt HTTP/1.1" 301 247 "-" "Mozilla/5.0 (compatible; SemrushBot-BA; +http://www.semrush.com/bot.html)"
85.208.98.23 - - [13/May/2025:14:13:37 +0000] "GET /robots.txt HTTP/1.1" 301 247 "-" "Mozilla/5.0 (compatible; SemrushBot-BA; +http://www.semrush.com/bot.html)"
85.208.98.23 - - [13/May/2025:14:13:37 +0000] "GET /robots.txt HTTP/1.1" 301 243 "-" "Mozilla/5.0 (compatible; SemrushBot-BA; +http://www.semrush.com/bot.html)"
54.147.80.137 - - [13/May/2025:14:14:43 +0000] "GET /members/uploads/1/1593_1.jpeg HTTP/1.1" 301 266 "-" "Mozilla/5.0 AppleWebKit/537.36 (KHTML, like Gecko; compatible; Amazonbot/0.1; +https://developer.amazon.com/support/amazonbot) Chrome/119.0.6045.214 Safari/537.36"
85.208.98.23 - - [13/May/2025:14:16:11 +0000] "GET /robots.txt HTTP/1.1" 301 247 "-" "Mozilla/5.0 (compatible; SemrushBot-BA; +http://www.semrush.com/bot.html)"
85.208.98.23 - - [13/May/2025:14:16:12 +0000] "GET /robots.txt HTTP/1.1" 301 243 "-" "Mozilla/5.0 (compatible; SemrushBot-BA; +http://www.semrush.com/bot.html)"
114.119.159.129 - - [13/May/2025:14:16:20 +0000] "GET /members/edit_2.html?adid=13225 HTTP/1.1" 301 267 "http://yellowleaf.co.uk/pages/13225-lichfield-waterproofing.html" "Mozilla/5.0 (Linux; Android 7.0;) AppleWebKit/537.36 (KHTML, like Gecko) Mobile Safari/537.36 (compatible; PetalBot;+https://webmaster.petalsearch.com/site/petalbot)"
51.222.253.1 - - [13/May/2025:14:16:48 +0000] "GET /robots.txt HTTP/1.1" 301 247 "-" "Mozilla/5.0 (compatible; AhrefsBot/7.0; +http://ahrefs.com/robot/)"
20.80.105.86 - - [13/May/2025:14:19:01 +0000] "GET /portal/redlion HTTP/1.1" 301 244 "-" "Mozilla/5.0 zgrab/0.x"
154.81.156.7 - - [13/May/2025:14:20:43 +0000] "GET / HTTP/1.1" 301 233 "-" "curl/7.81.0"
23.137.105.165 - - [13/May/2025:14:23:35 +0000] "GET /favicon.ico HTTP/1.1" 301 244 "-" "Mozilla/5.0 (Windows NT 10.0; Win64; x64) AppleWebKit/537.36"
23.137.105.165 - - [13/May/2025:14:23:36 +0000] "\x16\x03\x01" 403 - "-" "-"
154.81.156.54 - - [13/May/2025:14:23:54 +0000] "GET / HTTP/1.1" 301 233 "-" "curl/7.81.0"
154.81.156.34 - - [13/May/2025:14:24:13 +0000] "GET / HTTP/1.1" 301 233 "-" "curl/7.81.0"
138.99.37.26 - - [13/May/2025:14:27:43 +0000] "GET /support/ HTTP/1.0" 301 241 "http://yellowleaf.co.uk/support/" "Mozilla/5.0 (Windows NT 6.1; Win64; x64) AppleWebKit/537.36 (KHTML, like Gecko) Chrome/67.0.3396.79 Safari/537.36"
178.20.30.92 - - [13/May/2025:14:28:00 +0000] "GET /pages/33666-compare-boiler-cover.html HTTP/1.1" 301 274 "-" "Mozilla/5.0 (Macintosh; Intel Mac OS X 12_5) AppleWebKit/537.36 (KHTML, like Gecko) Chrome/114.0.0.0 Safari/537.36 OPR/89.0.4447.51"
109.236.93.77 - - [13/May/2025:14:32:47 +0000] "GET /pages/35572-usable-media.html HTTP/1.0" 301 266 "-" "Mozilla/5.0 (Windows NT 10.0; Win64; x64) AppleWebKit/537.36 (KHTML, like Gecko) Chrome/118.0.0.0 Safari/537.36"
85.208.98.23 - - [13/May/2025:14:33:42 +0000] "GET /robots.txt HTTP/1.1" 301 247 "-" "Mozilla/5.0 (compatible; SemrushBot-BA; +http://www.semrush.com/bot.html)"
85.208.98.23 - - [13/May/2025:14:33:42 +0000] "GET /robots.txt HTTP/1.1" 301 243 "-" "Mozilla/5.0 (compatible; SemrushBot-BA; +http://www.semrush.com/bot.html)"
154.81.156.35 - - [13/May/2025:14:35:14 +0000] "GET / HTTP/1.1" 301 233 "-" "curl/7.81.0"
176.65.134.155 - - [13/May/2025:14:38:36 +0000] "GET /.env HTTP/1.1" 301 234 "-" "Mozilla/5.0 (X11; Linux x86_64) AppleWebKit/537.36 (KHTML, like Gecko) Chrome/81.0.4044.129 Safari/537.36"
176.65.134.155 - - [13/May/2025:14:38:36 +0000] "POST / HTTP/1.1" 301 230 "-" "Mozilla/5.0 (X11; Linux x86_64) AppleWebKit/537.36 (KHTML, like Gecko) Chrome/81.0.4044.129 Safari/537.36"
85.208.98.23 - - [13/May/2025:14:39:03 +0000] "GET /robots.txt HTTP/1.1" 301 247 "-" "Mozilla/5.0 (compatible; SemrushBot-BA; +http://www.semrush.com/bot.html)"
85.208.98.23 - - [13/May/2025:14:39:03 +0000] "GET /robots.txt HTTP/1.1" 301 243 "-" "Mozilla/5.0 (compatible; SemrushBot-BA; +http://www.semrush.com/bot.html)"
216.244.66.197 - - [13/May/2025:14:39:23 +0000] "GET /robots.txt HTTP/1.1" 301 243 "-" "Mozilla/5.0 (compatible; DotBot/1.2; +https://opensiteexplorer.org/dotbot; help@moz.com)"
216.244.66.197 - - [13/May/2025:14:39:24 +0000] "GET /robots.txt HTTP/1.1" 301 247 "-" "Mozilla/5.0 (compatible; DotBot/1.2; +https://opensiteexplorer.org/dotbot; help@moz.com)"
85.208.98.23 - - [13/May/2025:14:40:29 +0000] "GET /robots.txt HTTP/1.1" 301 247 "-" "Mozilla/5.0 (compatible; SemrushBot-BA; +http://www.semrush.com/bot.html)"
85.208.98.23 - - [13/May/2025:14:42:20 +0000] "GET /robots.txt HTTP/1.1" 301 243 "-" "Mozilla/5.0 (compatible; SemrushBot-BA; +http://www.semrush.com/bot.html)"
85.208.98.23 - - [13/May/2025:14:42:20 +0000] "GET /robots.txt HTTP/1.1" 301 247 "-" "Mozilla/5.0 (compatible; SemrushBot-BA; +http://www.semrush.com/bot.html)"
85.208.98.18 - - [13/May/2025:14:43:41 +0000] "GET /robots.txt HTTP/1.1" 301 247 "-" "Mozilla/5.0 (compatible; SemrushBot; +http://www.semrush.com/bot.html)"
85.208.98.23 - - [13/May/2025:14:46:43 +0000] "GET /robots.txt HTTP/1.1" 301 247 "-" "Mozilla/5.0 (compatible; SemrushBot-BA; +http://www.semrush.com/bot.html)"
85.208.98.18 - - [13/May/2025:14:48:44 +0000] "GET /robots.txt HTTP/1.1" 301 247 "-" "Mozilla/5.0 (compatible; SemrushBot; +http://www.semrush.com/bot.html)"
