85.208.98.18 - - [13/May/2025:14:49:24 +0000] "GET /robots.txt HTTP/1.1" 301 243 "-" "Mozilla/5.0 (compatible; SemrushBot; +http://www.semrush.com/bot.html)"
85.208.98.23 - - [13/May/2025:14:53:02 +0000] "GET /robots.txt HTTP/1.1" 301 243 "-" "Mozilla/5.0 (compatible; SemrushBot-BA; +http://www.semrush.com/bot.html)"
85.208.98.23 - - [13/May/2025:14:53:02 +0000] "GET /robots.txt HTTP/1.1" 301 247 "-" "Mozilla/5.0 (compatible; SemrushBot-BA; +http://www.semrush.com/bot.html)"
85.208.98.23 - - [13/May/2025:14:53:27 +0000] "GET /robots.txt HTTP/1.1" 301 247 "-" "Mozilla/5.0 (compatible; SemrushBot-BA; +http://www.semrush.com/bot.html)"
85.208.98.23 - - [13/May/2025:14:53:30 +0000] "GET /robots.txt HTTP/1.1" 301 243 "-" "Mozilla/5.0 (compatible; SemrushBot-BA; +http://www.semrush.com/bot.html)"
85.208.98.18 - - [13/May/2025:14:53:48 +0000] "GET /robots.txt HTTP/1.1" 301 247 "-" "Mozilla/5.0 (compatible; SemrushBot; +http://www.semrush.com/bot.html)"
85.208.98.18 - - [13/May/2025:14:55:40 +0000] "GET /robots.txt HTTP/1.1" 301 243 "-" "Mozilla/5.0 (compatible; SemrushBot; +http://www.semrush.com/bot.html)"
85.208.98.23 - - [13/May/2025:14:59:57 +0000] "GET /robots.txt HTTP/1.1" 301 247 "-" "Mozilla/5.0 (compatible; SemrushBot-BA; +http://www.semrush.com/bot.html)"
85.208.98.23 - - [13/May/2025:15:00:13 +0000] "GET /robots.txt HTTP/1.1" 301 243 "-" "Mozilla/5.0 (compatible; SemrushBot-BA; +http://www.semrush.com/bot.html)"
85.208.98.23 - - [13/May/2025:15:00:13 +0000] "GET /robots.txt HTTP/1.1" 301 247 "-" "Mozilla/5.0 (compatible; SemrushBot-BA; +http://www.semrush.com/bot.html)"
31.171.154.56 - - [13/May/2025:15:00:19 +0000] "GET /.git/config HTTP/1.1" 301 241 "-" "Mozilla/5.0 (compatible; Scanner/1.0)"
31.171.154.56 - - [13/May/2025:15:00:19 +0000] "GET /.aws/credentials HTTP/1.1" 301 246 "-" "Mozilla/5.0 (compatible; Scanner/1.0)"
85.208.98.23 - - [13/May/2025:15:03:35 +0000] "GET /robots.txt HTTP/1.1" 301 247 "-" "Mozilla/5.0 (compatible; SemrushBot-BA; +http://www.semrush.com/bot.html)"
85.208.98.18 - - [13/May/2025:15:06:41 +0000] "GET /robots.txt HTTP/1.1" 301 247 "-" "Mozilla/5.0 (compatible; SemrushBot; +http://www.semrush.com/bot.html)"
154.81.156.54 - - [13/May/2025:15:07:34 +0000] "GET / HTTP/1.1" 301 233 "-" "curl/7.81.0"
40.88.21.235 - - [13/May/2025:15:08:25 +0000] "GET / HTTP/1.1" 301 237 "http://www.yellowleaf.co.uk/" "DuckDuckBot/1.1; (+http://duckduckgo.com/duckduckbot.html)"
34.145.20.211 - - [13/May/2025:15:12:45 +0000] "GET /business/antrim.html HTTP/1.1" 301 257 "-" "Mozilla/5.0 (Macintosh; Intel Mac OS X 10.15; rv:109.0) Gecko/20100101 Firefox/116.0"
103.156.92.145 - - [13/May/2025:15:13:24 +0000] "GET /.env HTTP/1.1" 301 234 "-" "python-requests/2.32.3"
103.156.92.145 - - [13/May/2025:15:13:27 +0000] "GET /.env.example HTTP/1.1" 301 242 "-" "python-requests/2.32.3"
85.208.98.23 - - [13/May/2025:15:13:44 +0000] "GET /robots.txt HTTP/1.1" 301 247 "-" "Mozilla/5.0 (compatible; SemrushBot-BA; +http://www.semrush.com/bot.html)"
85.208.98.23 - - [13/May/2025:15:13:44 +0000] "GET /robots.txt HTTP/1.1" 301 243 "-" "Mozilla/5.0 (compatible; SemrushBot-BA; +http://www.semrush.com/bot.html)"
143.198.97.238 - - [13/May/2025:15:15:21 +0000] "GET / HTTP/1.1" 301 233 "-" "Mozilla/5.0 (X11; Linux x86_64) AppleWebKit/537.36 (KHTML, like Gecko) Chrome/135.0.0.0 Safari/537.36"
143.198.97.238 - - [13/May/2025:15:15:22 +0000] "GET /ads.txt HTTP/1.1" 301 240 "-" "Mozilla/5.0 (X11; Linux x86_64) AppleWebKit/537.36 (KHTML, like Gecko) Chrome/135.0.0.0 Safari/537.36"
114.119.149.66 - - [13/May/2025:15:16:13 +0000] "GET /robots.txt HTTP/1.1" 301 247 "-" "Mozilla/5.0 (compatible;PetalBot;+https://webmaster.petalsearch.com/site/petalbot)"
85.208.98.23 - - [13/May/2025:15:19:56 +0000] "GET /robots.txt HTTP/1.1" 301 247 "-" "Mozilla/5.0 (compatible; SemrushBot-BA; +http://www.semrush.com/bot.html)"
216.244.66.197 - - [13/May/2025:15:23:05 +0000] "GET /robots.txt HTTP/1.1" 301 247 "-" "Mozilla/5.0 (compatible; DotBot/1.2; +https://opensiteexplorer.org/dotbot; help@moz.com)"
216.244.66.197 - - [13/May/2025:15:23:05 +0000] "GET /robots.txt HTTP/1.1" 301 243 "-" "Mozilla/5.0 (compatible; DotBot/1.2; +https://opensiteexplorer.org/dotbot; help@moz.com)"
85.208.98.23 - - [13/May/2025:15:24:17 +0000] "GET /robots.txt HTTP/1.1" 301 243 "-" "Mozilla/5.0 (compatible; SemrushBot-BA; +http://www.semrush.com/bot.html)"
85.208.98.23 - - [13/May/2025:15:24:17 +0000] "GET /robots.txt HTTP/1.1" 301 247 "-" "Mozilla/5.0 (compatible; SemrushBot-BA; +http://www.semrush.com/bot.html)"
85.208.98.23 - - [13/May/2025:15:24:39 +0000] "GET /robots.txt HTTP/1.1" 301 247 "-" "Mozilla/5.0 (compatible; SemrushBot-BA; +http://www.semrush.com/bot.html)"
85.208.98.18 - - [13/May/2025:15:26:39 +0000] "GET /robots.txt HTTP/1.1" 301 247 "-" "Mozilla/5.0 (compatible; SemrushBot; +http://www.semrush.com/bot.html)"
85.208.98.23 - - [13/May/2025:15:27:53 +0000] "GET /robots.txt HTTP/1.1" 301 247 "-" "Mozilla/5.0 (compatible; SemrushBot-BA; +http://www.semrush.com/bot.html)"
85.208.98.23 - - [13/May/2025:15:29:52 +0000] "GET /robots.txt HTTP/1.1" 301 247 "-" "Mozilla/5.0 (compatible; SemrushBot-BA; +http://www.semrush.com/bot.html)"
85.208.98.23 - - [13/May/2025:15:30:34 +0000] "GET /robots.txt HTTP/1.1" 301 247 "-" "Mozilla/5.0 (compatible; SemrushBot-BA; +http://www.semrush.com/bot.html)"
85.208.98.23 - - [13/May/2025:15:30:35 +0000] "GET /robots.txt HTTP/1.1" 301 243 "-" "Mozilla/5.0 (compatible; SemrushBot-BA; +http://www.semrush.com/bot.html)"
85.208.98.18 - - [13/May/2025:15:32:03 +0000] "GET /robots.txt HTTP/1.1" 301 243 "-" "Mozilla/5.0 (compatible; SemrushBot; +http://www.semrush.com/bot.html)"
85.208.98.18 - - [13/May/2025:15:32:36 +0000] "GET /robots.txt HTTP/1.1" 301 243 "-" "Mozilla/5.0 (compatible; SemrushBot; +http://www.semrush.com/bot.html)"
85.208.98.23 - - [13/May/2025:15:33:06 +0000] "GET /robots.txt HTTP/1.1" 301 247 "-" "Mozilla/5.0 (compatible; SemrushBot-BA; +http://www.semrush.com/bot.html)"
185.218.84.178 - - [13/May/2025:15:34:38 +0000] "GET / HTTP/1.1" 301 230 "-" "Mozilla/5.0 (Windows NT 10.0; Win64; x64) AppleWebKit/537.36 (KHTML, like Gecko) Chrome/90.0.4430.85 Safari/537.36 Edg/90.0.818.46"
34.34.247.125 - - [13/May/2025:15:35:35 +0000] "GET / HTTP/1.1" 301 233 "-" "Mozilla/5.0 (iPhone; CPU iPhone OS 13_5_1 like Mac OS X) AppleWebKit/605.1.15 (KHTML, like Gecko) Version/13.1.1 Mobile/15E148 Safari/604.1"
114.119.151.107 - - [13/May/2025:15:36:20 +0000] "GET /robots.txt HTTP/1.1" 301 247 "-" "Mozilla/5.0 (compatible;PetalBot;+https://webmaster.petalsearch.com/site/petalbot)"
85.208.98.23 - - [13/May/2025:15:37:25 +0000] "GET /robots.txt HTTP/1.1" 301 243 "-" "Mozilla/5.0 (compatible; SemrushBot-BA; +http://www.semrush.com/bot.html)"
173.252.87.25 - - [13/May/2025:15:38:53 +0000] "GET /robots.txt HTTP/1.1" 301 247 "-" "facebookexternalhit/1.1 (+http://www.facebook.com/externalhit_uatext.php)"
57.141.0.26 - - [13/May/2025:15:38:54 +0000] "GET /pages/32137-externetworks.html HTTP/1.1" 301 267 "-" "meta-externalagent/1.1 (+https://developers.facebook.com/docs/sharing/webmasters/crawler)"
85.208.98.23 - - [13/May/2025:15:40:07 +0000] "GET /robots.txt HTTP/1.1" 301 243 "-" "Mozilla/5.0 (compatible; SemrushBot-BA; +http://www.semrush.com/bot.html)"
85.208.98.23 - - [13/May/2025:15:40:07 +0000] "GET /robots.txt HTTP/1.1" 301 247 "-" "Mozilla/5.0 (compatible; SemrushBot-BA; +http://www.semrush.com/bot.html)"
85.208.98.23 - - [13/May/2025:15:43:30 +0000] "GET /robots.txt HTTP/1.1" 301 247 "-" "Mozilla/5.0 (compatible; SemrushBot-BA; +http://www.semrush.com/bot.html)"
20.127.202.128 - - [13/May/2025:15:45:22 +0000] "GET / HTTP/1.1" 301 230 "-" "Mozilla/5.0 zgrab/0.x"
85.208.98.23 - - [13/May/2025:15:47:00 +0000] "GET /robots.txt HTTP/1.1" 301 243 "-" "Mozilla/5.0 (compatible; SemrushBot-BA; +http://www.semrush.com/bot.html)"
85.208.98.23 - - [13/May/2025:15:47:07 +0000] "GET /robots.txt HTTP/1.1" 301 247 "-" "Mozilla/5.0 (compatible; SemrushBot-BA; +http://www.semrush.com/bot.html)"
85.208.98.23 - - [13/May/2025:15:50:50 +0000] "GET /robots.txt HTTP/1.1" 301 247 "-" "Mozilla/5.0 (compatible; SemrushBot-BA; +http://www.semrush.com/bot.html)"
85.208.98.23 - - [13/May/2025:15:51:27 +0000] "GET /robots.txt HTTP/1.1" 301 243 "-" "Mozilla/5.0 (compatible; SemrushBot-BA; +http://www.semrush.com/bot.html)"
85.208.98.23 - - [13/May/2025:15:51:27 +0000] "GET /robots.txt HTTP/1.1" 301 247 "-" "Mozilla/5.0 (compatible; SemrushBot-BA; +http://www.semrush.com/bot.html)"
154.16.192.197 - - [13/May/2025:15:52:00 +0000] "GET / HTTP/1.1" 301 233 "-" "Mozilla/5.0 (X11; Linux x86_64) AppleWebKit/537.36 (KHTML, like Gecko) HeadlessChrome/122.0.6261.94 Safari/537.36"
85.208.98.23 - - [13/May/2025:15:52:49 +0000] "GET /robots.txt HTTP/1.1" 301 247 "-" "Mozilla/5.0 (compatible; SemrushBot-BA; +http://www.semrush.com/bot.html)"
85.208.98.23 - - [13/May/2025:15:52:59 +0000] "GET /robots.txt HTTP/1.1" 301 247 "-" "Mozilla/5.0 (compatible; SemrushBot-BA; +http://www.semrush.com/bot.html)"
85.208.98.23 - - [13/May/2025:15:52:59 +0000] "GET /robots.txt HTTP/1.1" 301 243 "-" "Mozilla/5.0 (compatible; SemrushBot-BA; +http://www.semrush.com/bot.html)"
85.208.98.18 - - [13/May/2025:15:54:03 +0000] "GET /robots.txt HTTP/1.1" 301 243 "-" "Mozilla/5.0 (compatible; SemrushBot; +http://www.semrush.com/bot.html)"
85.208.98.23 - - [13/May/2025:15:54:17 +0000] "GET /robots.txt HTTP/1.1" 301 247 "-" "Mozilla/5.0 (compatible; SemrushBot-BA; +http://www.semrush.com/bot.html)"
85.208.98.23 - - [13/May/2025:15:56:47 +0000] "GET /robots.txt HTTP/1.1" 301 243 "-" "Mozilla/5.0 (compatible; SemrushBot-BA; +http://www.semrush.com/bot.html)"
85.208.98.23 - - [13/May/2025:15:56:47 +0000] "GET /robots.txt HTTP/1.1" 301 247 "-" "Mozilla/5.0 (compatible; SemrushBot-BA; +http://www.semrush.com/bot.html)"
85.208.98.23 - - [13/May/2025:15:58:52 +0000] "GET /robots.txt HTTP/1.1" 301 247 "-" "Mozilla/5.0 (compatible; SemrushBot-BA; +http://www.semrush.com/bot.html)"
57.141.0.7 - - [13/May/2025:15:59:46 +0000] "GET /pages/47064-morrells-window-cleaning.html HTTP/1.1" 301 274 "-" "meta-externalagent/1.1 (+https://developers.facebook.com/docs/sharing/webmasters/crawler)"
185.218.86.4 - - [13/May/2025:16:02:04 +0000] "GET / HTTP/1.1" 301 230 "-" "Mozilla/5.0 (Windows NT 10.0; Win64; x64) AppleWebKit/537.36 (KHTML, like Gecko) Chrome/90.0.4430.85 Safari/537.36 Edg/90.0.818.46"
85.208.98.23 - - [13/May/2025:16:02:26 +0000] "GET /robots.txt HTTP/1.1" 301 247 "-" "Mozilla/5.0 (compatible; SemrushBot-BA; +http://www.semrush.com/bot.html)"
85.208.98.23 - - [13/May/2025:16:02:26 +0000] "GET /robots.txt HTTP/1.1" 301 243 "-" "Mozilla/5.0 (compatible; SemrushBot-BA; +http://www.semrush.com/bot.html)"
85.208.98.18 - - [13/May/2025:16:02:49 +0000] "GET /robots.txt HTTP/1.1" 301 243 "-" "Mozilla/5.0 (compatible; SemrushBot; +http://www.semrush.com/bot.html)"
85.208.98.23 - - [13/May/2025:16:05:03 +0000] "GET /robots.txt HTTP/1.1" 301 247 "-" "Mozilla/5.0 (compatible; SemrushBot-BA; +http://www.semrush.com/bot.html)"
85.208.98.23 - - [13/May/2025:16:05:03 +0000] "GET /robots.txt HTTP/1.1" 301 243 "-" "Mozilla/5.0 (compatible; SemrushBot-BA; +http://www.semrush.com/bot.html)"
85.208.98.18 - - [13/May/2025:16:05:10 +0000] "GET /robots.txt HTTP/1.1" 301 243 "-" "Mozilla/5.0 (compatible; SemrushBot; +http://www.semrush.com/bot.html)"
216.244.66.197 - - [13/May/2025:16:06:54 +0000] "GET /robots.txt HTTP/1.1" 301 247 "-" "Mozilla/5.0 (compatible; DotBot/1.2; +https://opensiteexplorer.org/dotbot; help@moz.com)"
216.244.66.197 - - [13/May/2025:16:06:54 +0000] "GET /robots.txt HTTP/1.1" 301 243 "-" "Mozilla/5.0 (compatible; DotBot/1.2; +https://opensiteexplorer.org/dotbot; help@moz.com)"
154.81.156.7 - - [13/May/2025:16:10:16 +0000] "GET / HTTP/1.1" 301 233 "-" "curl/7.81.0"
85.208.98.23 - - [13/May/2025:16:11:22 +0000] "GET /robots.txt HTTP/1.1" 301 247 "-" "Mozilla/5.0 (compatible; SemrushBot-BA; +http://www.semrush.com/bot.html)"
85.208.98.23 - - [13/May/2025:16:12:30 +0000] "GET /robots.txt HTTP/1.1" 301 243 "-" "Mozilla/5.0 (compatible; SemrushBot-BA; +http://www.semrush.com/bot.html)"
85.208.98.23 - - [13/May/2025:16:12:30 +0000] "GET /robots.txt HTTP/1.1" 301 247 "-" "Mozilla/5.0 (compatible; SemrushBot-BA; +http://www.semrush.com/bot.html)"
47.251.81.172 - - [13/May/2025:16:12:39 +0000] "GET / HTTP/1.1" 301 233 "-" "curl/7.64.1"
123.160.223.74 - - [13/May/2025:16:13:18 +0000] "GET / HTTP/1.1" 301 237 "-" "Mozilla/5.0 (Macintosh; Intel Mac OS X 10_15_7) AppleWebKit/537.36 (KHTML, like Gecko) Chrome/96.0.4664.110 Safari/537.36"
123.160.223.73 - - [13/May/2025:16:13:18 +0000] "GET / HTTP/1.1" 301 230 "-" "Mozilla/5.0 (Macintosh; Intel Mac OS X 10_15_7) AppleWebKit/537.36 (KHTML, like Gecko) Chrome/96.0.4664.110 Safari/537.36"
111.7.96.180 - - [13/May/2025:16:13:19 +0000] "GET / HTTP/1.1" 301 237 "-" "Mozilla/5.0 (Macintosh; Intel Mac OS X 10_15_7) AppleWebKit/537.36 (KHTML, like Gecko) Chrome/96.0.4664.110 Safari/537.36"
123.160.223.75 - - [13/May/2025:16:13:20 +0000] "GET / HTTP/1.1" 301 237 "-" "Mozilla/5.0 (Macintosh; Intel Mac OS X 11_0_0) AppleWebKit/537.36 (KHTML, like Gecko) Chrome/87.0.4280.88 Safari/537.36"
202.112.47.146 - - [13/May/2025:16:13:20 +0000] "GET / HTTP/1.1" 301 233 "-" "Mozilla/5.0 (Windows NT 6.1; WOW64) AppleWebKit/537.36 Chrome/52.0.2743.116"
111.7.96.180 - - [13/May/2025:16:13:22 +0000] "GET /favicon.ico HTTP/1.1" 301 248 "-" "Mozilla/5.0 (Macintosh; Intel Mac OS X 10_15_7) AppleWebKit/537.36 (KHTML, like Gecko) Chrome/96.0.4664.110 Safari/537.36"
79.127.221.66 - - [13/May/2025:16:13:23 +0000] "GET / HTTP/1.1" 301 233 "-" "Mozilla/5.0 (Macintosh; Intel Mac OS X 10_15_7) AppleWebKit/537.36 (KHTML, like Gecko) Chrome/96.0.4664.110 Safari/537.36"
79.127.221.66 - - [13/May/2025:16:13:23 +0000] "GET / HTTP/1.1" 301 238 "-" "Mozilla/5.0 (Macintosh; Intel Mac OS X 10_15_7) AppleWebKit/537.36 (KHTML, like Gecko) Chrome/96.0.4664.110 Safari/537.36"
79.127.221.66 - - [13/May/2025:16:13:25 +0000] "GET / HTTP/1.1" 301 238 "-" "Mozilla/5.0 (Macintosh; Intel Mac OS X 11_0_0) AppleWebKit/537.36 (KHTML, like Gecko) Chrome/87.0.4280.88 Safari/537.36"
79.127.221.66 - - [13/May/2025:16:13:25 +0000] "GET / HTTP/1.1" 301 233 "-" "Mozilla/5.0 (Macintosh; Intel Mac OS X 11_0_0) AppleWebKit/537.36 (KHTML, like Gecko) Chrome/87.0.4280.88 Safari/537.36"
123.160.223.75 - - [13/May/2025:16:13:28 +0000] "GET / HTTP/1.1" 301 230 "-" "Mozilla/5.0 (Macintosh; Intel Mac OS X 11_0_0) AppleWebKit/537.36 (KHTML, like Gecko) Chrome/87.0.4280.88 Safari/537.36"
123.160.223.72 - - [13/May/2025:16:13:34 +0000] "GET /favicon.ico HTTP/1.1" 301 248 "-" "Mozilla/5.0 (Macintosh; Intel Mac OS X 10_15_7) AppleWebKit/537.36 (KHTML, like Gecko) Chrome/96.0.4664.110 Safari/537.36"
79.127.221.66 - - [13/May/2025:16:13:35 +0000] "GET /favicon.ico HTTP/1.1" 301 244 "-" "Mozilla/5.0 (Macintosh; Intel Mac OS X 10_15_7) AppleWebKit/537.36 (KHTML, like Gecko) Chrome/96.0.4664.110 Safari/537.36"
123.160.223.73 - - [13/May/2025:16:13:36 +0000] "GET /favicon.ico HTTP/1.1" 301 249 "-" "Mozilla/5.0 (Macintosh; Intel Mac OS X 10_15_7) AppleWebKit/537.36 (KHTML, like Gecko) Chrome/96.0.4664.110 Safari/537.36"
123.160.223.72 - - [13/May/2025:16:13:41 +0000] "GET /favicon.ico HTTP/1.1" 301 241 "-" "Mozilla/5.0 (Macintosh; Intel Mac OS X 10_15_7) AppleWebKit/537.36 (KHTML, like Gecko) Chrome/96.0.4664.110 Safari/537.36"
85.208.98.18 - - [13/May/2025:16:15:47 +0000] "GET /robots.txt HTTP/1.1" 301 243 "-" "Mozilla/5.0 (compatible; SemrushBot; +http://www.semrush.com/bot.html)"
109.236.93.77 - - [13/May/2025:16:17:23 +0000] "GET /pages/35572-usable-media.html HTTP/1.0" 301 266 "-" "Mozilla/5.0 (Windows NT 10.0; Win64; x64) AppleWebKit/537.36 (KHTML, like Gecko) Chrome/118.0.0.0 Safari/537.36"
85.208.98.18 - - [13/May/2025:16:18:52 +0000] "GET /robots.txt HTTP/1.1" 301 243 "-" "Mozilla/5.0 (compatible; SemrushBot; +http://www.semrush.com/bot.html)"
114.119.141.206 - - [13/May/2025:16:22:29 +0000] "GET /members/edit_2.html?adid=15075 HTTP/1.1" 301 267 "http://www.yellowleaf.co.uk/pages/15075-carpet-cleaning-hartford.html" "Mozilla/5.0 (Linux; Android 7.0;) AppleWebKit/537.36 (KHTML, like Gecko) Mobile Safari/537.36 (compatible; PetalBot;+https://webmaster.petalsearch.com/site/petalbot)"
45.135.33.108 - - [13/May/2025:16:23:34 +0000] "GET /pages/48523-braintree-window-and-door-repairs.html HTTP/1.1" 301 287 "-" "Mozilla/5.0 (Windows NT 10.0; Win64; x64) AppleWebKit/537.36 (KHTML, like Gecko) Chrome/114.0.0.0 Safari/537.36 OPR/89.0.4447.51"
85.208.98.23 - - [13/May/2025:16:24:30 +0000] "GET /robots.txt HTTP/1.1" 301 243 "-" "Mozilla/5.0 (compatible; SemrushBot-BA; +http://www.semrush.com/bot.html)"
85.208.98.23 - - [13/May/2025:16:24:30 +0000] "GET /robots.txt HTTP/1.1" 301 247 "-" "Mozilla/5.0 (compatible; SemrushBot-BA; +http://www.semrush.com/bot.html)"
85.208.98.18 - - [13/May/2025:16:25:20 +0000] "GET /robots.txt HTTP/1.1" 301 247 "-" "Mozilla/5.0 (compatible; SemrushBot; +http://www.semrush.com/bot.html)"
129.226.154.196 - - [13/May/2025:16:28:00 +0000] "GET / HTTP/1.1" 301 237 "-" "Mozilla/5.0 (Macintosh; Intel Mac OS X 10_15_7) AppleWebKit/537.36 (KHTML, like Gecko) Chrome/120.0.0.0 Safari/537.36"
74.177.194.34 - - [13/May/2025:16:28:18 +0000] "HEAD / HTTP/1.1" 301 - "-" "python-requests/2.28.1"
154.81.156.54 - - [13/May/2025:16:29:18 +0000] "GET / HTTP/1.1" 301 233 "-" "curl/7.81.0"
85.208.98.18 - - [13/May/2025:16:31:05 +0000] "GET /robots.txt HTTP/1.1" 301 243 "-" "Mozilla/5.0 (compatible; SemrushBot; +http://www.semrush.com/bot.html)"
93.123.109.228 - - [13/May/2025:16:31:41 +0000] "\x16\x03\x01" 403 - "-" "-"
93.123.109.228 - - [13/May/2025:16:31:41 +0000] "GET / HTTP/1.1" 403 - "-" "-"
93.123.109.228 - - [13/May/2025:16:31:41 +0000] "GET / HTTP/1.1" 301 230 "-" "l9tcpid/v1.1.0"
93.123.109.228 - - [13/May/2025:16:31:42 +0000] "GET /configuration/.env HTTP/1.1" 301 248 "-" "l9explore/1.2.2"
93.123.109.228 - - [13/May/2025:16:31:42 +0000] "GET /app/.git/config HTTP/1.1" 301 245 "-" "l9explore/1.2.2"
93.123.109.228 - - [13/May/2025:16:31:42 +0000] "GET /files/.git/config HTTP/1.1" 301 247 "-" "l9explore/1.2.2"
93.123.109.228 - - [13/May/2025:16:31:42 +0000] "GET /.env.config HTTP/1.1" 301 241 "-" "l9explore/1.2.2"
93.123.109.228 - - [13/May/2025:16:31:42 +0000] "GET /.env.staging.local HTTP/1.1" 301 248 "-" "l9explore/1.2.2"
93.123.109.228 - - [13/May/2025:16:31:43 +0000] "GET /.env.template HTTP/1.1" 301 243 "-" "l9explore/1.2.2"
93.123.109.228 - - [13/May/2025:16:31:43 +0000] "GET /.env.dist HTTP/1.1" 301 239 "-" "l9explore/1.2.2"
93.123.109.228 - - [13/May/2025:16:31:43 +0000] "GET /admin/.git/config HTTP/1.1" 301 247 "-" "l9explore/1.2.2"
93.123.109.228 - - [13/May/2025:16:31:43 +0000] "GET /.env.development.local HTTP/1.1" 301 252 "-" "l9explore/1.2.2"
93.123.109.228 - - [13/May/2025:16:31:43 +0000] "GET /.env.production HTTP/1.1" 301 245 "-" "l9explore/1.2.2"
93.123.109.228 - - [13/May/2025:16:31:43 +0000] "GET /.env.stage HTTP/1.1" 301 240 "-" "l9explore/1.2.2"
93.123.109.228 - - [13/May/2025:16:31:43 +0000] "GET /config/.env HTTP/1.1" 301 241 "-" "l9explore/1.2.2"
93.123.109.228 - - [13/May/2025:16:31:43 +0000] "GET /.git/config HTTP/1.1" 301 241 "-" "l9explore/1.2.2"
93.123.109.228 - - [13/May/2025:16:31:44 +0000] "GET /backup/.git/config HTTP/1.1" 301 248 "-" "l9explore/1.2.2"
93.123.109.228 - - [13/May/2025:16:31:44 +0000] "GET /.env.production.local HTTP/1.1" 301 251 "-" "l9explore/1.2.2"
93.123.109.228 - - [13/May/2025:16:31:44 +0000] "GET /.env.save HTTP/1.1" 301 239 "-" "l9explore/1.2.2"
93.123.109.228 - - [13/May/2025:16:31:44 +0000] "GET /.env.uat HTTP/1.1" 301 238 "-" "l9explore/1.2.2"
93.123.109.228 - - [13/May/2025:16:31:44 +0000] "GET /data/.git/config HTTP/1.1" 301 246 "-" "l9explore/1.2.2"
93.123.109.228 - - [13/May/2025:16:31:45 +0000] "GET /.env.backup HTTP/1.1" 301 241 "-" "l9explore/1.2.2"
93.123.109.228 - - [13/May/2025:16:31:45 +0000] "GET /.env.dev.local HTTP/1.1" 301 244 "-" "l9explore/1.2.2"
93.123.109.228 - - [13/May/2025:16:31:45 +0000] "GET /docker-compose.prod.yml HTTP/1.1" 301 253 "-" "l9explore/1.2.2"
93.123.109.228 - - [13/May/2025:16:31:45 +0000] "GET /.env.bak HTTP/1.1" 301 238 "-" "l9explore/1.2.2"
93.123.109.228 - - [13/May/2025:16:31:46 +0000] "GET /.env.ci HTTP/1.1" 301 237 "-" "l9explore/1.2.2"
93.123.109.228 - - [13/May/2025:16:31:46 +0000] "GET /.env.local HTTP/1.1" 301 240 "-" "l9explore/1.2.2"
93.123.109.228 - - [13/May/2025:16:31:46 +0000] "GET /.env.test HTTP/1.1" 301 239 "-" "l9explore/1.2.2"
93.123.109.228 - - [13/May/2025:16:31:46 +0000] "GET /public/.git/config HTTP/1.1" 301 248 "-" "l9explore/1.2.2"
93.123.109.228 - - [13/May/2025:16:31:46 +0000] "GET /.env HTTP/1.1" 301 234 "-" "l9explore/1.2.2"
93.123.109.228 - - [13/May/2025:16:31:46 +0000] "GET /src/.git/config HTTP/1.1" 301 245 "-" "l9explore/1.2.2"
93.123.109.228 - - [13/May/2025:16:31:47 +0000] "GET /api/.git/config HTTP/1.1" 301 245 "-" "l9explore/1.2.2"
93.123.109.228 - - [13/May/2025:16:31:47 +0000] "GET /media../.git/config HTTP/1.1" 301 249 "-" "l9explore/1.2.2"
93.123.109.228 - - [13/May/2025:16:31:47 +0000] "GET /project/.git/config HTTP/1.1" 301 249 "-" "l9explore/1.2.2"
93.123.109.228 - - [13/May/2025:16:31:47 +0000] "GET /.env.prod HTTP/1.1" 301 239 "-" "l9explore/1.2.2"
93.123.109.228 - - [13/May/2025:16:31:47 +0000] "GET /.env_sample HTTP/1.1" 301 241 "-" "l9explore/1.2.2"
93.123.109.228 - - [13/May/2025:16:31:47 +0000] "GET /cms/.git/config HTTP/1.1" 301 245 "-" "l9explore/1.2.2"
93.123.109.228 - - [13/May/2025:16:31:47 +0000] "GET /dev/.git/config HTTP/1.1" 301 245 "-" "l9explore/1.2.2"
93.123.109.228 - - [13/May/2025:16:31:48 +0000] "GET /server/.git/config HTTP/1.1" 301 248 "-" "l9explore/1.2.2"
93.123.109.228 - - [13/May/2025:16:31:48 +0000] "GET /static../.git/config HTTP/1.1" 301 250 "-" "l9explore/1.2.2"
93.123.109.228 - - [13/May/2025:16:31:48 +0000] "GET /config.json HTTP/1.1" 301 241 "-" "l9explore/1.2.2"
93.123.109.228 - - [13/May/2025:16:31:48 +0000] "GET /.env.default HTTP/1.1" 301 242 "-" "l9explore/1.2.2"
93.123.109.228 - - [13/May/2025:16:31:48 +0000] "GET /.env.preprod HTTP/1.1" 301 242 "-" "l9explore/1.2.2"
93.123.109.228 - - [13/May/2025:16:31:49 +0000] "GET /.env.sandbox HTTP/1.1" 301 242 "-" "l9explore/1.2.2"
93.123.109.228 - - [13/May/2025:16:31:49 +0000] "GET /.env.testing HTTP/1.1" 301 242 "-" "l9explore/1.2.2"
93.123.109.228 - - [13/May/2025:16:31:49 +0000] "GET /assets../.git/config HTTP/1.1" 301 250 "-" "l9explore/1.2.2"
93.123.109.228 - - [13/May/2025:16:31:49 +0000] "GET /media/.git/config HTTP/1.1" 301 247 "-" "l9explore/1.2.2"
93.123.109.228 - - [13/May/2025:16:31:49 +0000] "GET /.env.dev HTTP/1.1" 301 238 "-" "l9explore/1.2.2"
93.123.109.228 - - [13/May/2025:16:31:49 +0000] "GET /settings/.env HTTP/1.1" 301 243 "-" "l9explore/1.2.2"
93.123.109.228 - - [13/May/2025:16:31:49 +0000] "GET /config/.git/config HTTP/1.1" 301 248 "-" "l9explore/1.2.2"
93.123.109.228 - - [13/May/2025:16:31:49 +0000] "GET /www/.git/config HTTP/1.1" 301 245 "-" "l9explore/1.2.2"
93.123.109.228 - - [13/May/2025:16:31:50 +0000] "GET /.env.live HTTP/1.1" 301 239 "-" "l9explore/1.2.2"
202.112.47.146 - - [13/May/2025:16:31:50 +0000] "GET / HTTP/1.1" 301 237 "-" "Mozilla/5.0 (Windows NT 6.1; WOW64) AppleWebKit/537.36 Chrome/52.0.2743.116"
93.123.109.228 - - [13/May/2025:16:31:51 +0000] "GET /core/.git/config HTTP/1.1" 301 246 "-" "l9explore/1.2.2"
93.123.109.228 - - [13/May/2025:16:31:51 +0000] "GET /.aws/credentials HTTP/1.1" 301 246 "-" "l9explore/1.2.2"
93.123.109.228 - - [13/May/2025:16:31:51 +0000] "GET /.env.secret HTTP/1.1" 301 241 "-" "l9explore/1.2.2"
93.123.109.228 - - [13/May/2025:16:31:51 +0000] "GET /api/.env HTTP/1.1" 301 238 "-" "l9explore/1.2.2"
93.123.109.228 - - [13/May/2025:16:31:51 +0000] "GET /build/.env HTTP/1.1" 301 240 "-" "l9explore/1.2.2"
93.123.109.228 - - [13/May/2025:16:31:51 +0000] "GET /prod/.env HTTP/1.1" 301 239 "-" "l9explore/1.2.2"
43.159.140.236 - - [13/May/2025:16:35:53 +0000] "GET / HTTP/1.1" 301 237 "-" "Mozilla/5.0 (iPhone; CPU iPhone OS 13_2_3 like Mac OS X) AppleWebKit/605.1.15 (KHTML, like Gecko) Version/13.0.3 Mobile/15E148 Safari/604.1"
85.208.98.23 - - [13/May/2025:16:37:37 +0000] "GET /robots.txt HTTP/1.1" 301 243 "-" "Mozilla/5.0 (compatible; SemrushBot-BA; +http://www.semrush.com/bot.html)"
85.208.98.23 - - [13/May/2025:16:37:37 +0000] "GET /robots.txt HTTP/1.1" 301 247 "-" "Mozilla/5.0 (compatible; SemrushBot-BA; +http://www.semrush.com/bot.html)"
183.103.32.4 - - [13/May/2025:16:37:43 +0000] "GET / HTTP/1.0" 301 233 "-" "curl/7.88.1"
221.145.167.252 - - [13/May/2025:16:39:23 +0000] "GET / HTTP/1.0" 301 233 "-" "curl/7.88.1"
85.208.98.23 - - [13/May/2025:16:39:44 +0000] "GET /robots.txt HTTP/1.1" 301 243 "-" "Mozilla/5.0 (compatible; SemrushBot-BA; +http://www.semrush.com/bot.html)"
85.208.98.23 - - [13/May/2025:16:39:44 +0000] "GET /robots.txt HTTP/1.1" 301 247 "-" "Mozilla/5.0 (compatible; SemrushBot-BA; +http://www.semrush.com/bot.html)"
40.77.167.59 - - [13/May/2025:16:40:18 +0000] "GET /business/aberdeen-city.html HTTP/1.1" 301 260 "-" "Mozilla/5.0 AppleWebKit/537.36 (KHTML, like Gecko; compatible; bingbot/2.0; +http://www.bing.com/bingbot.htm) Chrome/116.0.1938.76 Safari/537.36"
57.141.0.24 - - [13/May/2025:16:43:03 +0000] "GET /pages/38760-egypt-escapes.html HTTP/1.1" 301 267 "-" "meta-externalagent/1.1 (+https://developers.facebook.com/docs/sharing/webmasters/crawler)"
85.208.98.23 - - [13/May/2025:16:44:02 +0000] "GET /robots.txt HTTP/1.1" 301 243 "-" "Mozilla/5.0 (compatible; SemrushBot-BA; +http://www.semrush.com/bot.html)"
85.208.98.23 - - [13/May/2025:16:44:02 +0000] "GET /robots.txt HTTP/1.1" 301 247 "-" "Mozilla/5.0 (compatible; SemrushBot-BA; +http://www.semrush.com/bot.html)"
103.175.245.48 - - [13/May/2025:16:45:54 +0000] "GET / HTTP/1.1" 301 237 "-" "Mozilla/5.0 (Windows NT 10.0; Win64; x64) AppleWebKit/537.36 (KHTML, like Gecko) Chrome/129.0.0.0 Safari/537.36"
85.208.98.23 - - [13/May/2025:16:48:52 +0000] "GET /robots.txt HTTP/1.1" 301 243 "-" "Mozilla/5.0 (compatible; SemrushBot-BA; +http://www.semrush.com/bot.html)"
85.208.98.23 - - [13/May/2025:16:48:52 +0000] "GET /robots.txt HTTP/1.1" 301 247 "-" "Mozilla/5.0 (compatible; SemrushBot-BA; +http://www.semrush.com/bot.html)"
85.208.98.23 - - [13/May/2025:16:50:25 +0000] "GET /robots.txt HTTP/1.1" 301 243 "-" "Mozilla/5.0 (compatible; SemrushBot-BA; +http://www.semrush.com/bot.html)"
85.208.98.23 - - [13/May/2025:16:50:25 +0000] "GET /robots.txt HTTP/1.1" 301 247 "-" "Mozilla/5.0 (compatible; SemrushBot-BA; +http://www.semrush.com/bot.html)"
216.244.66.197 - - [13/May/2025:16:50:32 +0000] "GET /robots.txt HTTP/1.1" 301 243 "-" "Mozilla/5.0 (compatible; DotBot/1.2; +https://opensiteexplorer.org/dotbot; help@moz.com)"
216.244.66.197 - - [13/May/2025:16:50:32 +0000] "GET /robots.txt HTTP/1.1" 301 247 "-" "Mozilla/5.0 (compatible; DotBot/1.2; +https://opensiteexplorer.org/dotbot; help@moz.com)"
85.208.98.23 - - [13/May/2025:16:53:03 +0000] "GET /robots.txt HTTP/1.1" 301 247 "-" "Mozilla/5.0 (compatible; SemrushBot-BA; +http://www.semrush.com/bot.html)"
196.251.67.102 - - [13/May/2025:16:54:17 +0000] "GET / HTTP/1.1" 301 237 "-" "Mozilla/5.0 (Windows NT 10.0; Win64; x64) AppleWebKit/537.36 (KHTML, like Gecko) Chrome/101.0.4951.41 Safari/537.36"
198.235.24.109 - - [13/May/2025:16:54:20 +0000] "GET / HTTP/1.1" 301 237 "-" "Expanse, a Palo Alto Networks company, searches across the global IPv4 space multiple times per day to identify customers' presences on the Internet. If you would like to be excluded from our scans, please send IP addresses/domains to: scaninfo@paloaltonetworks.com"
85.208.98.23 - - [13/May/2025:16:55:24 +0000] "GET /robots.txt HTTP/1.1" 301 243 "-" "Mozilla/5.0 (compatible; SemrushBot-BA; +http://www.semrush.com/bot.html)"
85.208.98.23 - - [13/May/2025:16:55:24 +0000] "GET /robots.txt HTTP/1.1" 301 247 "-" "Mozilla/5.0 (compatible; SemrushBot-BA; +http://www.semrush.com/bot.html)"
85.208.98.23 - - [13/May/2025:16:57:26 +0000] "GET /robots.txt HTTP/1.1" 301 247 "-" "Mozilla/5.0 (compatible; SemrushBot-BA; +http://www.semrush.com/bot.html)"
85.208.98.18 - - [13/May/2025:16:57:47 +0000] "GET /robots.txt HTTP/1.1" 301 243 "-" "Mozilla/5.0 (compatible; SemrushBot; +http://www.semrush.com/bot.html)"
85.208.98.23 - - [13/May/2025:16:59:25 +0000] "GET /robots.txt HTTP/1.1" 301 243 "-" "Mozilla/5.0 (compatible; SemrushBot-BA; +http://www.semrush.com/bot.html)"
85.208.98.23 - - [13/May/2025:16:59:25 +0000] "GET /robots.txt HTTP/1.1" 301 247 "-" "Mozilla/5.0 (compatible; SemrushBot-BA; +http://www.semrush.com/bot.html)"
85.208.98.23 - - [13/May/2025:17:04:14 +0000] "GET /robots.txt HTTP/1.1" 301 243 "-" "Mozilla/5.0 (compatible; SemrushBot-BA; +http://www.semrush.com/bot.html)"
85.208.98.23 - - [13/May/2025:17:04:14 +0000] "GET /robots.txt HTTP/1.1" 301 247 "-" "Mozilla/5.0 (compatible; SemrushBot-BA; +http://www.semrush.com/bot.html)"
154.81.156.34 - - [13/May/2025:17:05:38 +0000] "GET / HTTP/1.1" 301 233 "-" "curl/7.81.0"
85.208.98.23 - - [13/May/2025:17:06:03 +0000] "GET /robots.txt HTTP/1.1" 301 243 "-" "Mozilla/5.0 (compatible; SemrushBot-BA; +http://www.semrush.com/bot.html)"
85.208.98.23 - - [13/May/2025:17:06:03 +0000] "GET /robots.txt HTTP/1.1" 301 247 "-" "Mozilla/5.0 (compatible; SemrushBot-BA; +http://www.semrush.com/bot.html)"
81.163.57.110 - - [13/May/2025:17:06:45 +0000] "GET / HTTP/1.1" 301 233 "-" "Mozilla/5.0 (Windows NT 10.0; WOW64) AppleWebKit/537.36 (KHTML, like Gecko) Chrome/52.0.2743.116 Safari/537.36"
57.141.0.29 - - [13/May/2025:17:08:00 +0000] "GET /pages/34938-newslotssitesuk.html HTTP/1.1" 301 269 "-" "meta-externalagent/1.1 (+https://developers.facebook.com/docs/sharing/webmasters/crawler)"
154.81.156.35 - - [13/May/2025:17:10:13 +0000] "GET / HTTP/1.1" 301 233 "-" "curl/7.81.0"
85.208.98.18 - - [13/May/2025:17:10:34 +0000] "GET /robots.txt HTTP/1.1" 301 247 "-" "Mozilla/5.0 (compatible; SemrushBot; +http://www.semrush.com/bot.html)"
85.208.98.23 - - [13/May/2025:17:12:47 +0000] "GET /robots.txt HTTP/1.1" 301 247 "-" "Mozilla/5.0 (compatible; SemrushBot-BA; +http://www.semrush.com/bot.html)"
85.208.98.23 - - [13/May/2025:17:12:47 +0000] "GET /robots.txt HTTP/1.1" 301 243 "-" "Mozilla/5.0 (compatible; SemrushBot-BA; +http://www.semrush.com/bot.html)"
154.81.156.7 - - [13/May/2025:17:14:33 +0000] "GET / HTTP/1.1" 301 233 "-" "curl/7.81.0"
3.12.153.115 - - [13/May/2025:17:14:42 +0000] "\x16\x03\x01" 403 - "-" "-"
3.12.153.115 - - [13/May/2025:17:15:05 +0000] "\x16\x03\x01" 403 - "-" "-"
3.12.153.115 - - [13/May/2025:17:19:34 +0000] "\n" 403 - "-" "-"
85.208.98.23 - - [13/May/2025:17:21:23 +0000] "GET /robots.txt HTTP/1.1" 301 247 "-" "Mozilla/5.0 (compatible; SemrushBot-BA; +http://www.semrush.com/bot.html)"
85.208.98.18 - - [13/May/2025:17:25:21 +0000] "GET /robots.txt HTTP/1.1" 301 247 "-" "Mozilla/5.0 (compatible; SemrushBot; +http://www.semrush.com/bot.html)"
85.208.98.18 - - [13/May/2025:17:28:38 +0000] "GET /robots.txt HTTP/1.1" 301 247 "-" "Mozilla/5.0 (compatible; SemrushBot; +http://www.semrush.com/bot.html)"
185.179.189.205 - - [13/May/2025:17:29:55 +0000] "GET /support/ HTTP/1.0" 301 241 "-" "Mozilla/5.0 (Windows NT 6.3; Win64; x64) AppleWebKit/537.36 (KHTML, like Gecko) Chrome/75.0.3770.100 Safari/537.36"
85.208.98.18 - - [13/May/2025:17:31:54 +0000] "GET /robots.txt HTTP/1.1" 301 243 "-" "Mozilla/5.0 (compatible; SemrushBot; +http://www.semrush.com/bot.html)"
85.208.98.23 - - [13/May/2025:17:33:23 +0000] "GET /robots.txt HTTP/1.1" 301 243 "-" "Mozilla/5.0 (compatible; SemrushBot-BA; +http://www.semrush.com/bot.html)"
216.244.66.197 - - [13/May/2025:17:33:50 +0000] "GET /robots.txt HTTP/1.1" 301 243 "-" "Mozilla/5.0 (compatible; DotBot/1.2; +https://opensiteexplorer.org/dotbot; help@moz.com)"
216.244.66.197 - - [13/May/2025:17:33:50 +0000] "GET /robots.txt HTTP/1.1" 301 247 "-" "Mozilla/5.0 (compatible; DotBot/1.2; +https://opensiteexplorer.org/dotbot; help@moz.com)"
85.208.98.18 - - [13/May/2025:17:33:58 +0000] "GET /robots.txt HTTP/1.1" 301 247 "-" "Mozilla/5.0 (compatible; SemrushBot; +http://www.semrush.com/bot.html)"
85.208.98.23 - - [13/May/2025:17:39:13 +0000] "GET /robots.txt HTTP/1.1" 301 247 "-" "Mozilla/5.0 (compatible; SemrushBot-BA; +http://www.semrush.com/bot.html)"
85.208.98.23 - - [13/May/2025:17:39:13 +0000] "GET /robots.txt HTTP/1.1" 301 243 "-" "Mozilla/5.0 (compatible; SemrushBot-BA; +http://www.semrush.com/bot.html)"
85.208.98.23 - - [13/May/2025:17:39:14 +0000] "GET /robots.txt HTTP/1.1" 301 247 "-" "Mozilla/5.0 (compatible; SemrushBot-BA; +http://www.semrush.com/bot.html)"
85.208.98.23 - - [13/May/2025:17:39:15 +0000] "GET /robots.txt HTTP/1.1" 301 243 "-" "Mozilla/5.0 (compatible; SemrushBot-BA; +http://www.semrush.com/bot.html)"
195.191.219.151 - - [13/May/2025:17:39:26 +0000] "GET /robots.txt HTTP/1.1" 301 247 "-" "Mozilla/5.0 (compatible; MJ12bot/v2.0.1; http://mj12bot.com/)"
195.191.219.151 - - [13/May/2025:17:39:26 +0000] "GET / HTTP/1.1" 301 237 "-" "Mozilla/5.0 (compatible; MJ12bot/v2.0.1; http://mj12bot.com/)"
195.191.219.153 - - [13/May/2025:17:39:58 +0000] "GET /robots.txt HTTP/1.1" 301 243 "-" "Mozilla/5.0 (compatible; MJ12bot/v2.0.1; http://mj12bot.com/)"
195.191.219.153 - - [13/May/2025:17:39:58 +0000] "GET / HTTP/1.1" 301 233 "-" "Mozilla/5.0 (compatible; MJ12bot/v2.0.1; http://mj12bot.com/)"
195.191.219.151 - - [13/May/2025:17:41:10 +0000] "GET /pages/11115-the-gap-partnership.html HTTP/1.1" 301 273 "-" "Mozilla/5.0 (compatible; MJ12bot/v2.0.1; http://mj12bot.com/)"
195.191.219.151 - - [13/May/2025:17:41:10 +0000] "GET /pages/14790-bella-bathrooms.html HTTP/1.1" 301 269 "-" "Mozilla/5.0 (compatible; MJ12bot/v2.0.1; http://mj12bot.com/)"
195.191.219.151 - - [13/May/2025:17:41:11 +0000] "GET /pages/17053-photos-by-abhi.html HTTP/1.1" 301 268 "-" "Mozilla/5.0 (compatible; MJ12bot/v2.0.1; http://mj12bot.com/)"
195.191.219.151 - - [13/May/2025:17:41:12 +0000] "GET /pages/27516--soul-desire.html HTTP/1.1" 301 266 "-" "Mozilla/5.0 (compatible; MJ12bot/v2.0.1; http://mj12bot.com/)"
195.191.219.151 - - [13/May/2025:17:41:13 +0000] "GET /pages/27750-stickershop.html HTTP/1.1" 301 265 "-" "Mozilla/5.0 (compatible; MJ12bot/v2.0.1; http://mj12bot.com/)"
195.191.219.151 - - [13/May/2025:17:41:14 +0000] "GET /pages/29931-visage-clinic.html HTTP/1.1" 301 267 "-" "Mozilla/5.0 (compatible; MJ12bot/v2.0.1; http://mj12bot.com/)"
85.25.43.167 - - [13/May/2025:17:41:44 +0000] "GET /robots.txt HTTP/1.1" 301 243 "-" "Apache-HttpClient/4.5.14 (Java/11.0.19)"
85.208.98.23 - - [13/May/2025:17:43:35 +0000] "GET /robots.txt HTTP/1.1" 301 247 "-" "Mozilla/5.0 (compatible; SemrushBot-BA; +http://www.semrush.com/bot.html)"
85.208.98.23 - - [13/May/2025:17:48:56 +0000] "GET /robots.txt HTTP/1.1" 301 243 "-" "Mozilla/5.0 (compatible; SemrushBot-BA; +http://www.semrush.com/bot.html)"
85.208.98.23 - - [13/May/2025:17:48:56 +0000] "GET /robots.txt HTTP/1.1" 301 247 "-" "Mozilla/5.0 (compatible; SemrushBot-BA; +http://www.semrush.com/bot.html)"
85.208.98.23 - - [13/May/2025:17:48:56 +0000] "GET /robots.txt HTTP/1.1" 301 247 "-" "Mozilla/5.0 (compatible; SemrushBot-BA; +http://www.semrush.com/bot.html)"
85.208.98.18 - - [13/May/2025:17:49:27 +0000] "GET /robots.txt HTTP/1.1" 301 247 "-" "Mozilla/5.0 (compatible; SemrushBot; +http://www.semrush.com/bot.html)"
85.208.98.18 - - [13/May/2025:17:50:54 +0000] "GET /robots.txt HTTP/1.1" 301 243 "-" "Mozilla/5.0 (compatible; SemrushBot; +http://www.semrush.com/bot.html)"
154.81.156.54 - - [13/May/2025:17:54:25 +0000] "GET / HTTP/1.1" 301 233 "-" "curl/7.81.0"
85.208.98.23 - - [13/May/2025:17:54:52 +0000] "GET /robots.txt HTTP/1.1" 301 247 "-" "Mozilla/5.0 (compatible; SemrushBot-BA; +http://www.semrush.com/bot.html)"
85.208.98.23 - - [13/May/2025:17:54:52 +0000] "GET /robots.txt HTTP/1.1" 301 243 "-" "Mozilla/5.0 (compatible; SemrushBot-BA; +http://www.semrush.com/bot.html)"
37.36.205.103 - - [13/May/2025:17:55:28 +0000] "GET / HTTP/1.1" 301 230 "-" "Hello-World/1.0"
85.208.98.23 - - [13/May/2025:17:56:19 +0000] "GET /robots.txt HTTP/1.1" 301 247 "-" "Mozilla/5.0 (compatible; SemrushBot-BA; +http://www.semrush.com/bot.html)"
185.218.84.178 - - [13/May/2025:18:00:24 +0000] "GET / HTTP/1.1" 301 230 "-" "Mozilla/5.0 (Windows NT 10.0; Win64; x64) AppleWebKit/537.36 (KHTML, like Gecko) Chrome/90.0.4430.85 Safari/537.36 Edg/90.0.818.46"
114.119.154.81 - - [13/May/2025:18:05:10 +0000] "GET /members/edit_2.html?adid=16443 HTTP/1.1" 301 267 "http://www.yellowleaf.co.uk/pages/16443-bristol-taxi.html" "Mozilla/5.0 (Linux; Android 7.0;) AppleWebKit/537.36 (KHTML, like Gecko) Mobile Safari/537.36 (compatible; PetalBot;+https://webmaster.petalsearch.com/site/petalbot)"
85.208.98.18 - - [13/May/2025:18:08:51 +0000] "GET /robots.txt HTTP/1.1" 301 247 "-" "Mozilla/5.0 (compatible; SemrushBot; +http://www.semrush.com/bot.html)"
185.191.171.7 - - [13/May/2025:18:09:10 +0000] "GET /pages/48287-repair-my-windows-and-doors-barking.html HTTP/1.1" 301 289 "-" "Mozilla/5.0 (compatible; SemrushBot/7~bl; +http://www.semrush.com/bot.html)"
141.98.11.82 - - [13/May/2025:18:09:49 +0000] "GET / HTTP/1.1" 301 230 "-" "Mozilla/5.0 (Windows NT 10.0; Win64; x64) AppleWebKit/537.36 (KHTML, like Gecko) Chrome/90.0.4430.85 Safari/537.36 Edg/90.0.818.46"
70.39.90.92 - - [13/May/2025:18:09:53 +0000] "GET /.env HTTP/1.1" 301 234 "-" "Mozilla/5.0; Keydrop.io/1.0(onlyscans.com/about);"
70.39.90.92 - - [13/May/2025:18:09:54 +0000] "GET /.git/config HTTP/1.1" 301 241 "-" "Mozilla/5.0; Keydrop.io/1.0(onlyscans.com/about);"
47.239.167.169 - - [13/May/2025:18:10:02 +0000] "HEAD /robots.txt HTTP/1.1" 301 - "-" "Mozilla/5.0 (Windows NT 10.0; Win64; x64) AppleWebKit/537.36 (KHTML, like Gecko) Chrome/79.0.3186.118 Safari/537.36"
47.239.167.169 - - [13/May/2025:18:10:03 +0000] "GET /robots.txt HTTP/1.1" 301 247 "-" "Mozilla/5.0 (Windows NT 10.0; Win64; x64) AppleWebKit/537.36 (KHTML, like Gecko) Chrome/79.0.3186.118 Safari/537.36"
185.218.86.4 - - [13/May/2025:18:15:45 +0000] "GET / HTTP/1.1" 301 230 "-" "Mozilla/5.0 (Windows NT 10.0; Win64; x64) AppleWebKit/537.36 (KHTML, like Gecko) Chrome/90.0.4430.85 Safari/537.36 Edg/90.0.818.46"
216.244.66.197 - - [13/May/2025:18:16:51 +0000] "GET /robots.txt HTTP/1.1" 301 247 "-" "Mozilla/5.0 (compatible; DotBot/1.2; +https://opensiteexplorer.org/dotbot; help@moz.com)"
216.244.66.197 - - [13/May/2025:18:16:51 +0000] "GET /robots.txt HTTP/1.1" 301 243 "-" "Mozilla/5.0 (compatible; DotBot/1.2; +https://opensiteexplorer.org/dotbot; help@moz.com)"
85.208.98.23 - - [13/May/2025:18:17:45 +0000] "GET /robots.txt HTTP/1.1" 301 243 "-" "Mozilla/5.0 (compatible; SemrushBot-BA; +http://www.semrush.com/bot.html)"
202.8.43.234 - - [13/May/2025:18:21:04 +0000] "GET / HTTP/1.1" 301 233 "-" "Mozilla/5.0 (compatible; AhrefsBot/7.0; +http://ahrefs.com/robot/)"
154.81.156.7 - - [13/May/2025:18:21:28 +0000] "GET / HTTP/1.1" 301 233 "-" "curl/7.81.0"
85.208.98.18 - - [13/May/2025:18:22:06 +0000] "GET /robots.txt HTTP/1.1" 301 247 "-" "Mozilla/5.0 (compatible; SemrushBot; +http://www.semrush.com/bot.html)"
85.208.98.23 - - [13/May/2025:18:23:22 +0000] "GET /robots.txt HTTP/1.1" 301 247 "-" "Mozilla/5.0 (compatible; SemrushBot-BA; +http://www.semrush.com/bot.html)"
85.208.98.23 - - [13/May/2025:18:23:22 +0000] "GET /robots.txt HTTP/1.1" 301 243 "-" "Mozilla/5.0 (compatible; SemrushBot-BA; +http://www.semrush.com/bot.html)"
85.208.98.23 - - [13/May/2025:18:25:05 +0000] "GET /robots.txt HTTP/1.1" 301 247 "-" "Mozilla/5.0 (compatible; SemrushBot-BA; +http://www.semrush.com/bot.html)"
51.75.116.202 - - [13/May/2025:18:27:48 +0000] "GET /robots.txt HTTP/1.1" 301 247 "-" "Mozilla/5.0 (compatible; MJ12bot/v1.4.8; http://mj12bot.com/)"
51.75.116.202 - - [13/May/2025:18:27:51 +0000] "GET /business/%E2%80%9Dhttp://www. HTTP/1.1" 301 265 "-" "Mozilla/5.0 (compatible; MJ12bot/v1.4.8; http://mj12bot.com/)"
37.139.53.179 - - [13/May/2025:18:28:25 +0000] "GET /support/ HTTP/1.0" 301 241 "http://yellowleaf.co.uk/support/" "Mozilla/5.0 (Windows NT 10.0; Win64; x64) AppleWebKit/537.36 (KHTML, like Gecko) Chrome/129.0.0.0 Safari/537.36"
85.208.98.18 - - [13/May/2025:18:30:20 +0000] "GET /robots.txt HTTP/1.1" 301 247 "-" "Mozilla/5.0 (compatible; SemrushBot; +http://www.semrush.com/bot.html)"
85.208.98.23 - - [13/May/2025:18:33:05 +0000] "GET /robots.txt HTTP/1.1" 301 247 "-" "Mozilla/5.0 (compatible; SemrushBot-BA; +http://www.semrush.com/bot.html)"
152.53.115.94 - - [13/May/2025:18:34:44 +0000] "GET /members/uploads/3/8122_3.jpg HTTP/1.1" 301 265 "-" "Mozilla/5.0 (Windows NT 10.0; Win64; x64) AppleWebKit/537.36 (KHTML, like Gecko) Chrome/100.0.5967.361 Safari/537.36"
85.208.98.23 - - [13/May/2025:18:40:29 +0000] "GET /robots.txt HTTP/1.1" 301 243 "-" "Mozilla/5.0 (compatible; SemrushBot-BA; +http://www.semrush.com/bot.html)"
85.208.98.23 - - [13/May/2025:18:40:29 +0000] "GET /robots.txt HTTP/1.1" 301 247 "-" "Mozilla/5.0 (compatible; SemrushBot-BA; +http://www.semrush.com/bot.html)"
85.208.98.23 - - [13/May/2025:18:43:34 +0000] "GET /robots.txt HTTP/1.1" 301 247 "-" "Mozilla/5.0 (compatible; SemrushBot-BA; +http://www.semrush.com/bot.html)"
57.141.0.27 - - [13/May/2025:18:43:43 +0000] "GET /pages/62171-garage-equipment-services-limited.html HTTP/1.1" 301 287 "-" "meta-externalagent/1.1 (+https://developers.facebook.com/docs/sharing/webmasters/crawler)"
85.208.98.18 - - [13/May/2025:18:43:56 +0000] "GET /robots.txt HTTP/1.1" 301 247 "-" "Mozilla/5.0 (compatible; SemrushBot; +http://www.semrush.com/bot.html)"
85.208.98.23 - - [13/May/2025:18:44:10 +0000] "GET /robots.txt HTTP/1.1" 301 247 "-" "Mozilla/5.0 (compatible; SemrushBot-BA; +http://www.semrush.com/bot.html)"
85.208.98.23 - - [13/May/2025:18:44:10 +0000] "GET /robots.txt HTTP/1.1" 301 243 "-" "Mozilla/5.0 (compatible; SemrushBot-BA; +http://www.semrush.com/bot.html)"
107.152.33.59 - - [13/May/2025:18:46:35 +0000] "GET /pages/33666-compare-boiler-cover.html HTTP/1.1" 301 274 "-" "Mozilla/5.0 (Macintosh; Intel Mac OS X 12_5) AppleWebKit/537.36 (KHTML, like Gecko) Chrome/114.0.0.0 Safari/537.36 OPR/89.0.4447.51"
208.100.26.243 - - [13/May/2025:18:51:01 +0000] "HEAD /core/misc/drupal.js HTTP/1.1" 301 - "-" "Mozilla/5.0 (Linux; Android 10; Pixel 2 XL Build/QQ3A.200705.002; wv) AppleWebKit/537.36 (KHTML, like Gecko) Version/4.0 Chrome/81.0.4044.138 Mobile Safari/537.36"
43.130.67.33 - - [13/May/2025:18:53:29 +0000] "GET / HTTP/1.1" 301 237 "-" "Mozilla/5.0 (iPhone; CPU iPhone OS 13_2_3 like Mac OS X) AppleWebKit/605.1.15 (KHTML, like Gecko) Version/13.0.3 Mobile/15E148 Safari/604.1"
85.208.98.18 - - [13/May/2025:18:56:48 +0000] "GET /robots.txt HTTP/1.1" 301 243 "-" "Mozilla/5.0 (compatible; SemrushBot; +http://www.semrush.com/bot.html)"
85.208.98.23 - - [13/May/2025:18:58:44 +0000] "GET /robots.txt HTTP/1.1" 301 243 "-" "Mozilla/5.0 (compatible; SemrushBot-BA; +http://www.semrush.com/bot.html)"
85.208.98.23 - - [13/May/2025:18:58:44 +0000] "GET /robots.txt HTTP/1.1" 301 247 "-" "Mozilla/5.0 (compatible; SemrushBot-BA; +http://www.semrush.com/bot.html)"
154.81.156.7 - - [13/May/2025:18:59:06 +0000] "GET / HTTP/1.1" 301 233 "-" "curl/7.81.0"
85.208.98.23 - - [13/May/2025:18:59:11 +0000] "GET /robots.txt HTTP/1.1" 301 247 "-" "Mozilla/5.0 (compatible; SemrushBot-BA; +http://www.semrush.com/bot.html)"
85.208.98.18 - - [13/May/2025:19:00:29 +0000] "GET /robots.txt HTTP/1.1" 301 243 "-" "Mozilla/5.0 (compatible; SemrushBot; +http://www.semrush.com/bot.html)"
109.236.93.77 - - [13/May/2025:19:00:52 +0000] "GET /pages/41675-stl-communications-ltd.html HTTP/1.0" 301 276 "-" "Mozilla/5.0 (Windows NT 10.0; Win64; x64) AppleWebKit/537.36 (KHTML, like Gecko) Chrome/118.0.0.0 Safari/537.36"
216.244.66.197 - - [13/May/2025:19:01:06 +0000] "GET /robots.txt HTTP/1.1" 301 243 "-" "Mozilla/5.0 (compatible; DotBot/1.2; +https://opensiteexplorer.org/dotbot; help@moz.com)"
216.244.66.197 - - [13/May/2025:19:01:06 +0000] "GET /robots.txt HTTP/1.1" 301 247 "-" "Mozilla/5.0 (compatible; DotBot/1.2; +https://opensiteexplorer.org/dotbot; help@moz.com)"
162.0.215.232 - - [13/May/2025:19:03:35 +0000] "GET / HTTP/1.1" 301 238 "-" "Mozilla/5.0 (Windows NT 10.0; Win64; x64) AppleWebKit/537.36 (KHTML, like Gecko) Chrome/113.0.5672.126 Safari/537.36 Edg/113.0.1774.50"
85.208.98.23 - - [13/May/2025:19:09:27 +0000] "GET /robots.txt HTTP/1.1" 301 243 "-" "Mozilla/5.0 (compatible; SemrushBot-BA; +http://www.semrush.com/bot.html)"
85.208.98.23 - - [13/May/2025:19:09:28 +0000] "GET /robots.txt HTTP/1.1" 301 247 "-" "Mozilla/5.0 (compatible; SemrushBot-BA; +http://www.semrush.com/bot.html)"
85.208.98.23 - - [13/May/2025:19:11:06 +0000] "GET /robots.txt HTTP/1.1" 301 247 "-" "Mozilla/5.0 (compatible; SemrushBot-BA; +http://www.semrush.com/bot.html)"
154.81.156.34 - - [13/May/2025:19:11:24 +0000] "GET / HTTP/1.1" 301 233 "-" "curl/7.81.0"
85.208.98.18 - - [13/May/2025:19:11:24 +0000] "GET /robots.txt HTTP/1.1" 301 243 "-" "Mozilla/5.0 (compatible; SemrushBot; +http://www.semrush.com/bot.html)"
136.243.228.182 - - [13/May/2025:19:12:16 +0000] "GET /robots.txt HTTP/1.1" 301 243 "-" "Mozilla/5.0 (compatible; DataForSeoBot/1.0; +https://dataforseo.com/dataforseo-bot)"
136.243.228.182 - - [13/May/2025:19:12:16 +0000] "GET /robots.txt HTTP/1.1" 301 243 "-" "Mozilla/5.0 (compatible; DataForSeoBot/1.0; +https://dataforseo.com/dataforseo-bot)"
136.243.228.182 - - [13/May/2025:19:12:16 +0000] "GET /sitemap.xml HTTP/1.1" 301 244 "-" "Mozilla/5.0 (compatible; DataForSeoBot/1.0; +https://dataforseo.com/dataforseo-bot)"
154.81.156.35 - - [13/May/2025:19:14:13 +0000] "GET / HTTP/1.1" 301 233 "-" "curl/7.81.0"
85.208.98.23 - - [13/May/2025:19:14:35 +0000] "GET /robots.txt HTTP/1.1" 301 243 "-" "Mozilla/5.0 (compatible; SemrushBot-BA; +http://www.semrush.com/bot.html)"
85.208.98.23 - - [13/May/2025:19:14:35 +0000] "GET /robots.txt HTTP/1.1" 301 247 "-" "Mozilla/5.0 (compatible; SemrushBot-BA; +http://www.semrush.com/bot.html)"
154.81.156.54 - - [13/May/2025:19:15:40 +0000] "GET / HTTP/1.1" 301 233 "-" "curl/7.81.0"
85.208.98.23 - - [13/May/2025:19:16:19 +0000] "GET /robots.txt HTTP/1.1" 301 247 "-" "Mozilla/5.0 (compatible; SemrushBot-BA; +http://www.semrush.com/bot.html)"
85.208.98.23 - - [13/May/2025:19:20:26 +0000] "GET /robots.txt HTTP/1.1" 301 247 "-" "Mozilla/5.0 (compatible; SemrushBot-BA; +http://www.semrush.com/bot.html)"
85.208.98.23 - - [13/May/2025:19:20:26 +0000] "GET /robots.txt HTTP/1.1" 301 243 "-" "Mozilla/5.0 (compatible; SemrushBot-BA; +http://www.semrush.com/bot.html)"
85.208.98.23 - - [13/May/2025:19:22:04 +0000] "GET /robots.txt HTTP/1.1" 301 247 "-" "Mozilla/5.0 (compatible; SemrushBot-BA; +http://www.semrush.com/bot.html)"
85.208.98.23 - - [13/May/2025:19:24:30 +0000] "GET /robots.txt HTTP/1.1" 301 243 "-" "Mozilla/5.0 (compatible; SemrushBot-BA; +http://www.semrush.com/bot.html)"
85.208.98.23 - - [13/May/2025:19:25:02 +0000] "GET /robots.txt HTTP/1.1" 301 247 "-" "Mozilla/5.0 (compatible; SemrushBot-BA; +http://www.semrush.com/bot.html)"
85.208.98.23 - - [13/May/2025:19:25:03 +0000] "GET /robots.txt HTTP/1.1" 301 243 "-" "Mozilla/5.0 (compatible; SemrushBot-BA; +http://www.semrush.com/bot.html)"
85.208.98.23 - - [13/May/2025:19:26:31 +0000] "GET /robots.txt HTTP/1.1" 301 243 "-" "Mozilla/5.0 (compatible; SemrushBot-BA; +http://www.semrush.com/bot.html)"
85.208.98.23 - - [13/May/2025:19:26:31 +0000] "GET /robots.txt HTTP/1.1" 301 247 "-" "Mozilla/5.0 (compatible; SemrushBot-BA; +http://www.semrush.com/bot.html)"
85.208.98.23 - - [13/May/2025:19:30:03 +0000] "GET /robots.txt HTTP/1.1" 301 247 "-" "Mozilla/5.0 (compatible; SemrushBot-BA; +http://www.semrush.com/bot.html)"
85.208.98.23 - - [13/May/2025:19:37:03 +0000] "GET /robots.txt HTTP/1.1" 301 247 "-" "Mozilla/5.0 (compatible; SemrushBot-BA; +http://www.semrush.com/bot.html)"
85.208.98.23 - - [13/May/2025:19:37:04 +0000] "GET /robots.txt HTTP/1.1" 301 243 "-" "Mozilla/5.0 (compatible; SemrushBot-BA; +http://www.semrush.com/bot.html)"
85.208.98.23 - - [13/May/2025:19:37:42 +0000] "GET /robots.txt HTTP/1.1" 301 247 "-" "Mozilla/5.0 (compatible; SemrushBot-BA; +http://www.semrush.com/bot.html)"
58.141.235.235 - - [13/May/2025:19:38:33 +0000] "GET / HTTP/1.0" 301 233 "-" "curl/7.88.1"
85.208.98.19 - - [13/May/2025:19:39:12 +0000] "GET /pages/7775-crunch-accounting.html HTTP/1.1" 301 270 "-" "Mozilla/5.0 (compatible; SemrushBot-BA; +http://www.semrush.com/bot.html)"
154.81.156.7 - - [13/May/2025:19:39:58 +0000] "GET / HTTP/1.1" 301 233 "-" "curl/7.81.0"
85.208.98.23 - - [13/May/2025:19:40:07 +0000] "GET /robots.txt HTTP/1.1" 301 247 "-" "Mozilla/5.0 (compatible; SemrushBot-BA; +http://www.semrush.com/bot.html)"
85.208.98.22 - - [13/May/2025:19:40:29 +0000] "GET /pages/775-crunch-accounting.html HTTP/1.1" 301 269 "-" "Mozilla/5.0 (compatible; SemrushBot-BA; +http://www.semrush.com/bot.html)"
85.208.98.23 - - [13/May/2025:19:40:48 +0000] "GET /robots.txt HTTP/1.1" 301 247 "-" "Mozilla/5.0 (compatible; SemrushBot-BA; +http://www.semrush.com/bot.html)"
95.214.53.32 - - [13/May/2025:19:42:56 +0000] "GET /? HTTP/1.1" 301 234 "-" "Go-http-client/1.1"
216.244.66.197 - - [13/May/2025:19:45:43 +0000] "GET /robots.txt HTTP/1.1" 301 243 "-" "Mozilla/5.0 (compatible; DotBot/1.2; +https://opensiteexplorer.org/dotbot; help@moz.com)"
216.244.66.197 - - [13/May/2025:19:45:43 +0000] "GET /robots.txt HTTP/1.1" 301 247 "-" "Mozilla/5.0 (compatible; DotBot/1.2; +https://opensiteexplorer.org/dotbot; help@moz.com)"
85.208.98.23 - - [13/May/2025:19:45:44 +0000] "GET /robots.txt HTTP/1.1" 301 247 "-" "Mozilla/5.0 (compatible; SemrushBot-BA; +http://www.semrush.com/bot.html)"
85.208.98.23 - - [13/May/2025:19:45:44 +0000] "GET /robots.txt HTTP/1.1" 301 243 "-" "Mozilla/5.0 (compatible; SemrushBot-BA; +http://www.semrush.com/bot.html)"
4.227.36.65 - - [13/May/2025:19:46:14 +0000] "GET /robots.txt HTTP/1.1" 301 247 "-" "Mozilla/5.0 AppleWebKit/537.36 (KHTML, like Gecko; compatible; GPTBot/1.2; +https://openai.com/gptbot)"
87.4.27.119 - - [13/May/2025:19:47:12 +0000] "GET / HTTP/1.0" 301 233 "-" "curl/7.88.1"
